096
CXUS51 KBTV 010700
CF6RUT
PRELIMINARY LOCAL CLIMATOLOGICAL DATA (WS FORM: F-6)
STATION: RUTLAND VT
MONTH: SEPTEMBER
YEAR: 2020
LATITUDE: 43 31 N
LONGITUDE: 72 57 W
TEMPERATURE IN F: :PCPN: SNOW: WIND :SUNSHINE: SKY :PK WND
================================================================================
1 2 3 4 5 6A 6B 7 8 9 10 11 12 13 14 15 16 17 18
12Z AVG MX 2MIN
DY MAX MIN AVG DEP HDD CDD WTR SNW DPTH SPD SPD DIR MIN PSBL S-S WX SPD DR
================================================================================
1 74 51 63 M 2 0 0.00 M M 9.4 17 120 M M 7 25 150
2 72 61 67 M 0 2 0.12 M M 11.9 18 120 M M 9 1 25 120
3 75 57 66 M 0 1 0.36 M M 3.5 10 120 M M 4 12 20 330
4 74 52 63 M 2 0 0.00 M M 6.0 13 280 M M 3 18 280
5 71 47 59 M 6 0 T M M 5.5 15 240 M M 4 20 240
6 73 53 63 M 2 0 0.00 M M 6.3 14 120 M M 3 M M
7 80 57 69 M 0 4 0.00 M M 11.9 20 190 M M 4 32 190
8 82 58 70 M 0 5 0.00 M M 4.5 12 110 M M 1 M M
9 84 61 73 M 0 8 0.00 M M 2.7 8 140 M M 4 1 M M
10 81 59 70 M 0 5 0.00 M M 4.4 13 350 M M 7 12 M M
11 62 44 53 M 12 0 0.00 M M 8.4 13 330 M M 5 18 330
12 71 40 56 M 9 0 0.00 M M 5.5 14 130 M M 0 1 M M
13 76 51 64 M 1 0 T M M 9.6 18 160 M M 3 26 160
14 67 42 55 M 10 0 0.00 M M 8.9 16 270 M M 4 21 270
15 61 37 49 M 16 0 0.00 M M 4.1 10 120 M M 0 M M
16 73 41 57 M 8 0 0.00 M M 6.7 13 120 M M 0 M M
17 62 49 56 M 9 0 0.03 M M 3.5 9 10 M M 8 1 M M
18 59 35 47 M 18 0 0.00 M M 6.5 16 330 M M 4 25 310
19 55 29 42 M 23 0 0.00 M M 5.7 13 350 M M 0 18 340
20 59 30 45 M 20 0 0.00 M M 7.2 14 320 M M 1 20 320
21 63 29 46 M 19 0 0.00 M M 5.0 12 120 M M 0 M M
22 62 31 47 M 18 0 0.00 M M 7.1 16 330 M M 0 24 330
23 73 39 56 M 9 0 0.00 M M 4.5 14 330 M M 4 18 330
24 75 49 62 M 3 0 0.00 M M 6.0 12 120 M M 1 M M
25 78 51 65 M 0 0 0.00 M M 5.1 13 130 M M 3 1 M M
26 79 55 67 M 0 2 0.00 M M 7.0 14 190 M M 3 18 190
27 77 66 72 M 0 7 0.00 M M 6.9 12 120 M M 7 M M
28 79 65 72 M 0 7 T M M 9.8 15 180 M M 7 25 180
29 80 60 70 M 0 5 0.42 M M 9.4 16 190 M M 7 1 26 200
30 63 51 57 M 8 0 1.58 M M 7.0 13 340 M M 6 1 20 210
================================================================================
SM 2140 1450 195 46 2.51 M 200.0 M 109
================================================================================
AV 71.3 48.3 6.7 FASTST M M 4 MAX(MPH)
MISC ----> 20 190 32 190
================================================================================
NOTES:
# LAST OF SEVERAL OCCURRENCES
COLUMN 17 PEAK WIND IN M.P.H.
PRELIMINARY LOCAL CLIMATOLOGICAL DATA (WS FORM: F-6) , PAGE 2
STATION: RUTLAND VT
MONTH: SEPTEMBER
YEAR: 2020
LATITUDE: 43 31 N
LONGITUDE: 72 57 W
[TEMPERATURE DATA] [PRECIPITATION DATA] SYMBOLS USED IN COLUMN 16
AVERAGE MONTHLY: 59.8 TOTAL FOR MONTH: 2.51 1 = FOG OR MIST
DPTR FM NORMAL: 0.0 DPTR FM NORMAL: M 2 = FOG REDUCING VISIBILITY
HIGHEST: 84 ON 9 GRTST 24HR 1.58 ON 30-30 TO 1/4 MILE OR LESS
LOWEST: 29 ON 21,19 3 = THUNDER
SNOW, ICE PELLETS, HAIL 4 = ICE PELLETS
TOTAL MONTH: M 5 = HAIL
GRTST 24HR M ON M 6 = FREEZING RAIN OR DRIZZLE
GRTST DEPTH: M ON M 7 = DUSTSTORM OR SANDSTORM:
VSBY 1/2 MILE OR LESS
8 = SMOKE OR HAZE
[NO. OF DAYS WITH] [WEATHER - DAYS WITH] 9 = BLOWING SNOW
X = TORNADO
MAX 32 OR BELOW: 0 0.01 INCH OR MORE: 5
MAX 90 OR ABOVE: 0 0.10 INCH OR MORE: 4
MIN 32 OR BELOW: 4 0.50 INCH OR MORE: 1
MIN 0 OR BELOW: 0 1.00 INCH OR MORE: 1
[HDD (BASE 65) ]
TOTAL THIS MO. 195 CLEAR (SCALE 0-3) 12
DPTR FM NORMAL M PTCLDY (SCALE 4-7) 17
TOTAL FM JUL 1 233 CLOUDY (SCALE 8-10) 1
DPTR FM NORMAL M
[CDD (BASE 65) ]
TOTAL THIS MO. 46
DPTR FM NORMAL M [PRESSURE DATA]
TOTAL FM JAN 1 580 HIGHEST SLP M ON M
DPTR FM NORMAL M LOWEST SLP M ON M
[REMARKS]
#FINAL-09-20#