000
CXUS53 KMPX 042105
CF6RWF
PRELIMINARY LOCAL CLIMATOLOGICAL DATA (WS FORM: F-6)
STATION: REDWOOD FALLS MN
MONTH: MARCH
YEAR: 2023
LATITUDE: 44 32 N
LONGITUDE: 95 5 W
TEMPERATURE IN F: :PCPN: SNOW: WIND :SUNSHINE: SKY :PK WND
================================================================================
1 2 3 4 5 6A 6B 7 8 9 10 11 12 13 14 15 16 17 18
12Z AVG MX 2MIN
DY MAX MIN AVG DEP HDD CDD WTR SNW DPTH SPD SPD DIR MIN PSBL S-S WX SPD DR
================================================================================
1 37 8 23 -1 42 0 0.00 M M 13.9 22 120 M M 10 18 34 110
2 27 2 15 -10 50 0 0.00 M M 8.8 16 150 M M 6 18 21 140
3 37 22 30 5 35 0 0.00 M M 7.7 16 160 M M 6 128 21 160
4 34 24 29 3 36 0 0.00 M M 9.2 21 280 M M 3 25 280
5 36 17 27 1 38 0 0.00 M M 9.0 21 70 M M 6 12 30 80
6 35 9 22 -4 43 0 0.35 M M 10.7 17 350 M M 8 1 27 330
7 34 6 20 -7 45 0 0.00 M M 6.5 13 290 M M 8 16 310
8 33 21 27 -1 38 0 0.00 M M 4.0 9 280 M M 10 18 12 90
9 33 29 31 3 34 0 0.06 M M 7.7 15 70 M M 10 18 24 70
10 31 27 29 1 36 0 0.25 M M 5.8 12 90 M M 10 1 17 60
11 33 26 30 1 35 0 T M M 13.8 24 120 M M 9 128 33 120
12 30 20 25 -5 40 0 0.11 M M 17.0 28 300 M M 9 18 39 290
13 25 6 16 -14 49 0 0.00 M M 7.3 15 310 M M 1 21 310
14 29 -3 13 -17 52 0 0.00 M M 15.1 28 130 M M 2 12 38 130
15 39 25 32 1 33 0 0.00 M M 11.7 18 150 M M 0 18 26 140
16 38 13 26 -6 39 0 T M M 19.0 32 310 M M 6 1289 51 310
17 13 4 9 -23 56 0 0.58 M M 20.7 30 290 M M 4 8 42 300
18 18 5 12 -20 53 0 T M M 17.4 24 290 M M 3 18 37 300
19 39 2 21 -12 44 0 0.00 M M 10.4 25 210 M M 0 36 210
20 35 12 24 -10 41 0 0.00 M M 7.8 13 360 M M 0 21 60
21 38 21 30 -4 35 0 0.00 M M 10.4 17 80 M M 6 18 27 70
22 38 24 31 -3 34 0 0.04 M M 13.3 25 280 M M 8 1 32 270
23 31 18 25 -10 40 0 0.00 M M 6.2 12 300 M M 0 17 300
24 36 13 25 -11 40 0 0.00 M M 4.9 12 130 M M 4 1 14 100
25 40 23 32 -4 33 0 0.00 M M 8.2 18 310 M M 6 18 26 310
26 29 14 22 -14 43 0 0.00 M M 10.8 16 310 M M 0 24 300
27 28 11 20 -17 45 0 0.00 M M 9.9 16 320 M M 2 8 22 290
28 32 5 19 -18 46 0 0.00 M M 12.2 22 210 M M 2 30 320
29 24 2 13 -25 52 0 0.00 M M 5.1 14 320 M M 0 22 310
30 35 11 23 -15 42 0 0.00 M M 9.5 20 70 M M 8 1 27 60
31 34 29 32 -7 33 0 0.06 M M 12.3 25 360 M M 10 123 42 20
================================================================================
SM 1001 446 1282 0 1.45 M 326.3 M 157
================================================================================
AV 32.3 14.4 10.5 FASTST M M 5 MAX(MPH)
MISC ----> 32 310 51 310
================================================================================
NOTES:
# LAST OF SEVERAL OCCURRENCES
COLUMN 17 PEAK WIND IN M.P.H.
PRELIMINARY LOCAL CLIMATOLOGICAL DATA (WS FORM: F-6) , PAGE 2
STATION: REDWOOD FALLS MN
MONTH: MARCH
YEAR: 2023
LATITUDE: 44 32 N
LONGITUDE: 95 5 W
[TEMPERATURE DATA] [PRECIPITATION DATA] SYMBOLS USED IN COLUMN 16
AVERAGE MONTHLY: 23.3 TOTAL FOR MONTH: 1.45 1 = FOG OR MIST
DPTR FM NORMAL: -8.2 DPTR FM NORMAL: -0.05 2 = FOG REDUCING VISIBILITY
HIGHEST: 40 ON 25 GRTST 24HR 0.58 ON 17-17 TO 1/4 MILE OR LESS
LOWEST: -3 ON 14 3 = THUNDER
SNOW, ICE PELLETS, HAIL 4 = ICE PELLETS
TOTAL MONTH: M 5 = HAIL
GRTST 24HR M ON M 6 = FREEZING RAIN OR DRIZZLE
GRTST DEPTH: M ON M 7 = DUSTSTORM OR SANDSTORM:
VSBY 1/2 MILE OR LESS
8 = SMOKE OR HAZE
[NO. OF DAYS WITH] [WEATHER - DAYS WITH] 9 = BLOWING SNOW
X = TORNADO
MAX 32 OR BELOW: 12 0.01 INCH OR MORE: 7
MAX 90 OR ABOVE: 0 0.10 INCH OR MORE: 4
MIN 32 OR BELOW: 31 0.50 INCH OR MORE: 1
MIN 0 OR BELOW: 1 1.00 INCH OR MORE: 0
[HDD (BASE 65) ]
TOTAL THIS MO. 1282 CLEAR (SCALE 0-3) 11
DPTR FM NORMAL 243 PTCLDY (SCALE 4-7) 10
TOTAL FM JUL 1 7108 CLOUDY (SCALE 8-10) 10
DPTR FM NORMAL 153
[CDD (BASE 65) ]
TOTAL THIS MO. 0
DPTR FM NORMAL 0 [PRESSURE DATA]
TOTAL FM JAN 1 0 HIGHEST SLP 30.57 ON 7
DPTR FM NORMAL 0 LOWEST SLP 29.32 ON 31
[REMARKS]
#FINAL-03-23#
THE PRECIPITATION VALUES DURING THE MONTH ARE FROM
COCORAHS STATION MN-RW-14 WITH AN OBSERVATION
TIME OF 7 AM.