909
CXUS55 KCYS 111736
CF6RWL
PRELIMINARY LOCAL CLIMATOLOGICAL DATA (WS FORM: F-6) ...CORRECTED...
STATION: RAWLINS WYOMING AIRPORT
MONTH: AUGUST
YEAR: 2020
LATITUDE: 41 47 N
LONGITUDE: 107 12 W
TEMPERATURE IN F: :PCPN: SNOW: WIND :SUNSHINE: SKY :PK WND
================================================================================
1 2 3 4 5 6A 6B 7 8 9 10 11 12 13 14 15 16 17 18
12Z AVG MX 2MIN
DY MAX MIN AVG DEP HDD CDD WTR SNW DPTH SPD SPD DIR MIN PSBL S-S WX SPD DR
================================================================================
1 89 47 68 0 0 3 T M M 6.1 38 300 M M 1 3 50 300
2 91 51 71 3 0 6 T M M 7.4 36 350 M M 1 3 61 340
3 92 51 72 4 0 7 T M M 6.4 29 360 M M 0 39 340
4 90 53 72 5 0 7 T M M 8.1 23 360 M M 1 3 31 10
5 90 54 72 5 0 7 0.00 M M 7.4 22 60 M M 0 32 60
6 90 53 72 5 0 7 0.00 M M 10.8 31 190 M M 0 49 210
7 90 55 73 6 0 8 0.00 M M 11.8 24 220 M M 0 35 260
8 88 49 69 2 0 4 0.00 M M 7.6 25 240 M M 0 34 250
9 90 45 68 1 0 3 0.00 M M 9.8 28 270 M M 0 40 240
10 90 45 68 1 0 3 0.00 M M 8.2 25 310 M M 0 37 240
11 90 51 71 5 0 6 0.00 M M 11.1 36 270 M M 0 54 290
12 88 46 67 1 0 2 0.00 M M 9.3 36 280 M M 0 47 280
13 89 47 68 2 0 3 0.00 M M 9.7 26 240 M M 0 40 270
14 86 48 67 1 0 2 0.00 M M 12.8 31 270 M M 0 48 260
15 87 47 67 1 0 2 0.00 M M 6.1 16 240 M M 0 22 240
16 91 45 68 2 0 3 0.00 M M 6.1 14 60 M M 0 21 60
17 92 49 71 6 0 6 0.00 M M 5.1 18 330 M M 0 23 340
18 93 48 71 6 0 6 T M M 5.5 39 290 M M 0 55 290
19 90 53 72 7 0 7 0.00 M M 9.4 26 330 M M 1 35 330
20 89 52 71 6 0 6 T M M 8.0 45 240 M M 0 38 63 250
21 89 46 68 4 0 3 0.00 M M 6.8 21 280 M M 0 8 31 280
22 92 46 69 5 0 4 0.00 M M 4.7 18 310 M M 0 8 33 310
23 94 51 73 9 0 8 T M M 7.7 32 360 M M 1 48 10
24 91 54 73 9 0 8 0.00 M M 5.2 24 300 M M 1 35 300
25 90 59 75 12 0 10 T M M 8.9 25 250 M M 1 3 38 240
26 89 57 73 10 0 8 T M M 7.8 17 260 M M 1 27 260
27 91 53 72 9 0 7 0.01 M M 8.4 41 260 M M 1 38 56 260
28 83 53 68 6 0 3 T M M 9.4 17 30 M M 1 28 40
29 84 47 66 4 0 1 T M M 12.5 39 240 M M 1 3 58 240
30 84 42 63 1 2 0 0.00 M M 19.4 38 280 M M 0 54 270
31 72 34 53 -9 12 0 0.01 M M 11.3 30 260 M M 4 42 250
================================================================================
SM 2754 1531 14 150 0.02 M 268.8 M 15
================================================================================
AV 88.8 49.4 8.7 FASTST M M 0 MAX(MPH)
MISC ----> # 45 240 # 63 250
================================================================================
NOTES:
# LAST OF SEVERAL OCCURRENCES
COLUMN 17 PEAK WIND IN M.P.H.
PRELIMINARY LOCAL CLIMATOLOGICAL DATA (WS FORM: F-6) , PAGE 2
STATION: RAWLINS WYOMING AIRPORT
MONTH: AUGUST
YEAR: 2020
LATITUDE: 41 47 N
LONGITUDE: 107 12 W
[TEMPERATURE DATA] [PRECIPITATION DATA] SYMBOLS USED IN COLUMN 16
AVERAGE MONTHLY: 69.1 TOTAL FOR MONTH: 0.02 1 = FOG OR MIST
DPTR FM NORMAL: 3.9 DPTR FM NORMAL: -0.74 2 = FOG REDUCING VISIBILITY
HIGHEST: 94 ON 23 GRTST 24HR 0.01 ON 31-31 TO 1/4 MILE OR LESS
LOWEST: 34 ON 31 3 = THUNDER
SNOW, ICE PELLETS, HAIL 4 = ICE PELLETS
TOTAL MONTH: M 5 = HAIL
GRTST 24HR M ON M 6 = FREEZING RAIN OR DRIZZLE
GRTST DEPTH: M ON M 7 = DUSTSTORM OR SANDSTORM:
VSBY 1/2 MILE OR LESS
8 = SMOKE OR HAZE
[NO. OF DAYS WITH] [WEATHER - DAYS WITH] 9 = BLOWING SNOW
X = TORNADO
MAX 32 OR BELOW: 0 0.01 INCH OR MORE: 2
MAX 90 OR ABOVE: 18 0.10 INCH OR MORE: 0
MIN 32 OR BELOW: 0 0.50 INCH OR MORE: 0
MIN 0 OR BELOW: 0 1.00 INCH OR MORE: 0
[HDD (BASE 65) ]
TOTAL THIS MO. 14 CLEAR (SCALE 0-3) 30
DPTR FM NORMAL -44 PTCLDY (SCALE 4-7) 1
TOTAL FM JUL 1 22 CLOUDY (SCALE 8-10) 0
DPTR FM NORMAL -71
[CDD (BASE 65) ]
TOTAL THIS MO. 150
DPTR FM NORMAL 86 [PRESSURE DATA]
TOTAL FM JAN 1 311 HIGHEST SLP 30.22 ON 17
DPTR FM NORMAL 130 LOWEST SLP 29.57 ON 30
[REMARKS]
AVERAGE TEMPERATURE 69.1 DEGREES TIED 2ND WARMEST FOR AUGUST.
MONTHLY PRECIPITATION 0.02 INCH IS 2ND DRIEST FOR AUGUST.
#FINAL-08-20#