000
CXUS54 KEWX 011010
CF6RYW
PRELIMINARY LOCAL CLIMATOLOGICAL DATA (WS FORM: F-6)
STATION: LAGO VISTA
MONTH: SEPTEMBER
YEAR: 2020
LATITUDE: 30 30 N
LONGITUDE: 97 58 W
TEMPERATURE IN F: :PCPN: SNOW: WIND :SUNSHINE: SKY :PK WND
================================================================================
1 2 3 4 5 6A 6B 7 8 9 10 11 12 13 14 15 16 17 18
12Z AVG MX 2MIN
DY MAX MIN AVG DEP HDD CDD WTR SNW DPTH SPD SPD DIR MIN PSBL S-S WX SPD DR
================================================================================
1 94 79 87 M 0 22 0.00 M M 8.5 12 210 M M 8 21 180
2 84 72 78 M 0 13 0.01 M M 8.7 14 100 M M 9 21 40
3 85 73 79 M 0 14 0.01 M M 5.7 12 20 M M 5 3 17 20
4 80 70 75 M 0 10 0.29 M M 4.6 9 110 M M 7 13 20 110
5 90 71 81 M 0 16 0.00 M M 5.8 9 70 M M 4 3 M M
6 92 69 81 M 0 16 0.00 M M 3.3 8 140 M M 2 M M
7 93 71 82 M 0 17 0.00 M M 5.2 13 170 M M 1 17 170
8 86 72 79 M 0 14 0.03 M M 6.8 12 110 M M 7 18 110
9 80 55 68 M 0 3 1.72 M M 7.0 12 270 M M 10 13 17 120
10 63 54 59 M 6 0 0.01 M M 6.4 12 330 M M 10 1 M M
11 79 58 69 M 0 4 0.00 M M 5.4 9 300 M M 6 1 M M
12 90 65 78 M 0 13 0.00 M M 2.9 7 50 M M 3 M M
13 90 71 81 M 0 16 0.00 M M 7.9 10 40 M M 2 17 30
14 88 68 78 M 0 13 0.00 M M 8.9 13 40 M M 3 21 40
15 88 70 79 M 0 14 0.00 M M 5.2 8 360 M M 5 M M
16 90 71 81 M 0 16 0.00 M M 5.9 10 40 M M 2 M M
17 86 69 78 M 0 13 0.01 M M 7.0 13 20 M M 4 3 18 20
18 85 68 77 M 0 12 0.00 M M 7.5 12 40 M M 2 20 40
19 81 63 72 M 0 7 0.00 M M 7.5 10 20 M M 2 18 20
20 82 58 70 M 0 5 0.14 M M 8.5 12 40 M M 3 1 20 20
21 68 64 66 M 0 1 0.75 M M 9.7 13 30 M M 10 1 20 40
22 72 65 69 M 0 4 0.68 M M 9.4 15 20 M M 10 1 21 20
23 72 67 70 M 0 5 0.00 M M 4.6 8 350 M M 10 M M
24 79 63 71 M 0 6 0.00 M M 3.4 7 20 M M 6 M M
25 85 61 73 M 0 8 0.00 M M 3.8 8 210 M M 2 M M
26 86 67 77 M 0 12 0.00 M M 6.4 10 150 M M 4 21 150
27 89 73 81 M 0 16 0.00 M M 10.6 15 200 M M 6 24 190
28 78 61 70 M 0 5 0.00 M M 11.3 17 350 M M 6 31 350
29 79 53 66 M 0 1 0.00 M M 5.2 9 20 M M 0 M M
30 86 55 71 M 0 6 0.00 M M 5.8 8 270 M M 0 M M
================================================================================
SM 2500 1976 6 302 3.65 M 198.9 M 149
================================================================================
AV 83.3 65.9 6.6 FASTST M M 5 MAX(MPH)
MISC ----> # 17 350 # 31 350
================================================================================
NOTES:
# LAST OF SEVERAL OCCURRENCES
COLUMN 17 PEAK WIND IN M.P.H.
PRELIMINARY LOCAL CLIMATOLOGICAL DATA (WS FORM: F-6) , PAGE 2
STATION: LAGO VISTA
MONTH: SEPTEMBER
YEAR: 2020
LATITUDE: 30 30 N
LONGITUDE: 97 58 W
[TEMPERATURE DATA] [PRECIPITATION DATA] SYMBOLS USED IN COLUMN 16
AVERAGE MONTHLY: 74.6 TOTAL FOR MONTH: 3.65 1 = FOG OR MIST
DPTR FM NORMAL: M DPTR FM NORMAL: M 2 = FOG REDUCING VISIBILITY
HIGHEST: 94 ON 1 GRTST 24HR 1.72 ON 9- 9 TO 1/4 MILE OR LESS
LOWEST: 53 ON 29 3 = THUNDER
SNOW, ICE PELLETS, HAIL 4 = ICE PELLETS
TOTAL MONTH: M 5 = HAIL
GRTST 24HR M ON M 6 = FREEZING RAIN OR DRIZZLE
GRTST DEPTH: M ON M 7 = DUSTSTORM OR SANDSTORM:
VSBY 1/2 MILE OR LESS
8 = SMOKE OR HAZE
[NO. OF DAYS WITH] [WEATHER - DAYS WITH] 9 = BLOWING SNOW
X = TORNADO
MAX 32 OR BELOW: 0 0.01 INCH OR MORE: 10
MAX 90 OR ABOVE: 7 0.10 INCH OR MORE: 5
MIN 32 OR BELOW: 0 0.50 INCH OR MORE: 3
MIN 0 OR BELOW: 0 1.00 INCH OR MORE: 1
[HDD (BASE 65) ]
TOTAL THIS MO. 6 CLEAR (SCALE 0-3) 12
DPTR FM NORMAL M PTCLDY (SCALE 4-7) 12
TOTAL FM JUL 1 6 CLOUDY (SCALE 8-10) 6
DPTR FM NORMAL M
[CDD (BASE 65) ]
TOTAL THIS MO. 302
DPTR FM NORMAL M [PRESSURE DATA]
TOTAL FM JAN 1 2646 HIGHEST SLP M ON M
DPTR FM NORMAL M LOWEST SLP M ON M
[REMARKS]
#FINAL-09-20#