000
CXUS56 KSTO 011300
CF6SAC
PRELIMINARY LOCAL CLIMATOLOGICAL DATA (WS FORM: F-6)
STATION: SACRAMENTO EXEC. AIRPORT CA
MONTH: MARCH
YEAR: 2023
LATITUDE: 38 31 N
LONGITUDE: 121 30 W
TEMPERATURE IN F: :PCPN: SNOW: WIND :SUNSHINE: SKY :PK WND
================================================================================
1 2 3 4 5 6A 6B 7 8 9 10 11 12 13 14 15 16 17 18
12Z AVG MX 2MIN
DY MAX MIN AVG DEP HDD CDD WTR SNW DPTH SPD SPD DIR MIN PSBL S-S WX SPD DR
================================================================================
1 55 35 45 -9 20 0 0.00 M M 15.0 29 340 M M 0 36 340
2 57 35 46 -8 19 0 0.00 M M 5.9 12 310 M M 0 16 300
3 60 35 48 -6 17 0 0.00 M M 4.8 12 210 M M 0 17 210
4 53 44 49 -5 16 0 0.14 M M 10.6 26 230 M M 4 1 36 230
5 54 40 47 -7 18 0 0.29 M M 8.7 25 190 M M 5 1 35 190
6 53 38 46 -8 19 0 0.09 M M 5.3 18 270 M M 5 1 23 270
7 56 37 47 -7 18 0 0.01 M M 5.7 14 210 M M 3 19 210
8 56 42 49 -6 16 0 0.11 M M 6.3 13 230 M M 5 19 140
9 52 39 46 -9 19 0 0.62 0.0 M 11.1 28 140 M M 8 1 43 140
10 60 50 55 0 10 0 0.42 M M 9.2 26 140 M M 7 1 40 150
11 54 48 51 -4 14 0 0.18 M M 2.4 13 290 M M 10 1 16 280
12 60 53 57 2 8 0 0.49 M M 6.3 15 150 M M 9 1 22 150
13 68 53 61 6 4 0 0.07 M M 6.1 16 230 M M 8 13 20 220
14 65 46 56 1 9 0 0.56 M M 15.1 30 130 M M 8 18 47 120
15 63 38 51 -4 14 0 0.00 M M 7.5 18 290 M M 2 1 23 290
16 64 38 51 -4 14 0 0.00 M M 3.0 12 320 M M 0 15 320
17 68 39 54 -2 11 0 0.00 M M 3.5 14 310 M M 0 1 16 320
18 65 42 54 -2 11 0 T M M 3.0 17 140 M M 0 24 170
19 61 51 56 0 9 0 0.35 M M 7.7 20 150 M M 9 1 30 170
20 59 47 53 -3 12 0 0.00 M M 7.4 16 200 M M 3 22 200
21 61 47 54 -2 11 0 0.67 M M 9.5 29 130 M M 9 123 45 120
22 59 48 54 -2 11 0 0.19 0.0 M 8.3 21 130 M M 10 1 29 120
23 61 45 53 -3 12 0 0.00 0.0 M 7.8 20 220 M M 4 26 220
24 60 37 49 -7 16 0 0.00 M M 7.5 16 310 M M 2 21 310
25 61 41 51 -5 14 0 0.00 M M 10.5 24 340 M M 0 33 350
26 59 37 48 -8 17 0 0.00 M M 7.5 20 300 M M 0 26 300
27 63 33 48 -8 17 0 0.00 M M 4.3 14 220 M M 1 20 150
28 51 45 48 -9 17 0 0.85 M M 5.6 18 330 M M 9 1 25 330
29 M M M M M M M M M 12.1 23 130 M M 5 18 33 130
30 58 43 51 -6 14 0 0.00 M M 6.3 12 200 M M 3 16 210
31 M M M M M M M M M 6.6 9 200 M M 2 9 200
================================================================================
SM 1716 1226 407 0 5.04 0.0 230.6 M 131
================================================================================
AV 59.2 42.3 7.4 FASTST M M 4 MAX(MPH)
MISC ----> 30 130 47 120
================================================================================
NOTES:
# LAST OF SEVERAL OCCURRENCES
COLUMN 17 PEAK WIND IN M.P.H.
PRELIMINARY LOCAL CLIMATOLOGICAL DATA (WS FORM: F-6) , PAGE 2
STATION: SACRAMENTO EXEC. AIRPORT CA
MONTH: MARCH
YEAR: 2023
LATITUDE: 38 31 N
LONGITUDE: 121 30 W
[TEMPERATURE DATA] [PRECIPITATION DATA] SYMBOLS USED IN COLUMN 16
AVERAGE MONTHLY: 50.7 TOTAL FOR MONTH: 5.04 1 = FOG OR MIST
DPTR FM NORMAL: -4.7 DPTR FM NORMAL: 2.36 2 = FOG REDUCING VISIBILITY
HIGHEST: 68 ON 17,13 GRTST 24HR 1.03 ON 9-10 TO 1/4 MILE OR LESS
LOWEST: 33 ON 27 3 = THUNDER
SNOW, ICE PELLETS, HAIL 4 = ICE PELLETS
TOTAL MONTH: 0.0 INCH 5 = HAIL
GRTST 24HR 0.0 6 = FREEZING RAIN OR DRIZZLE
GRTST DEPTH: M ON M 7 = DUSTSTORM OR SANDSTORM:
VSBY 1/2 MILE OR LESS
8 = SMOKE OR HAZE
[NO. OF DAYS WITH] [WEATHER - DAYS WITH] 9 = BLOWING SNOW
X = TORNADO
MAX 32 OR BELOW: 0 0.01 INCH OR MORE: 15
MAX 90 OR ABOVE: 0 0.10 INCH OR MORE: 12
MIN 32 OR BELOW: 0 0.50 INCH OR MORE: 4
MIN 0 OR BELOW: 0 1.00 INCH OR MORE: 0
[HDD (BASE 65) ]
TOTAL THIS MO. 407 CLEAR (SCALE 0-3) 15
DPTR FM NORMAL 109 PTCLDY (SCALE 4-7) 10
TOTAL FM JUL 1 2439 CLOUDY (SCALE 8-10) 6
DPTR FM NORMAL 253
[CDD (BASE 65) ]
TOTAL THIS MO. 0
DPTR FM NORMAL -1 [PRESSURE DATA]
TOTAL FM JAN 1 0 HIGHEST SLP 30.44 ON 24
DPTR FM NORMAL -1 LOWEST SLP 29.31 ON 21
[REMARKS]
#FINAL-03-23#