000
CXUS55 KTWC 011430
CF6SAD
PRELIMINARY LOCAL CLIMATOLOGICAL DATA (WS FORM: F-6)
STATION: SAFFORD AZ AIRPORT
MONTH: JUNE
YEAR: 2023
LATITUDE: 32 50 N
LONGITUDE: 109 38 W
TEMPERATURE IN F: :PCPN: SNOW: WIND :SUNSHINE: SKY :PK WND
================================================================================
1 2 3 4 5 6A 6B 7 8 9 10 11 12 13 14 15 16 17 18
12Z AVG MX 2MIN
DY MAX MIN AVG DEP HDD CDD WTR SNW DPTH SPD SPD DIR MIN PSBL S-S WX SPD DR
================================================================================
1 87 57 72 -7 0 7 0.00 M M 7.0 14 300 M M 0 19 290
2 90 62 76 -4 0 11 0.00 M M 9.0 17 310 M M 0 24 320
3 94 59 77 -3 0 12 0.00 M M 7.3 18 310 M M 0 25 320
4 98 61 80 0 0 15 0.00 M M 6.2 20 300 M M 0 25 290
5 100 69 85 4 0 20 0.00 M M 10.1 20 140 M M 0 27 170
6 98 69 84 3 0 19 0.00 M M 12.6 25 210 M M 0 35 200
7 93 59 76 -5 0 11 0.00 M M 8.9 21 310 M M 0 29 290
8 93 60 77 -5 0 12 0.00 M M 7.5 20 310 M M 0 29 310
9 88 60 74 -8 0 9 0.00 M M 4.9 14 150 M M 0 19 140
10 98 51 75 -7 0 10 0.00 M M 6.9 18 210 M M 0 27 190
11 96 71 84 2 0 19 0.00 M M 14.2 29 170 M M 0 42 210
12 90 58 74 -9 0 9 0.00 M M 6.8 16 280 M M M 28 280
13 92 55 74 -9 0 9 0.00 M M 7.4 23 310 M M M 30 310
14 97 55 76 -7 0 11 0.00 M M 7.7 23 300 M M M 30 300
15 97 66 82 -2 0 17 0.00 M M 8.9 20 300 M M 0 35 330
16 100 56 78 -6 0 13 0.00 M M 8.0 35 220 M M M 46 220
17 100 60 80 -4 0 15 0.00 M M 8.5 26 300 M M M 41 290
18 101 61 81 -3 0 16 0.00 M M 8.6 26 240 M M M 36 230
19 101 68 85 1 0 20 0.00 M M 9.9 26 260 M M 0 34 250
20 101 75 88 3 0 23 0.00 M M 7.9 24 280 M M 0 31 280
21 103 64 84 -1 0 19 0.00 M M 7.7 21 300 M M M 33 300
22 105 65 85 0 0 20 0.00 M M 7.5 20 240 M M 0 28 250
23 102 65 84 -1 0 19 0.00 M M 7.9 23 320 M M 0 32 330
24 103 59 81 -4 0 16 0.00 M M 6.9 22 290 M M 0 30 280
25 108 64 86 0 0 21 0.00 M M 7.8 29 280 M M 0 39 300
26 110 70 90 4 0 25 0.00 M M 8.4 25 300 M M 0 35 300
27 108 71 90 4 0 25 0.00 M M 10.1 26 290 M M 0 34 270
28 106 77 92 6 0 27 0.00 M M 9.6 30 150 M M 0 40 150
29 104 74 89 3 0 24 0.00 M M 10.0 25 300 M M 0 34 300
30 102 64 83 -3 0 18 0.00 M M 7.4 22 310 M M 0 29 310
================================================================================
SM 2965 1905 0 492 0.00 M 251.6 M 0
================================================================================
AV 98.8 63.5 8.4 FASTST M M 0 MAX(MPH)
MISC ----> 35 220 46 220
================================================================================
NOTES:
# LAST OF SEVERAL OCCURRENCES
COLUMN 17 PEAK WIND IN M.P.H.
PRELIMINARY LOCAL CLIMATOLOGICAL DATA (WS FORM: F-6) , PAGE 2
STATION: SAFFORD AZ AIRPORT
MONTH: JUNE
YEAR: 2023
LATITUDE: 32 50 N
LONGITUDE: 109 38 W
[TEMPERATURE DATA] [PRECIPITATION DATA] SYMBOLS USED IN COLUMN 16
AVERAGE MONTHLY: 81.2 TOTAL FOR MONTH: 0.00 1 = FOG OR MIST
DPTR FM NORMAL: -2.2 DPTR FM NORMAL: -0.24 2 = FOG REDUCING VISIBILITY
HIGHEST: 110 ON 26 GRTST 24HR 0.00 ON 1- 1 TO 1/4 MILE OR LESS
LOWEST: 51 ON 10 3 = THUNDER
SNOW, ICE PELLETS, HAIL 4 = ICE PELLETS
TOTAL MONTH: M 5 = HAIL
GRTST 24HR M ON M 6 = FREEZING RAIN OR DRIZZLE
GRTST DEPTH: M ON M 7 = DUSTSTORM OR SANDSTORM:
VSBY 1/2 MILE OR LESS
8 = SMOKE OR HAZE
[NO. OF DAYS WITH] [WEATHER - DAYS WITH] 9 = BLOWING SNOW
X = TORNADO
MAX 32 OR BELOW: 0 0.01 INCH OR MORE: 0
MAX 90 OR ABOVE: 28 0.10 INCH OR MORE: 0
MIN 32 OR BELOW: 0 0.50 INCH OR MORE: 0
MIN 0 OR BELOW: 0 1.00 INCH OR MORE: 0
[HDD (BASE 65) ]
TOTAL THIS MO. 0 CLEAR (SCALE 0-3) 23
DPTR FM NORMAL 0 PTCLDY (SCALE 4-7) 0
TOTAL FM JUL 1 2453 CLOUDY (SCALE 8-10) 7
DPTR FM NORMAL 278
[CDD (BASE 65) ]
TOTAL THIS MO. 492
DPTR FM NORMAL -58 [PRESSURE DATA]
TOTAL FM JAN 1 851 HIGHEST SLP 29.89 ON 25
DPTR FM NORMAL -55 LOWEST SLP 29.55 ON 6
[REMARKS]
#FINAL-06-23#