000
CXUS55 KTWC 011052
CF6SAD
PRELIMINARY LOCAL CLIMATOLOGICAL DATA (WS FORM: F-6)
STATION: SAFFORD AZ AIRPORT
MONTH: NOVEMBER
YEAR: 2021
LATITUDE: 32 50 N
LONGITUDE: 109 38 W
TEMPERATURE IN F: :PCPN: SNOW: WIND :SUNSHINE: SKY :PK WND
================================================================================
1 2 3 4 5 6A 6B 7 8 9 10 11 12 13 14 15 16 17 18
12Z AVG MX 2MIN
DY MAX MIN AVG DEP HDD CDD WTR SNW DPTH SPD SPD DIR MIN PSBL S-S WX SPD DR
================================================================================
1 80 45 63 1 2 0 0.00 M M 3.8 10 300 M M 0 14 110
2 78 44 61 0 4 0 0.00 M M 4.8 13 280 M M 0 16 290
3 79 40 60 -1 5 0 0.00 M M 3.9 9 90 M M 0 13 160
4 77 46 62 2 3 0 0.00 M M 7.6 15 120 M M 0 22 140
5 82 44 63 3 2 0 0.00 M M 4.5 12 140 M M 0 16 130
6 84 41 63 3 2 0 0.00 M M 2.7 9 140 M M 0 15 250
7 83 42 63 4 2 0 0.00 M M 4.1 14 140 M M 0 16 140
8 79 42 61 2 4 0 0.00 M M 3.8 12 110 M M 0 16 120
9 77 39 58 0 7 0 0.00 M M 3.4 12 310 M M 0 13 310
10 78 41 60 2 5 0 0.00 M M 9.2 26 280 M M 0 35 280
11 76 38 57 0 8 0 0.00 M M 5.0 8 140 M M 0 M M
12 77 35 56 -1 9 0 0.00 M M 2.7 10 140 M M 0 16 130
13 78 36 57 0 8 0 0.00 M M 4.8 14 120 M M 0 19 130
14 79 34 57 1 8 0 0.00 M M 3.1 9 360 M M 0 10 360
15 79 35 57 1 8 0 0.00 M M 4.0 9 50 M M 0 13 120
16 76 36 56 1 9 0 0.00 M M 5.5 17 320 M M 0 23 320
17 71 37 54 -1 11 0 0.00 M M 4.0 10 270 M M 0 13 320
18 68 35 52 -2 13 0 0.00 M M 9.9 20 120 M M 0 29 120
19 69 40 55 1 10 0 0.00 M M 7.3 18 120 M M 0 25 120
20 73 36 55 1 10 0 0.00 M M 5.2 13 150 M M 0 16 140
21 73 43 58 5 7 0 0.00 M M 5.2 14 140 M M 0 18 150
22 69 46 58 5 7 0 0.00 M M 9.0 16 110 M M 0 23 110
23 72 54 63 11 2 0 0.00 M M 7.8 15 130 M M 1 20 120
24 67 47 57 5 8 0 0.01 M M 7.0 25 330 M M 6 33 330
25 58 43 51 -1 14 0 T M M 9.1 26 170 M M 7 35 160
26 64 40 52 1 13 0 0.00 M M 8.2 16 180 M M 1 21 190
27 68 32 50 -1 15 0 0.00 M M 5.2 16 280 M M 0 23 300
28 71 34 53 2 12 0 0.00 M M 7.2 15 110 M M 0 19 120
29 73 42 58 8 7 0 0.00 M M 7.6 17 130 M M M 23 130
30 71 37 54 4 11 0 0.00 M M 3.9 12 290 M M M 14 290
================================================================================
SM 2229 1204 226 0 0.01 M 169.5 M 15
================================================================================
AV 74.3 40.1 5.7 FASTST M M 1 MAX(MPH)
MISC ----> # 26 280 # 35 280
================================================================================
NOTES:
# LAST OF SEVERAL OCCURRENCES
COLUMN 17 PEAK WIND IN M.P.H.
PRELIMINARY LOCAL CLIMATOLOGICAL DATA (WS FORM: F-6) , PAGE 2
STATION: SAFFORD AZ AIRPORT
MONTH: NOVEMBER
YEAR: 2021
LATITUDE: 32 50 N
LONGITUDE: 109 38 W
[TEMPERATURE DATA] [PRECIPITATION DATA] SYMBOLS USED IN COLUMN 16
AVERAGE MONTHLY: 57.2 TOTAL FOR MONTH: 0.01 1 = FOG OR MIST
DPTR FM NORMAL: 1.6 DPTR FM NORMAL: -0.51 2 = FOG REDUCING VISIBILITY
HIGHEST: 84 ON 6 GRTST 24HR 0.01 ON 24-24 TO 1/4 MILE OR LESS
LOWEST: 32 ON 27 3 = THUNDER
SNOW, ICE PELLETS, HAIL 4 = ICE PELLETS
TOTAL MONTH: 0.0 INCH 5 = HAIL
GRTST 24HR M ON M 6 = FREEZING RAIN OR DRIZZLE
GRTST DEPTH: 0 7 = DUSTSTORM OR SANDSTORM:
VSBY 1/2 MILE OR LESS
8 = SMOKE OR HAZE
[NO. OF DAYS WITH] [WEATHER - DAYS WITH] 9 = BLOWING SNOW
X = TORNADO
MAX 32 OR BELOW: 0 0.01 INCH OR MORE: 1
MAX 90 OR ABOVE: 0 0.10 INCH OR MORE: 0
MIN 32 OR BELOW: 1 0.50 INCH OR MORE: 0
MIN 0 OR BELOW: 0 1.00 INCH OR MORE: 0
[HDD (BASE 65) ]
TOTAL THIS MO. 226 CLEAR (SCALE 0-3) 26
DPTR FM NORMAL -64 PTCLDY (SCALE 4-7) 2
TOTAL FM JUL 1 288 CLOUDY (SCALE 8-10) 2
DPTR FM NORMAL -51
[CDD (BASE 65) ]
TOTAL THIS MO. 0
DPTR FM NORMAL -8 [PRESSURE DATA]
TOTAL FM JAN 1 2862 HIGHEST SLP 30.34 ON 25
DPTR FM NORMAL 149 LOWEST SLP 29.80 ON 23
[REMARKS]
#FINAL-11-21#