000
CXUS54 KEWX 011110
CF6SAT
PRELIMINARY LOCAL CLIMATOLOGICAL DATA (WS FORM: F-6)
STATION: SAN ANTONIO
MONTH: FEBRUARY
YEAR: 2024
LATITUDE: 29 31 N
LONGITUDE: 98 28 W
TEMPERATURE IN F: :PCPN: SNOW: WIND :SUNSHINE: SKY :PK WND
================================================================================
1 2 3 4 5 6A 6B 7 8 9 10 11 12 13 14 15 16 17 18
12Z AVG MX 2MIN
DY MAX MIN AVG DEP HDD CDD WTR SNW DPTH SPD SPD DIR MIN PSBL S-S WX SPD DR
================================================================================
1 72 47 60 6 5 0 0.00 0.0 0 6.4 15 140 M M 6 21 200
2 69 57 63 9 2 0 0.63 0.0 0 11.0 26 70 M M 10 13 32 70
3 71 47 59 5 6 0 0.21 0.0 0 6.7 21 270 M M 6 13 32 260
4 70 47 59 5 6 0 0.00 0.0 0 14.7 32 300 M M 1 49 340
5 66 48 57 3 8 0 0.00 0.0 0 10.5 21 350 M M 3 29 350
6 68 41 55 0 10 0 0.00 0.0 0 4.1 9 300 M M 4 11 100
7 71 42 57 2 8 0 0.00 0.0 0 11.6 25 130 M M 8 1 35 130
8 73 58 66 11 0 1 T 0.0 0 5.3 16 130 M M 8 1 21 110
9 75 64 70 15 0 5 T 0.0 0 7.3 17 130 M M 9 1 22 220
10 73 63 68 13 0 3 0.01 0.0 0 7.5 13 70 M M 10 1 16 160
11 68 48 58 2 7 0 0.02 0.0 0 11.7 24 340 M M 5 12 33 350
12 62 42 52 -4 13 0 0.00 0.0 0 11.0 28 310 M M 3 37 310
13 68 35 52 -4 13 0 0.00 0.0 0 6.6 17 150 M M 1 25 150
14 64 44 54 -2 11 0 0.00 0.0 0 6.1 16 150 M M 7 22 130
15 70 60 65 9 0 0 0.00 0.0 0 4.3 12 170 M M 10 1 15 190
16 71 54 63 7 2 0 0.00 0.0 0 11.0 22 20 M M 10 34 20
17 56 38 47 -10 18 0 0.00 0.0 0 14.8 25 20 M M 8 39 10
18 56 32 44 -13 21 0 0.00 0.0 0 6.7 13 150 M M 2 17 40
19 67 35 51 -6 14 0 0.00 0.0 0 6.1 17 210 M M 0 23 180
20 77 43 60 3 5 0 0.00 0.0 0 6.7 15 170 M M 1 23 160
21 78 56 67 9 0 2 0.00 0.0 0 10.7 22 140 M M 6 1 29 140
22 87 64 76 18 0 11 T 0.0 0 8.7 21 290 M M 6 26 320
23 77 56 67 9 0 2 0.00 0.0 0 6.3 16 50 M M 2 24 30
24 77 47 62 4 3 0 0.00 0.0 0 7.8 18 170 M M 3 25 160
25 84 52 68 10 0 3 0.00 0.0 0 8.1 17 200 M M 2 24 200
26 82 55 69 10 0 4 0.00 0.0 0 5.8 14 190 M M 6 21 190
27 84 66 75 16 0 10 0.00 0.0 0 6.6 14 200 M M 9 18 20 210
28 71 48 60 1 5 0 0.00 0.0 0 13.9 31 10 M M 8 46 360
29 48 46 47 -12 18 0 0.00 0.0 0 7.4 16 40 M M 10 21 50
================================================================================
SM 2055 1435 175 41 0.87 0.0 245.4 M 164
================================================================================
AV 70.9 49.5 8.5 FASTST M M 6 MAX(MPH)
MISC ----> 32 300 49 340
================================================================================
NOTES:
# LAST OF SEVERAL OCCURRENCES
COLUMN 17 PEAK WIND IN M.P.H.
PRELIMINARY LOCAL CLIMATOLOGICAL DATA (WS FORM: F-6) , PAGE 2
STATION: SAN ANTONIO
MONTH: FEBRUARY
YEAR: 2024
LATITUDE: 29 31 N
LONGITUDE: 98 28 W
[TEMPERATURE DATA] [PRECIPITATION DATA] SYMBOLS USED IN COLUMN 16
AVERAGE MONTHLY: 60.2 TOTAL FOR MONTH: 0.87 1 = FOG OR MIST
DPTR FM NORMAL: 3.9 DPTR FM NORMAL: -0.87 2 = FOG REDUCING VISIBILITY
HIGHEST: 87 ON 22 GRTST 24HR 0.84 ON 2- 3 TO 1/4 MILE OR LESS
LOWEST: 32 ON 18 3 = THUNDER
SNOW, ICE PELLETS, HAIL 4 = ICE PELLETS
TOTAL MONTH: 0.0 INCH 5 = HAIL
GRTST 24HR 0.0 6 = FREEZING RAIN OR DRIZZLE
GRTST DEPTH: 0 7 = DUSTSTORM OR SANDSTORM:
VSBY 1/2 MILE OR LESS
8 = SMOKE OR HAZE
[NO. OF DAYS WITH] [WEATHER - DAYS WITH] 9 = BLOWING SNOW
X = TORNADO
MAX 32 OR BELOW: 0 0.01 INCH OR MORE: 4
MAX 90 OR ABOVE: 0 0.10 INCH OR MORE: 2
MIN 32 OR BELOW: 1 0.50 INCH OR MORE: 1
MIN 0 OR BELOW: 0 1.00 INCH OR MORE: 0
[HDD (BASE 65) ]
TOTAL THIS MO. 175 CLEAR (SCALE 0-3) 10
DPTR FM NORMAL -91 PTCLDY (SCALE 4-7) 11
TOTAL FM JUL 1 1118 CLOUDY (SCALE 8-10) 8
DPTR FM NORMAL -158
[CDD (BASE 65) ]
TOTAL THIS MO. 41
DPTR FM NORMAL 19 [PRESSURE DATA]
TOTAL FM JAN 1 41 HIGHEST SLP 30.33 ON 18
DPTR FM NORMAL 12 LOWEST SLP 29.53 ON 3
[REMARKS]
#FINAL-02-24#