000
CXUS54 KEWX 022118
CF6SAT
PRELIMINARY LOCAL CLIMATOLOGICAL DATA (WS FORM: F-6)
STATION: SAN ANTONIO
MONTH: MARCH
YEAR: 2022
LATITUDE: 29 31 N
LONGITUDE: 98 28 W
TEMPERATURE IN F: :PCPN: SNOW: WIND :SUNSHINE: SKY :PK WND
================================================================================
1 2 3 4 5 6A 6B 7 8 9 10 11 12 13 14 15 16 17 18
12Z AVG MX 2MIN
DY MAX MIN AVG DEP HDD CDD WTR SNW DPTH SPD SPD DIR MIN PSBL S-S WX SPD DR
================================================================================
1 72 33 53 -6 12 0 0.00 0.0 0 4.9 14 160 M M 3 18 170
2 74 40 57 -3 8 0 0.00 0.0 0 5.4 14 150 M M 4 20 120
3 79 49 64 4 1 0 0.00 0.0 0 5.6 15 140 M M 7 21 130
4 81 62 72 12 0 7 0.00 0.0 0 11.7 23 140 M M 8 1 33 130
5 81 65 73 13 0 8 0.00 0.0 0 12.2 22 160 M M 9 30 170
6 83 68 76 16 0 11 0.00 0.0 0 13.6 24 170 M M 9 32 160
7 71 47 59 -2 6 0 T 0.0 0 16.2 29 10 M M 10 41 10
8 60 43 52 -9 13 0 T 0.0 0 9.8 21 40 M M 8 31 30
9 64 39 52 -9 13 0 0.00 0.0 0 5.2 15 10 M M 4 21 10
10 74 36 55 -6 10 0 0.00 0.0 0 7.4 20 140 M M 3 23 140
11 63 38 51 -11 14 0 0.02 0.0 0 15.8 30 340 M M 8 38 340
12 56 26 41 -21 24 0 0.00 0.0 0 6.1 16 360 M M 1 22 10
13 68 28 48 -14 17 0 0.00 0.0 0 10.3 22 140 M M 2 30 160
14 82 46 64 2 1 0 0.00 0.0 0 8.2 25 190 M M 5 33 180
15 80 48 64 1 1 0 0.00 0.0 0 8.2 24 310 M M 0 39 310
16 83 44 64 1 1 0 0.00 0.0 0 8.7 23 160 M M 1 30 160
17 79 53 66 3 0 1 T 0.0 0 8.1 21 160 M M 5 31 150
18 75 50 63 0 2 0 0.00 0.0 0 11.5 24 330 M M 1 33 340
19 79 42 61 -3 4 0 0.00 0.0 0 4.6 18 170 M M 1 23 140
20 79 43 61 -3 4 0 0.00 0.0 0 12.1 28 140 M M 3 35 120
21 89 60 75 11 0 10 0.23 0.0 0 12.1 28 220 M M 9 13 40 140
22 69 47 58 -6 7 0 T 0.0 0 13.1 26 330 M M 3 38 39 310
23 72 41 57 -7 8 0 0.00 0.0 0 8.0 20 320 M M 4 28 300
24 80 42 61 -4 4 0 0.00 0.0 0 9.3 23 340 M M 1 36 340
25 87 41 64 -1 1 0 0.00 0.0 0 5.1 15 130 M M 0 19 160
26 91 46 69 4 0 4 0.00 0.0 0 9.6 18 220 M M 1 26 220
27 87 49 68 3 0 3 0.00 0.0 0 8.3 20 130 M M 4 27 130
28 87 45 66 0 0 1 0.00 0.0 0 12.5 24 130 M M 7 30 130
29 84 66 75 9 0 10 0.00 0.0 0 17.8 29 140 M M 9 40 140
30 85 59 72 6 0 7 0.07 0.0 0 14.0 30 290 M M 4 43 300
31 80 47 64 -2 1 0 0.00 0.0 0 4.8 16 70 M M 1 24 70
================================================================================
SM 2394 1443 152 62 0.32 0.0 300.2 M 135
================================================================================
AV 77.2 46.5 9.7 FASTST M M 4 MAX(MPH)
MISC ----> # 30 340 43 300
================================================================================
NOTES:
# LAST OF SEVERAL OCCURRENCES
COLUMN 17 PEAK WIND IN M.P.H.
PRELIMINARY LOCAL CLIMATOLOGICAL DATA (WS FORM: F-6) , PAGE 2
STATION: SAN ANTONIO
MONTH: MARCH
YEAR: 2022
LATITUDE: 29 31 N
LONGITUDE: 98 28 W
[TEMPERATURE DATA] [PRECIPITATION DATA] SYMBOLS USED IN COLUMN 16
AVERAGE MONTHLY: 61.9 TOTAL FOR MONTH: 0.32 1 = FOG OR MIST
DPTR FM NORMAL: -0.9 DPTR FM NORMAL: -1.99 2 = FOG REDUCING VISIBILITY
HIGHEST: 91 ON 26 GRTST 24HR 0.23 ON 21-21 TO 1/4 MILE OR LESS
LOWEST: 26 ON 12 3 = THUNDER
SNOW, ICE PELLETS, HAIL 4 = ICE PELLETS
TOTAL MONTH: 0.0 INCH 5 = HAIL
GRTST 24HR 0.0 6 = FREEZING RAIN OR DRIZZLE
GRTST DEPTH: 0 7 = DUSTSTORM OR SANDSTORM:
VSBY 1/2 MILE OR LESS
8 = SMOKE OR HAZE
[NO. OF DAYS WITH] [WEATHER - DAYS WITH] 9 = BLOWING SNOW
X = TORNADO
MAX 32 OR BELOW: 0 0.01 INCH OR MORE: 3
MAX 90 OR ABOVE: 1 0.10 INCH OR MORE: 1
MIN 32 OR BELOW: 2 0.50 INCH OR MORE: 0
MIN 0 OR BELOW: 0 1.00 INCH OR MORE: 0
[HDD (BASE 65) ]
TOTAL THIS MO. 152 CLEAR (SCALE 0-3) 12
DPTR FM NORMAL 13 PTCLDY (SCALE 4-7) 14
TOTAL FM JUL 1 1301 CLOUDY (SCALE 8-10) 5
DPTR FM NORMAL -99
[CDD (BASE 65) ]
TOTAL THIS MO. 62
DPTR FM NORMAL -9 [PRESSURE DATA]
TOTAL FM JAN 1 81 HIGHEST SLP 30.56 ON 12
DPTR FM NORMAL -19 LOWEST SLP 29.47 ON 21
[REMARKS]
#FINAL-03-22#