000
CXUS56 KLOX 011155
CF6SBA
PRELIMINARY LOCAL CLIMATOLOGICAL DATA (WS FORM: F-6)
STATION: SANTA BARBARA AIRPORT CA
MONTH: MARCH
YEAR: 2022
LATITUDE: 34 25 N
LONGITUDE: 119 50 W
TEMPERATURE IN F: :PCPN: SNOW: WIND :SUNSHINE: SKY :PK WND
================================================================================
1 2 3 4 5 6A 6B 7 8 9 10 11 12 13 14 15 16 17 18
12Z AVG MX 2MIN
DY MAX MIN AVG DEP HDD CDD WTR SNW DPTH SPD SPD DIR MIN PSBL S-S WX SPD DR
================================================================================
1 80 39 60 5 5 0 0.00 M M 3.9 14 240 M M 0 18 230
2 73 41 57 2 8 0 0.00 M M 3.1 14 240 M M 0 18 15 250
3 64 44 54 -1 11 0 0.01 M M 5.4 18 80 M M 4 8 23 90
4 68 46 57 2 8 0 0.00 M M 9.8 28 300 M M 2 35 310
5 62 44 53 -2 12 0 T M M 11.8 25 280 M M 3 8 35 300
6 60 39 50 -5 15 0 0.00 M M 4.8 16 340 M M 0 19 360
7 67 36 52 -4 13 0 0.00 M M 4.9 16 260 M M 0 20 260
8 71 37 54 -2 11 0 0.00 M M 3.7 14 260 M M 0 18 240
9 62 41 52 -4 13 0 0.00 M M 4.7 12 140 M M 0 18 15 140
10 64 41 53 -3 12 0 0.00 M M 4.6 14 130 M M 0 16 130
11 72 38 55 -1 10 0 0.00 M M 4.8 12 250 M M 0 16 240
12 71 38 55 -1 10 0 0.00 M M 3.4 14 260 M M 0 8 16 260
13 77 44 61 5 4 0 0.00 M M 7.0 25 260 M M 0 8 31 260
14 70 45 58 2 7 0 0.00 M M 4.9 10 130 M M 0 8 M M
15 80 44 62 6 3 0 0.00 M M 5.7 14 340 M M 0 26 270
16 84 51 68 12 0 3 0.00 M M 10.3 17 240 M M 0 31 310
17 73 44 59 3 6 0 0.00 M M 5.3 10 250 M M 0 1 M M
18 76 46 61 5 4 0 0.00 M M 4.4 10 260 M M 0 1 M M
19 63 49 56 0 9 0 T M M 6.9 15 270 M M 5 18 M M
20 78 49 64 8 1 0 0.00 M M 10.2 17 250 M M 0 30 260
21 77 56 67 11 0 2 0.00 M M 9.6 23 360 M M 0 32 330
22 84 47 66 10 0 1 0.00 M M 4.3 15 250 M M 0 18 260
23 76 50 63 7 2 0 0.00 M M 3.5 10 150 M M 0 18 13 160
24 72 48 60 3 5 0 0.00 M M 3.4 9 250 M M 2 12 12 250
25 68 51 60 3 5 0 0.00 M M 4.5 9 240 M M 5 128 14 250
26 60 51 56 -1 9 0 0.00 M M 5.2 9 210 M M 9 18 M M
27 61 53 57 0 8 0 0.05 M M 10.4 15 100 M M 10 1 23 120
28 59 50 55 -2 10 0 1.27 M M 9.2 22 100 M M 9 18 32 110
29 70 47 59 2 6 0 0.00 M M 8.5 22 250 M M 1 1 32 250
30 65 44 55 -2 10 0 0.00 M M 5.1 16 70 M M 2 18 18 70
31 64 45 55 -2 10 0 0.00 M M 3.3 12 230 M M 3 1 14 240
================================================================================
SM 2171 1398 227 6 1.33 M 186.5 M 55
================================================================================
AV 70.0 45.1 6.0 FASTST M M 2 MAX(MPH)
MISC ----> 28 300 # 35 310
================================================================================
NOTES:
# LAST OF SEVERAL OCCURRENCES
COLUMN 17 PEAK WIND IN M.P.H.
PRELIMINARY LOCAL CLIMATOLOGICAL DATA (WS FORM: F-6) , PAGE 2
STATION: SANTA BARBARA AIRPORT CA
MONTH: MARCH
YEAR: 2022
LATITUDE: 34 25 N
LONGITUDE: 119 50 W
[TEMPERATURE DATA] [PRECIPITATION DATA] SYMBOLS USED IN COLUMN 16
AVERAGE MONTHLY: 57.6 TOTAL FOR MONTH: 1.33 1 = FOG OR MIST
DPTR FM NORMAL: 1.5 DPTR FM NORMAL: -1.77 2 = FOG REDUCING VISIBILITY
HIGHEST: 84 ON 22,16 GRTST 24HR 1.31 ON 27-28 TO 1/4 MILE OR LESS
LOWEST: 36 ON 7 3 = THUNDER
SNOW, ICE PELLETS, HAIL 4 = ICE PELLETS
TOTAL MONTH: M 5 = HAIL
GRTST 24HR M ON M 6 = FREEZING RAIN OR DRIZZLE
GRTST DEPTH: M ON M 7 = DUSTSTORM OR SANDSTORM:
VSBY 1/2 MILE OR LESS
8 = SMOKE OR HAZE
[NO. OF DAYS WITH] [WEATHER - DAYS WITH] 9 = BLOWING SNOW
X = TORNADO
MAX 32 OR BELOW: 0 0.01 INCH OR MORE: 3
MAX 90 OR ABOVE: 0 0.10 INCH OR MORE: 1
MIN 32 OR BELOW: 0 0.50 INCH OR MORE: 1
MIN 0 OR BELOW: 0 1.00 INCH OR MORE: 1
[HDD (BASE 65) ]
TOTAL THIS MO. 227 CLEAR (SCALE 0-3) 23
DPTR FM NORMAL -53 PTCLDY (SCALE 4-7) 5
TOTAL FM JUL 1 1771 CLOUDY (SCALE 8-10) 3
DPTR FM NORMAL -55
[CDD (BASE 65) ]
TOTAL THIS MO. 6
DPTR FM NORMAL 4 [PRESSURE DATA]
TOTAL FM JAN 1 6 HIGHEST SLP 30.32 ON 11
DPTR FM NORMAL 4 LOWEST SLP 29.73 ON 28
[REMARKS]
#FINAL-03-22#