000
CXUS56 KLOX 011655
CF6SBA
PRELIMINARY LOCAL CLIMATOLOGICAL DATA (WS FORM: F-6)
STATION: SANTA BARBARA AIRPORT CA
MONTH: JULY
YEAR: 2020
LATITUDE: 34 25 N
LONGITUDE: 119 50 W
TEMPERATURE IN F: :PCPN: SNOW: WIND :SUNSHINE: SKY :PK WND
================================================================================
1 2 3 4 5 6A 6B 7 8 9 10 11 12 13 14 15 16 17 18
12Z AVG MX 2MIN
DY MAX MIN AVG DEP HDD CDD WTR SNW DPTH SPD SPD DIR MIN PSBL S-S WX SPD DR
================================================================================
1 70 54 62 -2 3 0 0.00 0.0 0 6.1 14 260 M M 7 18 16 260
2 71 53 62 -2 3 0 0.00 0.0 0 5.2 15 250 M M 4 1 17 250
3 72 53 63 -2 2 0 0.00 0.0 0 5.0 15 260 M M 2 18 18 270
4 75 55 65 0 0 0 0.00 0.0 0 4.7 10 140 M M 1 128 13 140
5 77 54 66 1 0 1 0.00 0.0 0 4.6 9 150 M M 0 18 12 200
6 81 54 68 3 0 3 0.00 0.0 0 5.1 10 140 M M 0 8 15 230
7 79 54 67 2 0 2 0.00 0.0 0 5.0 13 140 M M 0 15 280
8 73 58 66 1 0 1 0.00 0.0 0 5.7 13 250 M M 0 15 260
9 69 58 64 -1 1 0 0.00 0.0 0 4.9 13 210 M M 5 1 15 210
10 72 58 65 0 0 0 0.00 0.0 0 5.3 15 250 M M 5 18 19 260
11 74 58 66 1 0 1 0.00 0.0 0 5.8 15 260 M M 4 128 18 270
12 78 60 69 3 0 4 0.00 0.0 0 5.7 13 230 M M 0 1 16 230
13 73 57 65 -1 0 0 0.00 0.0 0 6.0 12 250 M M 1 18 14 250
14 71 60 66 0 0 1 0.00 0.0 0 6.3 15 260 M M 5 18 27 60
15 71 55 63 -3 2 0 0.00 0.0 0 7.0 16 270 M M 5 M M
16 70 53 62 -4 3 0 0.00 0.0 0 6.0 16 260 M M 4 18 20 260
17 73 56 65 -1 0 0 0.00 0.0 0 6.1 16 250 M M 4 19 260
18 72 53 63 -3 2 0 0.00 0.0 0 6.3 17 260 M M 1 21 250
19 71 56 64 -2 1 0 0.00 0.0 0 6.7 18 260 M M 4 1 22 260
20 75 55 65 -1 0 0 0.00 0.0 0 5.0 14 130 M M 3 17 130
21 75 55 65 -1 0 0 0.00 0.0 0 5.5 14 80 M M 1 18 240
22 69 59 64 -2 1 0 0.00 0.0 0 7.8 16 250 M M 6 21 230
23 69 56 63 -3 2 0 0.00 0.0 0 6.1 17 270 M M 6 18 21 250
24 71 51 61 -5 4 0 0.00 0.0 0 6.5 17 260 M M 2 22 260
25 70 55 63 -3 2 0 0.00 0.0 0 6.2 17 260 M M 3 18 20 250
26 70 57 64 -2 1 0 0.00 0.0 0 6.9 16 250 M M 4 128 19 240
27 70 58 64 -2 1 0 0.00 0.0 0 6.9 16 260 M M 5 1 20 260
28 71 53 62 -4 3 0 0.00 0.0 0 5.7 10 240 M M 3 15 240
29 70 58 64 -2 1 0 0.00 0.0 0 6.8 14 240 M M 4 1 18 240
30 75 57 66 0 0 1 0.00 0.0 0 5.1 13 250 M M 5 18 15 240
31 80 52 66 0 0 1 0.00 0.0 0 3.8 10 140 M M 0 20 150
================================================================================
SM 2257 1725 32 15 0.00 0.0 179.8 M 94
================================================================================
AV 72.8 55.7 5.8 FASTST M M 3 MAX(MPH)
MISC ----> # 18 260 # 27 60
================================================================================
NOTES:
# LAST OF SEVERAL OCCURRENCES
COLUMN 17 PEAK WIND IN M.P.H.
PRELIMINARY LOCAL CLIMATOLOGICAL DATA (WS FORM: F-6) , PAGE 2
STATION: SANTA BARBARA AIRPORT CA
MONTH: JULY
YEAR: 2020
LATITUDE: 34 25 N
LONGITUDE: 119 50 W
[TEMPERATURE DATA] [PRECIPITATION DATA] SYMBOLS USED IN COLUMN 16
AVERAGE MONTHLY: 64.2 TOTAL FOR MONTH: 0.00 1 = FOG OR MIST
DPTR FM NORMAL: -1.3 DPTR FM NORMAL: -0.03 2 = FOG REDUCING VISIBILITY
HIGHEST: 81 ON 6 GRTST 24HR 0.00 ON 31-31 TO 1/4 MILE OR LESS
LOWEST: 51 ON 24 3 = THUNDER
SNOW, ICE PELLETS, HAIL 4 = ICE PELLETS
TOTAL MONTH: 0.0 INCH 5 = HAIL
GRTST 24HR 0.0 6 = FREEZING RAIN OR DRIZZLE
GRTST DEPTH: 0 7 = DUSTSTORM OR SANDSTORM:
VSBY 1/2 MILE OR LESS
8 = SMOKE OR HAZE
[NO. OF DAYS WITH] [WEATHER - DAYS WITH] 9 = BLOWING SNOW
X = TORNADO
MAX 32 OR BELOW: 0 0.01 INCH OR MORE: 0
MAX 90 OR ABOVE: 0 0.10 INCH OR MORE: 0
MIN 32 OR BELOW: 0 0.50 INCH OR MORE: 0
MIN 0 OR BELOW: 0 1.00 INCH OR MORE: 0
[HDD (BASE 65) ]
TOTAL THIS MO. 32 CLEAR (SCALE 0-3) 15
DPTR FM NORMAL 5 PTCLDY (SCALE 4-7) 16
TOTAL FM JUL 1 32 CLOUDY (SCALE 8-10) 0
DPTR FM NORMAL 5
[CDD (BASE 65) ]
TOTAL THIS MO. 15
DPTR FM NORMAL -29 [PRESSURE DATA]
TOTAL FM JAN 1 104 HIGHEST SLP M ON M
DPTR FM NORMAL 32 LOWEST SLP 29.75 ON 21
[REMARKS]
#FINAL-07-20#