000
CXUS56 KLOX 011300
CF6SBP
PRELIMINARY LOCAL CLIMATOLOGICAL DATA (WS FORM: F-6)
STATION: SAN LUIS OBISPO AIRPORT CA
MONTH: DECEMBER
YEAR: 2023
LATITUDE: 35 13 N
LONGITUDE: 120 38 W
TEMPERATURE IN F: :PCPN: SNOW: WIND :SUNSHINE: SKY :PK WND
================================================================================
1 2 3 4 5 6A 6B 7 8 9 10 11 12 13 14 15 16 17 18
12Z AVG MX 2MIN
DY MAX MIN AVG DEP HDD CDD WTR SNW DPTH SPD SPD DIR MIN PSBL S-S WX SPD DR
================================================================================
1 70 48 59 5 6 0 0.00 M M 7.9 17 300 M M 0 25 20
2 72 48 60 6 5 0 0.00 M M 7.8 20 310 M M 0 23 300
3 73 47 60 6 5 0 0.00 M M 6.4 20 310 M M 0 23 300
4 78 52 65 11 0 0 0.00 M M 3.6 18 320 M M 0 27 350
5 87 49 68 14 0 3 0.00 M M 3.0 12 320 M M 0 14 300
6 68 44 56 3 9 0 0.00 M M 3.9 18 310 M M 4 22 320
7 69 55 62 9 3 0 0.00 M M 12.1 23 300 M M 0 31 10
8 69 51 60 7 5 0 T M M 10.4 20 350 M M 0 27 10
9 74 45 60 7 5 0 0.00 M M 4.5 13 230 M M 0 16 220
10 80 47 64 11 1 0 0.00 M M 3.5 12 340 M M 0 15 330
11 81 49 65 12 0 0 0.00 M M 6.9 21 300 M M 0 24 300
12 75 45 60 8 5 0 0.00 M M 6.3 18 310 M M 0 24 310
13 71 41 56 4 9 0 0.00 M M 2.4 10 310 M M 0 11 240
14 76 40 58 6 7 0 0.00 M M 2.2 12 220 M M 0 14 210
15 80 40 60 8 5 0 0.00 M M 2.2 10 220 M M 0 15 230
16 80 39 60 8 5 0 0.00 M M 2.2 9 240 M M 0 17 40
17 78 50 64 12 1 0 0.00 M M 2.5 9 90 M M 0 11 90
18 65 52 59 7 6 0 0.61 M M 5.6 15 120 M M 9 1 20 20
19 66 62 64 12 1 0 0.65 M M 6.1 13 160 M M 6 1 21 160
20 63 56 60 8 5 0 1.49 M M 9.5 23 80 M M 9 1 30 80
21 66 54 60 8 5 0 0.04 M M 3.9 24 90 M M 8 1 33 90
22 72 57 65 13 0 0 T M M 5.6 17 310 M M 6 22 320
23 69 49 59 7 6 0 0.00 M M 4.1 15 310 M M 3 128 20 330
24 69 42 56 4 9 0 0.00 M M 4.3 18 300 M M 0 128 23 300
25 69 42 56 4 9 0 0.00 M M 4.9 18 310 M M 2 23 310
26 67 43 55 3 10 0 0.00 M M 2.1 8 130 M M 3 18 10 150
27 65 51 58 6 7 0 0.00 M M 2.9 10 90 M M 4 18 13 100
28 73 50 62 10 3 0 0.00 M M 3.4 10 300 M M 5 18 13 290
29 68 59 64 12 1 0 0.00 M M 8.1 10 140 M M 10 1 M M
30 64 52 58 6 7 0 0.70 M M 4.5 15 300 M M 8 1 20 310
31 63 49 56 4 9 0 0.00 M M 1.2 8 110 M M 7 2 8 120
================================================================================
SM 2220 1508 149 3 3.49 M 154.0 M 84
================================================================================
AV 71.6 48.6 5.0 FASTST M M 3 MAX(MPH)
MISC ----> 24 90 33 90
================================================================================
NOTES:
# LAST OF SEVERAL OCCURRENCES
COLUMN 17 PEAK WIND IN M.P.H.
PRELIMINARY LOCAL CLIMATOLOGICAL DATA (WS FORM: F-6) , PAGE 2
STATION: SAN LUIS OBISPO AIRPORT CA
MONTH: DECEMBER
YEAR: 2023
LATITUDE: 35 13 N
LONGITUDE: 120 38 W
[TEMPERATURE DATA] [PRECIPITATION DATA] SYMBOLS USED IN COLUMN 16
AVERAGE MONTHLY: 60.1 TOTAL FOR MONTH: 3.49 1 = FOG OR MIST
DPTR FM NORMAL: 7.5 DPTR FM NORMAL: 0.22 2 = FOG REDUCING VISIBILITY
HIGHEST: 87 ON 5 GRTST 24HR 1.49 ON 20-20 TO 1/4 MILE OR LESS
LOWEST: 39 ON 16 3 = THUNDER
SNOW, ICE PELLETS, HAIL 4 = ICE PELLETS
TOTAL MONTH: M 5 = HAIL
GRTST 24HR M ON M 6 = FREEZING RAIN OR DRIZZLE
GRTST DEPTH: M ON M 7 = DUSTSTORM OR SANDSTORM:
VSBY 1/2 MILE OR LESS
8 = SMOKE OR HAZE
[NO. OF DAYS WITH] [WEATHER - DAYS WITH] 9 = BLOWING SNOW
X = TORNADO
MAX 32 OR BELOW: 0 0.01 INCH OR MORE: 5
MAX 90 OR ABOVE: 0 0.10 INCH OR MORE: 4
MIN 32 OR BELOW: 0 0.50 INCH OR MORE: 4
MIN 0 OR BELOW: 0 1.00 INCH OR MORE: 1
[HDD (BASE 65) ]
TOTAL THIS MO. 149 CLEAR (SCALE 0-3) 19
DPTR FM NORMAL -237 PTCLDY (SCALE 4-7) 9
TOTAL FM JUL 1 265 CLOUDY (SCALE 8-10) 3
DPTR FM NORMAL -523
[CDD (BASE 65) ]
TOTAL THIS MO. 3
DPTR FM NORMAL 3 [PRESSURE DATA]
TOTAL FM JAN 1 563 HIGHEST SLP M ON M
DPTR FM NORMAL 229 LOWEST SLP 29.85 ON 12
[REMARKS]
#FINAL-12-23#