445
CXUS51 KAKQ 031046
CF6SBY
PRELIMINARY LOCAL CLIMATOLOGICAL DATA (WS FORM: F-6)
STATION: SALISBURY MD
MONTH: FEBRUARY
YEAR: 2020
LATITUDE: 38 20 N
LONGITUDE: 75 30 W
TEMPERATURE IN F: :PCPN: SNOW: WIND :SUNSHINE: SKY :PK WND
================================================================================
1 2 3 4 5 6A 6B 7 8 9 10 11 12 13 14 15 16 17 18
12Z AVG MX 2MIN
DY MAX MIN AVG DEP HDD CDD WTR SNW DPTH SPD SPD DIR MIN PSBL S-S WX SPD DR
================================================================================
1 52 41 47 11 18 0 0.11 0.0 0 4.2 13 60 M M 9 1 17 50
2 49 36 43 7 22 0 0.02 0.0 0 8.7 23 200 M M 4 1 29 290
3 66 33 50 14 15 0 0.00 0.0 0 4.2 13 240 M M 0 8 16 200
4 67 50 59 23 6 0 0.00 0.0 0 6.0 14 230 M M 4 17 220
5 61 41 51 15 14 0 0.46 0.0 0 8.4 21 40 M M 9 18 26 40
6 58 44 51 15 14 0 1.30 0.0 0 3.7 16 250 M M 10 1 20 230
7 63 38 51 15 14 0 0.62 0.0 0 14.9 36 250 M M 8 1 54 210
8 46 29 38 1 27 0 0.00 0.0 0 6.8 21 280 M M 0 30 280
9 51 26 39 2 26 0 0.00 0.0 0 3.9 14 160 M M 0 17 160
10 57 37 47 10 18 0 0.06 0.0 0 10.5 25 220 M M 5 1 34 240
11 61 51 56 19 9 0 0.92 0.0 0 9.1 18 210 M M 10 1 24 220
12 51 41 46 9 19 0 0.02 0.0 0 5.9 20 310 M M 5 18 27 320
13 60 42 51 14 14 0 0.30 0.0 0 10.8 25 330 M M 8 1 34 330
14 44 27 36 -1 29 0 0.00 0.0 0 10.1 24 320 M M 2 30 320
15 38 19 29 -9 36 0 0.00 0.0 0 5.6 13 170 M M 0 16 180
16 50 28 39 1 26 0 0.00 0.0 0 4.5 15 230 M M 1 18 240
17 55 33 44 6 21 0 0.00 0.0 0 4.6 15 60 M M 1 1 20 40
18 66 34 50 12 15 0 T 0.0 0 5.9 16 260 M M 3 1 20 260
19 53 29 41 3 24 0 0.07 0.0 0 7.3 18 320 M M 3 18 26 340
20 41 30 36 -2 29 0 T T 0 4.8 15 360 M M 5 1 17 360
21 37 23 30 -9 35 0 0.00 0.0 0 9.4 21 10 M M 0 29 40
22 50 18 34 -5 31 0 0.00 0.0 0 4.4 14 250 M M 0 21 250
23 61 24 43 4 22 0 0.00 0.0 0 3.4 12 160 M M 0 15 170
24 61 31 46 7 19 0 T 0.0 0 7.9 21 200 M M 4 27 210
25 57 46 52 12 13 0 0.24 0.0 0 3.6 12 120 M M 9 1 14 240
26 54 46 50 10 15 0 0.31 0.0 0 6.5 14 90 M M 10 12 16 80
27 55 31 43 3 22 0 0.20 0.0 0 14.0 30 280 M M 2 1 42 270
28 49 26 38 -2 27 0 0.00 0.0 0 9.5 26 230 M M 1 33 240
29 40 26 33 -7 32 0 T T 0 10.4 26 310 M M 4 8 35 310
================================================================================
SM 1553 980 612 0 4.63 T 209.0 M 117
================================================================================
AV 53.6 33.8 7.2 FASTST M M 4 MAX(MPH)
MISC ----> # 36 250 # 54 210
================================================================================
NOTES:
# LAST OF SEVERAL OCCURRENCES
COLUMN 17 PEAK WIND IN M.P.H.
PRELIMINARY LOCAL CLIMATOLOGICAL DATA (WS FORM: F-6) , PAGE 2
STATION: SALISBURY MD
MONTH: FEBRUARY
YEAR: 2020
LATITUDE: 38 20 N
LONGITUDE: 75 30 W
[TEMPERATURE DATA] [PRECIPITATION DATA] SYMBOLS USED IN COLUMN 16
AVERAGE MONTHLY: 43.7 TOTAL FOR MONTH: 4.63 1 = FOG OR MIST
DPTR FM NORMAL: 6.0 DPTR FM NORMAL: 1.28 2 = FOG REDUCING VISIBILITY
HIGHEST: 67 ON 4 GRTST 24HR 1.30 ON 6- 6 TO 1/4 MILE OR LESS
LOWEST: 18 ON 22 3 = THUNDER
SNOW, ICE PELLETS, HAIL 4 = ICE PELLETS
TOTAL MONTH: T 5 = HAIL
GRTST 24HR T ON 29-29 6 = FREEZING RAIN OR DRIZZLE
GRTST DEPTH: 0 7 = DUSTSTORM OR SANDSTORM:
VSBY 1/2 MILE OR LESS
8 = SMOKE OR HAZE
[NO. OF DAYS WITH] [WEATHER - DAYS WITH] 9 = BLOWING SNOW
X = TORNADO
MAX 32 OR BELOW: 0 0.01 INCH OR MORE: 13
MAX 90 OR ABOVE: 0 0.10 INCH OR MORE: 9
MIN 32 OR BELOW: 14 0.50 INCH OR MORE: 3
MIN 0 OR BELOW: 0 1.00 INCH OR MORE: 1
[HDD (BASE 65) ]
TOTAL THIS MO. 612 CLEAR (SCALE 0-3) 13
DPTR FM NORMAL -152 PTCLDY (SCALE 4-7) 9
TOTAL FM JUL 1 2751 CLOUDY (SCALE 8-10) 7
DPTR FM NORMAL -579
[CDD (BASE 65) ]
TOTAL THIS MO. 0
DPTR FM NORMAL 0 [PRESSURE DATA]
TOTAL FM JAN 1 0 HIGHEST SLP M ON M
DPTR FM NORMAL 0 LOWEST SLP 29.06 ON 7
[REMARKS]
#FINAL-02-20#