000
CXUS56 KSTO 270202
CF6SCK
PRELIMINARY LOCAL CLIMATOLOGICAL DATA (WS FORM: F-6)
STATION: STOCKTON AIRPORT CA
MONTH: MAY
YEAR: 2022
LATITUDE: 37 54 N
LONGITUDE: 121 15 W
TEMPERATURE IN F: :PCPN: SNOW: WIND :SUNSHINE: SKY :PK WND
================================================================================
1 2 3 4 5 6A 6B 7 8 9 10 11 12 13 14 15 16 17 18
12Z AVG MX 2MIN
DY MAX MIN AVG DEP HDD CDD WTR SNW DPTH SPD SPD DIR MIN PSBL S-S WX SPD DR
================================================================================
1 84 47 66 2 0 1 0.00 M M 12.0 22 320 M M 0 30 310
2 74 51 63 -2 2 0 0.00 M M 14.4 22 260 M M 0 28 270
3 82 50 66 1 0 1 0.00 M M 12.0 23 350 M M 0 31 320
4 91 48 70 5 0 5 0.00 0.0 M 5.9 14 300 M M 0 18 330
5 80 53 67 2 0 2 0.00 0.0 M 9.6 21 290 M M 1 24 290
6 80 51 66 0 0 1 0.00 0.0 M 9.3 18 300 M M 2 8 23 320
7 77 52 65 -1 0 0 0.00 0.0 M 13.7 23 250 M M 0 31 320
8 68 48 58 -8 7 0 0.00 0.0 M 17.3 29 290 M M 1 36 260
9 68 41 55 -11 10 0 0.00 0.0 M 11.9 23 260 M M 2 32 250
10 68 37 53 -13 12 0 0.00 M M 8.6 23 240 M M 2 27 230
11 73 40 57 -10 8 0 0.00 M M 11.7 23 250 M M 0 29 250
12 76 43 60 -7 5 0 0.00 M M 8.6 18 300 M M 1 23 300
13 84 46 65 -2 0 0 0.00 0.0 M 9.1 18 300 M M 0 24 310
14 92 57 75 8 0 10 0.00 0.0 M 10.1 18 300 M M 0 28 330
15 93 55 74 6 0 9 0.00 0.0 M 12.7 26 260 M M 0 32 260
16 82 54 68 0 0 3 0.00 0.0 M 12.4 23 260 M M 0 26 260
17 91 50 71 3 0 6 0.00 0.0 M 11.2 21 300 M M 0 27 290
18 97 51 74 6 0 9 0.00 M M 9.9 22 290 M M 0 29 290
19 94 65 80 12 0 15 0.00 M M 12.8 21 340 M M 0 31 320
20 84 58 71 2 0 6 0.00 0.0 M 16.3 29 330 M M 0 38 320
21 90 52 71 2 0 6 0.00 0.0 M 8.5 18 300 M M 0 22 270
22 92 52 72 3 0 7 0.00 0.0 M 8.8 20 290 M M 0 28 290
23 94 56 75 6 0 10 0.00 0.0 M 11.3 21 280 M M 0 25 310
24 100 57 79 10 0 14 0.00 0.0 M 8.5 18 350 M M 0 8 24 320
25 103 61 82 12 0 17 0.00 0.0 M 6.3 23 290 M M 0 26 290
26 85 57 71 1 0 6 0.00 M M 9.4 20 320 M M 0 23 330
27 83 54 69 -1 0 4 0.00 M M 9.3 22 290 M M 0 25 290
28 81 58 70 0 0 5 T M M 14.3 26 250 M M 2 33 250
29 82 53 68 -2 0 3 0.00 0.0 M 13.8 24 310 M M 0 33 290
30 84 55 70 -1 0 5 0.00 M M 13.7 22 340 M M 0 30 300
31 89 51 70 -1 0 5 0.00 M M 10.7 20 300 M M 0 26 320
================================================================================
SM 2621 1603 44 150 T 0.0 344.1 M 11
================================================================================
AV 84.5 51.7 11.1 FASTST M M 0 MAX(MPH)
MISC ----> # 29 290 38 320
================================================================================
NOTES:
# LAST OF SEVERAL OCCURRENCES
COLUMN 17 PEAK WIND IN M.P.H.
PRELIMINARY LOCAL CLIMATOLOGICAL DATA (WS FORM: F-6) , PAGE 2
STATION: STOCKTON AIRPORT CA
MONTH: MAY
YEAR: 2022
LATITUDE: 37 54 N
LONGITUDE: 121 15 W
[TEMPERATURE DATA] [PRECIPITATION DATA] SYMBOLS USED IN COLUMN 16
AVERAGE MONTHLY: 68.1 TOTAL FOR MONTH: T 1 = FOG OR MIST
DPTR FM NORMAL: 0.4 DPTR FM NORMAL: -0.57 2 = FOG REDUCING VISIBILITY
HIGHEST: 103 ON 25 GRTST 24HR T ON 28-28 TO 1/4 MILE OR LESS
LOWEST: 37 ON 10 3 = THUNDER
SNOW, ICE PELLETS, HAIL 4 = ICE PELLETS
TOTAL MONTH: 0.0 INCH 5 = HAIL
GRTST 24HR 0.0 6 = FREEZING RAIN OR DRIZZLE
GRTST DEPTH: M ON M 7 = DUSTSTORM OR SANDSTORM:
VSBY 1/2 MILE OR LESS
8 = SMOKE OR HAZE
[NO. OF DAYS WITH] [WEATHER - DAYS WITH] 9 = BLOWING SNOW
X = TORNADO
MAX 32 OR BELOW: 0 0.01 INCH OR MORE: 0
MAX 90 OR ABOVE: 11 0.10 INCH OR MORE: 0
MIN 32 OR BELOW: 0 0.50 INCH OR MORE: 0
MIN 0 OR BELOW: 0 1.00 INCH OR MORE: 0
[HDD (BASE 65) ]
TOTAL THIS MO. 44 CLEAR (SCALE 0-3) 31
DPTR FM NORMAL 3 PTCLDY (SCALE 4-7) 0
TOTAL FM JUL 1 2261 CLOUDY (SCALE 8-10) 0
DPTR FM NORMAL 4
[CDD (BASE 65) ]
TOTAL THIS MO. 150
DPTR FM NORMAL 25 [PRESSURE DATA]
TOTAL FM JAN 1 176 HIGHEST SLP 30.31 ON 12
DPTR FM NORMAL 26 LOWEST SLP 29.70 ON 25
[REMARKS]
#FINAL-05-22#