000
CXUS55 KPSR 011005
CF6SDL
PRELIMINARY LOCAL CLIMATOLOGICAL DATA (WS FORM: F-6)
STATION: SCOTTSDALE AZ
MONTH: JANUARY
YEAR: 2023
LATITUDE: 33 37 N
LONGITUDE: 111 54 W
TEMPERATURE IN F: :PCPN: SNOW: WIND :SUNSHINE: SKY :PK WND
================================================================================
1 2 3 4 5 6A 6B 7 8 9 10 11 12 13 14 15 16 17 18
12Z AVG MX 2MIN
DY MAX MIN AVG DEP HDD CDD WTR SNW DPTH SPD SPD DIR MIN PSBL S-S WX SPD DR
================================================================================
1 60 47 54 0 11 0 0.70 M M 5.9 21 270 M M 7 13 34 260
2 56 46 51 -3 14 0 0.09 M M 4.6 14 270 M M 9 1 20 270
3 59 46 53 -1 12 0 0.03 M M 2.8 9 220 M M 5 14 210
4 65 47 56 2 9 0 0.00 M M 0.8 6 90 M M 5 9 80
5 65 45 55 1 10 0 0.00 M M 1.2 8 140 M M 2 8 12 140
6 62 46 54 0 11 0 0.00 M M 1.1 6 250 M M 1 9 250
7 70 39 55 1 10 0 0.00 M M 1.6 9 240 M M 0 13 250
8 70 42 56 2 9 0 0.00 M M 2.8 9 270 M M 0 12 280
9 68 43 56 2 9 0 0.00 M M 1.2 6 30 M M 0 8 7 190
10 69 45 57 2 8 0 0.00 M M 1.6 10 140 M M 0 16 140
11 64 47 56 1 9 0 0.00 M M 1.8 7 10 M M 1 11 200
12 74 41 58 3 7 0 0.00 M M 2.0 12 120 M M 0 19 70
13 76 49 63 8 2 0 0.00 M M 2.6 9 130 M M 0 13 120
14 66 45 56 1 9 0 0.00 0.0 0 2.3 9 240 M M 2 12 230
15 58 50 54 -1 11 0 0.13 0.0 0 3.0 10 250 M M 8 1 17 260
16 57 49 53 -2 12 0 0.42 M M 5.9 13 140 M M 9 1 22 140
17 55 48 52 -3 13 0 0.02 M M 5.9 16 250 M M 7 13 24 260
18 57 44 51 -4 14 0 T M M 1.9 9 230 M M 3 12 270
19 59 38 49 -6 16 0 0.00 M M 1.2 9 160 M M 0 14 170
20 55 43 49 -6 16 0 T M M 4.4 15 270 M M 5 23 260
21 58 36 47 -8 18 0 0.00 M M 2.3 9 240 M M 0 14 250
22 57 35 46 -10 19 0 0.00 M M 2.6 13 140 M M 0 18 150
23 47 36 42 -14 23 0 0.00 M M 4.1 12 60 M M 6 15 60
24 53 32 43 -13 22 0 0.00 M M 2.6 6 30 M M 0 M M
25 60 33 47 -9 18 0 0.00 M M 2.8 9 20 M M 0 14 10
26 62 43 53 -3 12 0 0.00 M M 8.5 23 50 M M 0 30 50
27 62 34 48 -8 17 0 0.00 M M 1.7 8 360 M M 0 12 350
28 63 35 49 -7 16 0 0.00 M M 1.9 8 140 M M 0 13 140
29 67 36 52 -4 13 0 0.00 M M 3.2 14 150 M M 0 20 190
30 59 46 53 -3 12 0 T M M 3.4 13 170 M M 6 19 200
31 62 43 53 -3 12 0 T M M 2.1 9 360 M M 4 13 30
================================================================================
SM 1915 1309 394 0 1.39 0.0 89.8 M 80
================================================================================
AV 61.8 42.2 2.9 FASTST M M 3 MAX(MPH)
MISC ----> 23 50 34 260
================================================================================
NOTES:
# LAST OF SEVERAL OCCURRENCES
COLUMN 17 PEAK WIND IN M.P.H.
PRELIMINARY LOCAL CLIMATOLOGICAL DATA (WS FORM: F-6) , PAGE 2
STATION: SCOTTSDALE AZ
MONTH: JANUARY
YEAR: 2023
LATITUDE: 33 37 N
LONGITUDE: 111 54 W
[TEMPERATURE DATA] [PRECIPITATION DATA] SYMBOLS USED IN COLUMN 16
AVERAGE MONTHLY: 52.0 TOTAL FOR MONTH: 1.39 1 = FOG OR MIST
DPTR FM NORMAL: -2.9 DPTR FM NORMAL: 0.28 2 = FOG REDUCING VISIBILITY
HIGHEST: 76 ON 13 GRTST 24HR 0.79 ON 1- 2 TO 1/4 MILE OR LESS
LOWEST: 32 ON 24 3 = THUNDER
SNOW, ICE PELLETS, HAIL 4 = ICE PELLETS
TOTAL MONTH: 0.0 INCH 5 = HAIL
GRTST 24HR 0.0 6 = FREEZING RAIN OR DRIZZLE
GRTST DEPTH: 0 7 = DUSTSTORM OR SANDSTORM:
VSBY 1/2 MILE OR LESS
8 = SMOKE OR HAZE
[NO. OF DAYS WITH] [WEATHER - DAYS WITH] 9 = BLOWING SNOW
X = TORNADO
MAX 32 OR BELOW: 0 0.01 INCH OR MORE: 6
MAX 90 OR ABOVE: 0 0.10 INCH OR MORE: 3
MIN 32 OR BELOW: 1 0.50 INCH OR MORE: 1
MIN 0 OR BELOW: 0 1.00 INCH OR MORE: 0
[HDD (BASE 65) ]
TOTAL THIS MO. 394 CLEAR (SCALE 0-3) 19
DPTR FM NORMAL 82 PTCLDY (SCALE 4-7) 10
TOTAL FM JUL 1 946 CLOUDY (SCALE 8-10) 2
DPTR FM NORMAL 146
[CDD (BASE 65) ]
TOTAL THIS MO. 0
DPTR FM NORMAL -1 [PRESSURE DATA]
TOTAL FM JAN 1 0 HIGHEST SLP 30.36 ON 26
DPTR FM NORMAL -1 LOWEST SLP 29.61 ON 1
[REMARKS]
#FINAL-01-23#