000
CXUS54 KFWD 010830
CF6SEP
PRELIMINARY LOCAL CLIMATOLOGICAL DATA (WS FORM: F-6)
STATION: STEPHENVILLE
MONTH: JANUARY
YEAR: 2022
LATITUDE: 32 13 N
LONGITUDE: 98 11 W
TEMPERATURE IN F: :PCPN: SNOW: WIND :SUNSHINE: SKY :PK WND
================================================================================
1 2 3 4 5 6A 6B 7 8 9 10 11 12 13 14 15 16 17 18
12Z AVG MX 2MIN
DY MAX MIN AVG DEP HDD CDD WTR SNW DPTH SPD SPD DIR MIN PSBL S-S WX SPD DR
================================================================================
1 75 24 50 7 15 0 0.00 M M 11.2 24 340 M M 5 32 340
2 41 17 29 -14 36 0 0.00 M M 12.1 22 340 M M 0 35 320
3 58 19 39 -4 26 0 0.00 M M 3.2 9 220 M M 0 16 220
4 68 28 48 5 17 0 0.00 M M 8.9 17 230 M M 0 25 220
5 60 36 48 5 17 0 0.00 M M 5.5 17 20 M M 0 22 30
6 37 24 31 -12 34 0 0.00 M M 10.0 20 360 M M 0 28 350
7 44 19 32 -11 33 0 0.00 M M 6.3 13 160 M M 5 20 160
8 67 40 54 11 11 0 0.00 M M 8.8 12 180 M M 8 18 190
9 55 37 46 3 19 0 0.00 M M 13.0 22 340 M M 5 30 330
10 55 28 42 -1 23 0 0.00 M M 6.0 10 340 M M 0 9 30
11 57 27 42 -1 23 0 0.00 M M 2.5 10 220 M M 4 17 190
12 64 31 48 5 17 0 0.00 M M 2.5 9 250 M M 0 M M
13 75 37 56 13 9 0 0.00 M M 3.8 9 330 M M 0 M M
14 78 36 57 14 8 0 0.00 M M 7.3 23 330 M M 0 33 330
15 50 32 41 -3 24 0 0.00 M M 22.8 31 340 M M 3 44 340
16 61 26 44 0 21 0 0.00 M M 5.5 14 330 M M 0 21 330
17 67 28 48 4 17 0 0.00 M M 4.6 10 190 M M 0 16 170
18 79 38 59 15 6 0 0.00 M M 9.1 18 220 M M 0 28 210
19 70 34 52 8 13 0 0.00 M M 12.0 29 350 M M 4 32 350
20 34 23 29 -15 36 0 0.00 M M 14.9 22 10 M M 8 31 10
21 47 18 33 -11 32 0 0.00 M M 3.7 8 350 M M 1 M M
22 55 21 38 -6 27 0 0.00 M M 1.0 6 130 M M 0 M M
23 65 28 47 3 18 0 0.00 M M 4.1 14 240 M M 2 22 240
24 53 35 44 0 21 0 0.04 M M 3.2 9 240 M M 8 M M
25 59 34 47 3 18 0 0.00 M M 6.4 12 40 M M 1 M M
26 51 27 39 -5 26 0 0.00 M M 4.9 10 30 M M 3 M M
27 52 35 44 0 21 0 0.00 M M 3.3 10 350 M M 7 16 360
28 56 29 43 -1 22 0 0.00 M M 7.7 16 320 M M 0 21 330
29 66 26 46 1 19 0 0.00 M M 4.4 15 250 M M 0 22 250
30 71 37 54 9 11 0 0.00 M M 4.4 10 160 M M 0 M M
31 70 43 57 12 8 0 0.00 M M 5.2 14 150 M M 4 23 150
================================================================================
SM 1840 917 628 0 0.04 M 218.2 M 68
================================================================================
AV 59.4 29.6 7.0 FASTST M M 2 MAX(MPH)
MISC ----> 31 340 44 340
================================================================================
NOTES:
# LAST OF SEVERAL OCCURRENCES
COLUMN 17 PEAK WIND IN M.P.H.
PRELIMINARY LOCAL CLIMATOLOGICAL DATA (WS FORM: F-6) , PAGE 2
STATION: STEPHENVILLE
MONTH: JANUARY
YEAR: 2022
LATITUDE: 32 13 N
LONGITUDE: 98 11 W
[TEMPERATURE DATA] [PRECIPITATION DATA] SYMBOLS USED IN COLUMN 16
AVERAGE MONTHLY: 44.5 TOTAL FOR MONTH: 0.04 1 = FOG OR MIST
DPTR FM NORMAL: 0.8 DPTR FM NORMAL: -1.41 2 = FOG REDUCING VISIBILITY
HIGHEST: 79 ON 18 GRTST 24HR 0.04 ON 24-24 TO 1/4 MILE OR LESS
LOWEST: 17 ON 2 3 = THUNDER
SNOW, ICE PELLETS, HAIL 4 = ICE PELLETS
TOTAL MONTH: M 5 = HAIL
GRTST 24HR M ON M 6 = FREEZING RAIN OR DRIZZLE
GRTST DEPTH: M ON M 7 = DUSTSTORM OR SANDSTORM:
VSBY 1/2 MILE OR LESS
8 = SMOKE OR HAZE
[NO. OF DAYS WITH] [WEATHER - DAYS WITH] 9 = BLOWING SNOW
X = TORNADO
MAX 32 OR BELOW: 0 0.01 INCH OR MORE: 1
MAX 90 OR ABOVE: 0 0.10 INCH OR MORE: 0
MIN 32 OR BELOW: 19 0.50 INCH OR MORE: 0
MIN 0 OR BELOW: 0 1.00 INCH OR MORE: 0
[HDD (BASE 65) ]
TOTAL THIS MO. 628 CLEAR (SCALE 0-3) 20
DPTR FM NORMAL -33 PTCLDY (SCALE 4-7) 10
TOTAL FM JUL 1 1110 CLOUDY (SCALE 8-10) 1
DPTR FM NORMAL -637
[CDD (BASE 65) ]
TOTAL THIS MO. 0
DPTR FM NORMAL -1 [PRESSURE DATA]
TOTAL FM JAN 1 0 HIGHEST SLP M ON M
DPTR FM NORMAL -1 LOWEST SLP M ON M
[REMARKS]
#FINAL-01-22#