000
CXUS53 KLSX 011400
CF6SET
PRELIMINARY LOCAL CLIMATOLOGICAL DATA (WS FORM: F-6)
STATION: ST_CHARLES MO
MONTH: JUNE
YEAR: 2020
LATITUDE: 38 55 N
LONGITUDE: 90 26 W
TEMPERATURE IN F: :PCPN: SNOW: WIND :SUNSHINE: SKY :PK WND
================================================================================
1 2 3 4 5 6A 6B 7 8 9 10 11 12 13 14 15 16 17 18
12Z AVG MX 2MIN
DY MAX MIN AVG DEP HDD CDD WTR SNW DPTH SPD SPD DIR MIN PSBL S-S WX SPD DR
================================================================================
1 84 61 73 3 0 8 0.00 0.0 0 9.0 17 190 M M 1 22 180
2 91 65 78 7 0 13 0.00 0.0 0 8.4 18 210 M M 0 27 220
3 94 67 81 10 0 16 0.04 0.0 0 8.1 26 360 M M 2 38 36 360
4 86 70 78 7 0 13 0.07 0.0 0 6.3 22 60 M M 1 38 30 70
5 89 66 78 7 0 13 0.00 0.0 0 3.3 13 320 M M 1 12 17 270
6 95 67 81 9 0 16 0.00 0.0 0 3.2 12 50 M M 2 12 18 80
7 94 71 83 11 0 18 0.00 0.0 0 9.4 16 100 M M 0 21 100
8 92 69 81 9 0 16 T 0.0 0 12.7 21 100 M M 0 28 100
9 92 75 84 11 0 19 0.06 0.0 0 18.5 30 220 M M 7 1 46 200
10 83 66 75 2 0 10 T 0.0 0 14.4 29 280 M M 4 42 270
11 86 59 73 0 0 8 0.00 0.0 0 6.9 16 280 M M 0 24 300
12 92 63 78 5 0 13 0.00 0.0 0 4.9 13 40 M M 1 8 20 50
13 90 67 79 5 0 14 0.00 0.0 0 7.6 17 30 M M 2 23 20
14 83 66 75 1 0 10 0.00 0.0 0 10.3 21 100 M M 0 26 100
15 85 62 74 0 0 9 0.00 0.0 0 7.7 14 50 M M 2 22 60
16 86 56 71 -3 0 6 0.00 0.0 0 4.8 14 90 M M 0 20 100
17 89 63 76 1 0 11 0.00 0.0 0 6.0 14 110 M M 1 21 150
18 91 64 78 3 0 13 0.00 0.0 0 3.1 13 210 M M 1 17 120
19 92 65 79 4 0 14 0.00 0.0 0 3.5 15 210 M M 2 19 210
20 93 70 82 7 0 17 0.04 0.0 0 5.7 21 260 M M 3 3 29 260
21 92 69 81 5 0 16 0.01 0.0 0 5.8 24 80 M M 3 3 29 80
22 87 69 78 2 0 13 0.10 0.0 0 6.1 25 120 M M 3 13 37 130
23 84 64 74 -2 0 9 0.00 0.0 0 8.4 18 310 M M 3 25 290
24 85 59 72 -4 0 7 0.00 0.0 0 4.5 15 340 M M 0 19 310
25 91 61 76 0 0 11 0.00 0.0 0 2.6 12 320 M M 1 12 19 170
26 96 70 83 6 0 18 0.00 0.0 0 9.5 21 220 M M 1 28 220
27 85 73 79 2 0 14 1.29 0.0 0 7.3 25 190 M M 6 13 33 200
28 92 72 82 5 0 17 0.22 0.0 0 4.1 12 290 M M 3 13 16 280
29 90 76 83 6 0 18 0.00 0.0 0 7.5 20 180 M M 2 26 180
30 80 70 75 -2 0 10 1.70 0.0 0 7.1 25 360 M M 6 13 32 360
================================================================================
SM 2669 1995 0 390 3.53 0.0 216.7 M 58
================================================================================
AV 89.0 66.5 7.2 FASTST M M 2 MAX(MPH)
MISC ----> 30 220 46 200
================================================================================
NOTES:
# LAST OF SEVERAL OCCURRENCES
COLUMN 17 PEAK WIND IN M.P.H.
PRELIMINARY LOCAL CLIMATOLOGICAL DATA (WS FORM: F-6) , PAGE 2
STATION: ST_CHARLES MO
MONTH: JUNE
YEAR: 2020
LATITUDE: 38 55 N
LONGITUDE: 90 26 W
[TEMPERATURE DATA] [PRECIPITATION DATA] SYMBOLS USED IN COLUMN 16
AVERAGE MONTHLY: 77.7 TOTAL FOR MONTH: 3.53 1 = FOG OR MIST
DPTR FM NORMAL: 3.6 DPTR FM NORMAL: -0.76 2 = FOG REDUCING VISIBILITY
HIGHEST: 96 ON 26 GRTST 24HR 1.70 ON 30-30 TO 1/4 MILE OR LESS
LOWEST: 56 ON 16 3 = THUNDER
SNOW, ICE PELLETS, HAIL 4 = ICE PELLETS
TOTAL MONTH: 0.0 INCH 5 = HAIL
GRTST 24HR 0.0 6 = FREEZING RAIN OR DRIZZLE
GRTST DEPTH: 0 7 = DUSTSTORM OR SANDSTORM:
VSBY 1/2 MILE OR LESS
8 = SMOKE OR HAZE
[NO. OF DAYS WITH] [WEATHER - DAYS WITH] 9 = BLOWING SNOW
X = TORNADO
MAX 32 OR BELOW: 0 0.01 INCH OR MORE: 9
MAX 90 OR ABOVE: 16 0.10 INCH OR MORE: 4
MIN 32 OR BELOW: 0 0.50 INCH OR MORE: 2
MIN 0 OR BELOW: 0 1.00 INCH OR MORE: 2
[HDD (BASE 65) ]
TOTAL THIS MO. 0 CLEAR (SCALE 0-3) 24
DPTR FM NORMAL -7 PTCLDY (SCALE 4-7) 6
TOTAL FM JUL 1 2218 CLOUDY (SCALE 8-10) 0
DPTR FM NORMAL -2633
[CDD (BASE 65) ]
TOTAL THIS MO. 390
DPTR FM NORMAL 110 [PRESSURE DATA]
TOTAL FM JAN 1 508 HIGHEST SLP 30.31 ON 15
DPTR FM NORMAL 100 LOWEST SLP 29.36 ON 9
[REMARKS]
#FINAL-06-20#