000
CXUS55 KSEW 010930
CF6SEW
PRELIMINARY LOCAL CLIMATOLOGICAL DATA (WS FORM: F-6)
STATION: SEATTLE WA WFO
MONTH: OCTOBER
YEAR: 2023
LATITUDE: 47 41 N
LONGITUDE: 122 15 W
TEMPERATURE IN F: :PCPN: SNOW: WIND :SUNSHINE: SKY :PK WND
================================================================================
1 2 3 4 5 6A 6B 7 8 9 10 11 12 13 14 15 16 17 18
12Z AVG MX 2MIN
DY MAX MIN AVG DEP HDD CDD WTR SNW DPTH SPD SPD DIR MIN PSBL S-S WX SPD DR
================================================================================
1 67 45 56 -2 9 0 0.00 0.0 0 M M M M M M M M
2 58 51 55 -3 10 0 0.43 0.0 0 M M M M M M 1 M M
3 64 53 59 1 6 0 0.01 0.0 0 M M M M M M M M
4 69 55 62 5 3 0 0.00 0.0 0 M M M M M M M M
5 69 56 63 6 2 0 0.00 0.0 0 M M M M M M 1 M M
6 76 52 64 8 1 0 0.00 0.0 0 M M M M M M 1 M M
7 79 49 64 8 1 0 0.00 0.0 0 M M M M M M M M
8 72 54 63 7 2 0 0.00 0.0 0 M M M M M M M M
9 65 54 60 4 5 0 0.04 0.0 0 M M M M M M M M
10 58 52 55 0 10 0 0.40 0.0 0 M M M M M M M M
11 61 50 56 1 9 0 0.37 0.0 0 M M M M M M 1 M M
12 68 50 59 4 6 0 0.01 0.0 0 M M M M M M 1 M M
13 73 49 61 7 4 0 0.05 0.0 0 M M M M M M M M
14 62 55 59 5 6 0 0.13 0.0 0 M M M M M M M M
15 65 53 59 5 6 0 0.04 0.0 0 M M M M M M M M
16 64 52 58 5 7 0 0.49 0.0 0 M M M M M M M M
17 62 52 57 4 8 0 0.06 0.0 0 M M M M M M M M
18 71 51 61 8 4 0 0.00 0.0 0 M M M M M M M M
19 72 48 60 7 5 0 0.00 0.0 0 M M M M M M M M
20 64 53 59 7 6 0 0.00 0.0 0 M M M M M M M M
21 56 54 55 3 10 0 0.01 0.0 0 M M M M M M M M
22 59 46 53 1 12 0 T 0.0 0 M M M M M M M M
23 55 48 52 0 13 0 0.00 0.0 0 M M M M M M M M
24 54 44 49 -2 16 0 0.59 0.0 0 M M M M M M M M
25 54 36 45 -6 20 0 0.14 0.0 0 M M M M M M M M
26 53 35 44 -7 21 0 0.00 0.0 0 M M M M M M M M
27 51 35 43 -7 22 0 0.00 0.0 0 M M M M M M M M
28 53 31 42 -8 23 0 0.00 0.0 0 M M M M M M M M
29 57 32 45 -5 20 0 0.00 0.0 0 M M M M M M M M
30 60 38 49 -1 16 0 0.00 0.0 0 M M M M M M M M
31 54 33 44 -6 21 0 0.00 0.0 0 M M M M M M M M
================================================================================
SM 1945 1466 304 0 2.77 0.0 M M M
================================================================================
AV 62.7 47.3 M FASTST M M M MAX(MPH)
MISC ----> M M M M
================================================================================
NOTES:
# LAST OF SEVERAL OCCURRENCES
COLUMN 17 PEAK WIND IN M.P.H.
PRELIMINARY LOCAL CLIMATOLOGICAL DATA (WS FORM: F-6) , PAGE 2
STATION: SEATTLE WA WFO
MONTH: OCTOBER
YEAR: 2023
LATITUDE: 47 41 N
LONGITUDE: 122 15 W
[TEMPERATURE DATA] [PRECIPITATION DATA] SYMBOLS USED IN COLUMN 16
AVERAGE MONTHLY: 55.0 TOTAL FOR MONTH: 2.77 1 = FOG OR MIST
DPTR FM NORMAL: 1.4 DPTR FM NORMAL: -0.88 2 = FOG REDUCING VISIBILITY
HIGHEST: 79 ON 7 GRTST 24HR 0.59 ON 24-24 TO 1/4 MILE OR LESS
LOWEST: 31 ON 28 3 = THUNDER
SNOW, ICE PELLETS, HAIL 4 = ICE PELLETS
TOTAL MONTH: 0.0 INCH 5 = HAIL
GRTST 24HR 0.0 6 = FREEZING RAIN OR DRIZZLE
GRTST DEPTH: 0 7 = DUSTSTORM OR SANDSTORM:
VSBY 1/2 MILE OR LESS
8 = SMOKE OR HAZE
[NO. OF DAYS WITH] [WEATHER - DAYS WITH] 9 = BLOWING SNOW
X = TORNADO
MAX 32 OR BELOW: 0 0.01 INCH OR MORE: 14
MAX 90 OR ABOVE: 0 0.10 INCH OR MORE: 7
MIN 32 OR BELOW: 2 0.50 INCH OR MORE: 1
MIN 0 OR BELOW: 0 1.00 INCH OR MORE: 0
[HDD (BASE 65) ]
TOTAL THIS MO. 304 CLEAR (SCALE 0-3) 0
DPTR FM NORMAL -50 PTCLDY (SCALE 4-7) 0
TOTAL FM JUL 1 410 CLOUDY (SCALE 8-10) 31
DPTR FM NORMAL -103
[CDD (BASE 65) ]
TOTAL THIS MO. 0
DPTR FM NORMAL 0 [PRESSURE DATA]
TOTAL FM JAN 1 341 HIGHEST SLP M ON M
DPTR FM NORMAL 131 LOWEST SLP M ON M
[REMARKS]
#FINAL-10-23#