000
CXUS52 KMLB 010636
CF6SFB
PRELIMINARY LOCAL CLIMATOLOGICAL DATA (WS FORM: F-6)
STATION: SANFORD
MONTH: JULY
YEAR: 2023
LATITUDE: 28 46 N
LONGITUDE: 81 15 W
TEMPERATURE IN F: :PCPN: SNOW: WIND :SUNSHINE: SKY :PK WND
================================================================================
1 2 3 4 5 6A 6B 7 8 9 10 11 12 13 14 15 16 17 18
12Z AVG MX 2MIN
DY MAX MIN AVG DEP HDD CDD WTR SNW DPTH SPD SPD DIR MIN PSBL S-S WX SPD DR
================================================================================
1 93 74 84 1 0 19 0.00 0.0 0 5.8 17 80 M M 1 1 22 80
2 94 76 85 2 0 20 0.00 0.0 0 4.6 16 100 M M 0 21 110
3 98 76 87 4 0 22 T 0.0 0 5.1 16 230 M M 1 3 21 250
4 98 78 88 5 0 23 T 0.0 0 6.3 22 70 M M 1 138 29 80
5 96 77 87 4 0 22 0.32 0.0 0 4.8 28 260 M M 2 138 33 260
6 95 78 87 4 0 22 T 0.0 0 5.4 20 40 M M 2 3 27 360
7 93 77 85 2 0 20 0.44 0.0 0 7.6 20 340 M M 3 13 27 340
8 89 76 83 0 0 18 0.26 0.0 0 9.9 20 330 M M 2 13 26 340
9 94 77 86 3 0 21 T 0.0 0 8.2 18 270 M M 2 3 25 360
10 94 78 86 3 0 21 T 0.0 0 10.7 31 320 M M 1 3 43 320
11 88 78 83 0 0 18 T 0.0 0 8.7 21 270 M M 1 38 27 270
12 94 76 85 1 0 20 0.19 0.0 0 4.4 24 250 M M 2 138 35 250
13 95 76 86 2 0 21 T 0.0 0 5.2 16 330 M M 2 3 29 300
14 97 75 86 2 0 21 0.07 0.0 0 5.5 31 300 M M 3 13 42 280
15 95 76 86 2 0 21 0.04 0.0 0 6.4 23 220 M M 2 13 33 240
16 91 77 84 0 0 19 0.13 0.0 0 7.1 28 300 M M 3 13 37 300
17 89 76 83 -1 0 18 T 0.0 0 7.4 20 20 M M 2 3 29 50
18 94 76 85 1 0 20 T 0.0 0 5.3 18 30 M M 1 3 25 20
19 96 75 86 2 0 21 0.29 0.0 0 4.2 21 140 M M 2 13 28 140
20 96 77 87 3 0 22 0.00 0.0 0 5.1 14 140 M M 2 3 18 140
21 97 78 88 4 0 23 0.00 0.0 0 7.7 15 290 M M 1 23 280
22 96 76 86 2 0 21 0.01 0.0 0 10.4 31 10 M M 2 3 44 350
23 93 74 84 0 0 19 0.25 0.0 0 5.0 30 250 M M 1 13 38 250
24 94 76 85 1 0 20 T 0.0 0 9.2 33 260 M M 1 3 44 250
25 94 76 85 1 0 20 T 0.0 0 7.0 31 300 M M 1 3 43 290
26 95 76 86 2 0 21 0.31 0.0 0 3.5 15 80 M M 2 13 25 90
27 86 75 81 -3 0 16 0.09 0.0 0 4.4 21 80 M M 3 1 27 70
28 91 75 83 -1 0 18 0.00 0.0 0 5.7 22 140 M M 2 29 140
29 94 76 85 1 0 20 T 0.0 0 6.1 21 160 M M 2 3 26 200
30 96 74 85 1 0 20 0.75 0.0 0 5.5 23 10 M M 3 13 28 10
31 94 72 83 -1 0 18 0.55 0.0 0 4.5 31 260 M M 1 138 43 240
================================================================================
SM 2909 2357 0 625 3.70 0.0 196.7 M 54
================================================================================
AV 93.8 76.0 6.3 FASTST M M 2 MAX(MPH)
MISC ----> 33 260 # 44 350
================================================================================
NOTES:
# LAST OF SEVERAL OCCURRENCES
COLUMN 17 PEAK WIND IN M.P.H.
PRELIMINARY LOCAL CLIMATOLOGICAL DATA (WS FORM: F-6) , PAGE 2
STATION: SANFORD
MONTH: JULY
YEAR: 2023
LATITUDE: 28 46 N
LONGITUDE: 81 15 W
[TEMPERATURE DATA] [PRECIPITATION DATA] SYMBOLS USED IN COLUMN 16
AVERAGE MONTHLY: 84.9 TOTAL FOR MONTH: 3.70 1 = FOG OR MIST
DPTR FM NORMAL: 1.3 DPTR FM NORMAL: -3.59 2 = FOG REDUCING VISIBILITY
HIGHEST: 98 ON 4, 3 GRTST 24HR 1.29 ON 30-31 TO 1/4 MILE OR LESS
LOWEST: 72 ON 31 3 = THUNDER
SNOW, ICE PELLETS, HAIL 4 = ICE PELLETS
TOTAL MONTH: 0.0 INCH 5 = HAIL
GRTST 24HR 0.0 6 = FREEZING RAIN OR DRIZZLE
GRTST DEPTH: 0 7 = DUSTSTORM OR SANDSTORM:
VSBY 1/2 MILE OR LESS
8 = SMOKE OR HAZE
[NO. OF DAYS WITH] [WEATHER - DAYS WITH] 9 = BLOWING SNOW
X = TORNADO
MAX 32 OR BELOW: 0 0.01 INCH OR MORE: 14
MAX 90 OR ABOVE: 27 0.10 INCH OR MORE: 10
MIN 32 OR BELOW: 0 0.50 INCH OR MORE: 2
MIN 0 OR BELOW: 0 1.00 INCH OR MORE: 0
[HDD (BASE 65) ]
TOTAL THIS MO. 0 CLEAR (SCALE 0-3) 30
DPTR FM NORMAL 0 PTCLDY (SCALE 4-7) 1
TOTAL FM JUL 1 0 CLOUDY (SCALE 8-10) 0
DPTR FM NORMAL 0
[CDD (BASE 65) ]
TOTAL THIS MO. 625
DPTR FM NORMAL 50 [PRESSURE DATA]
TOTAL FM JAN 1 2280 HIGHEST SLP M ON M
DPTR FM NORMAL 341 LOWEST SLP 29.88 ON 8
[REMARKS]
#FINAL-07-23#
USED SFNF1 FOR PRECIP ON 7/7 DUE TO ASOS ISSUES