000
CXUS56 KMTR 010900
CF6SFD
PRELIMINARY LOCAL CLIMATOLOGICAL DATA (WS FORM: F-6)
STATION: SAN FRANCISCO DWTN CA
MONTH: MAY
YEAR: 2021
LATITUDE: 37 46 N
LONGITUDE: 122 26 W
TEMPERATURE IN F: :PCPN: SNOW: WIND :SUNSHINE: SKY :PK WND
================================================================================
1 2 3 4 5 6A 6B 7 8 9 10 11 12 13 14 15 16 17 18
12Z AVG MX 2MIN
DY MAX MIN AVG DEP HDD CDD WTR SNW DPTH SPD SPD DIR MIN PSBL S-S WX SPD DR
================================================================================
1 57 50 54 -3 11 0 0.01 M 0 M M M M M M M M
2 65 49 57 0 8 0 0.00 M 0 M M M M M M M M
3 70 51 61 4 4 0 0.00 M 0 M M M M M M M M
4 69 54 62 5 3 0 0.00 M 0 M M M M M M M M
5 60 49 55 -2 10 0 0.00 M 0 M M M M M M M M
6 59 48 54 -3 11 0 0.00 M 0 M M M M M M M M
7 64 49 57 0 8 0 0.00 M 0 M M M M M M M M
8 75 50 63 6 2 0 0.00 M 0 M M M M M M M M
9 70 52 61 4 4 0 0.00 M 0 M M M M M M M M
10 73 51 62 5 3 0 0.00 M 0 M M M M M M M M
11 60 50 55 -2 10 0 0.00 M 0 M M M M M M M M
12 60 48 54 -3 11 0 0.00 M 0 M M M M M M M M
13 56 48 52 -6 13 0 0.00 M 0 M M M M M M M M
14 55 49 52 -6 13 0 0.00 M 0 M M M M M M M M
15 56 49 53 -5 12 0 0.00 M 0 M M M M M M M M
16 57 50 54 -4 11 0 0.00 M 0 M M M M M M M M
17 56 49 53 -5 12 0 0.01 M 0 M M M M M M M M
18 63 50 57 -1 8 0 0.00 M 0 M M M M M M M M
19 59 49 54 -4 11 0 0.00 M 0 M M M M M M M M
20 60 48 54 -4 11 0 0.00 M 0 M M M M M M M M
21 61 49 55 -3 10 0 0.00 M 0 M M M M M M M M
22 61 49 55 -3 10 0 0.00 M 0 M M M M M M M M
23 59 51 55 -3 10 0 0.00 M 0 M M M M M M M M
24 58 49 54 -4 11 0 0.00 M 0 M M M M M M M M
25 61 51 56 -2 9 0 0.00 M 0 M M M M M M M M
26 62 50 56 -2 9 0 0.00 M 0 M M M M M M M M
27 61 49 55 -3 10 0 0.00 M 0 M M M M M M M M
28 60 51 56 -3 9 0 0.00 M 0 M M M M M M M M
29 57 50 54 -5 11 0 0.00 M 0 M M M M M M M M
30 67 51 59 0 6 0 0.00 M 0 M M M M M M M M
31 69 53 61 2 4 0 0.00 M 0 M M M M M M M M
================================================================================
SM 1920 1546 275 0 0.02 M M M M
================================================================================
AV 61.9 49.9 M FASTST M M M MAX(MPH)
MISC ----> M M M M
================================================================================
NOTES:
# LAST OF SEVERAL OCCURRENCES
COLUMN 17 PEAK WIND IN M.P.H.
PRELIMINARY LOCAL CLIMATOLOGICAL DATA (WS FORM: F-6) , PAGE 2
STATION: SAN FRANCISCO DWTN CA
MONTH: MAY
YEAR: 2021
LATITUDE: 37 46 N
LONGITUDE: 122 26 W
[TEMPERATURE DATA] [PRECIPITATION DATA] SYMBOLS USED IN COLUMN 16
AVERAGE MONTHLY: 55.9 TOTAL FOR MONTH: 0.02 1 = FOG OR MIST
DPTR FM NORMAL: -1.9 DPTR FM NORMAL: -0.68 2 = FOG REDUCING VISIBILITY
HIGHEST: 75 ON 8 GRTST 24HR 0.01 ON 1- 1 TO 1/4 MILE OR LESS
LOWEST: 48 ON 20,13 3 = THUNDER
SNOW, ICE PELLETS, HAIL 4 = ICE PELLETS
TOTAL MONTH: M 5 = HAIL
GRTST 24HR M ON M 6 = FREEZING RAIN OR DRIZZLE
GRTST DEPTH: 0 7 = DUSTSTORM OR SANDSTORM:
VSBY 1/2 MILE OR LESS
8 = SMOKE OR HAZE
[NO. OF DAYS WITH] [WEATHER - DAYS WITH] 9 = BLOWING SNOW
X = TORNADO
MAX 32 OR BELOW: 0 0.01 INCH OR MORE: 2
MAX 90 OR ABOVE: 0 0.10 INCH OR MORE: 0
MIN 32 OR BELOW: 0 0.50 INCH OR MORE: 0
MIN 0 OR BELOW: 0 1.00 INCH OR MORE: 0
[HDD (BASE 65) ]
TOTAL THIS MO. 275 CLEAR (SCALE 0-3) 0
DPTR FM NORMAL 43 PTCLDY (SCALE 4-7) 0
TOTAL FM JUL 1 2588 CLOUDY (SCALE 8-10) 31
DPTR FM NORMAL -23
[CDD (BASE 65) ]
TOTAL THIS MO. 0
DPTR FM NORMAL -8 [PRESSURE DATA]
TOTAL FM JAN 1 4 HIGHEST SLP M ON M
DPTR FM NORMAL -11 LOWEST SLP 9999.00 ON 1
[REMARKS]
#FINAL-05-21#