000
CXUS56 KMTR 012142
CF6SFD
PRELIMINARY LOCAL CLIMATOLOGICAL DATA (WS FORM: F-6)
STATION: SAN FRANCISCO DWTN CA
MONTH: MARCH
YEAR: 2021
LATITUDE: 37 46 N
LONGITUDE: 122 26 W
TEMPERATURE IN F: :PCPN: SNOW: WIND :SUNSHINE: SKY :PK WND
================================================================================
1 2 3 4 5 6A 6B 7 8 9 10 11 12 13 14 15 16 17 18
12Z AVG MX 2MIN
DY MAX MIN AVG DEP HDD CDD WTR SNW DPTH SPD SPD DIR MIN PSBL S-S WX SPD DR
================================================================================
1 67 48 58 3 7 0 0.00 M 0 M M M M M M M M
2 61 47 54 -1 11 0 0.00 M 0 M M M M M M M M
3 59 48 54 -1 11 0 0.00 M 0 M M M M M M M M
4 58 47 53 -2 12 0 0.00 M 0 M M M M M M M M
5 63 47 55 0 10 0 0.22 M 0 M M M M M M M M
6 54 45 50 -5 15 0 0.05 M 0 M M M M M M M M
7 57 44 51 -4 14 0 0.00 M 0 M M M M M M M M
8 57 48 53 -2 12 0 0.00 M 0 M M M M M M M M
9 56 45 51 -4 14 0 0.31 M 0 M M M M M M M M
10 53 44 49 -6 16 0 0.30 M 0 M M M M M M M M
11 56 43 50 -5 15 0 0.14 M 0 M M M M M M M M
12 60 45 53 -2 12 0 0.00 M 0 M M M M M M M M
13 53 48 51 -4 14 0 0.00 M 0 M M M M M M M M
14 55 45 50 -5 15 0 0.16 M 0 M M M M M M M M
15 53 44 49 -6 16 0 0.00 M 0 M M M M M M M M
16 53 43 48 -7 17 0 0.00 M 0 M M M M M M M M
17 54 44 49 -6 16 0 0.00 M 0 M M M M M M M M
18 54 49 52 -3 13 0 0.43 M 0 M M M M M M M M
19 58 50 54 -1 11 0 0.01 M 0 M M M M M M M M
20 57 46 52 -3 13 0 0.00 M 0 M M M M M M M M
21 59 45 52 -3 13 0 0.00 M 0 M M M M M M M M
22 58 46 52 -3 13 0 0.00 M 0 M M M M M M M M
23 65 48 57 2 8 0 0.00 M 0 M M M M M M M M
24 65 49 57 2 8 0 0.00 M 0 M M M M M M M M
25 58 48 53 -2 12 0 0.00 M 0 M M M M M M M M
26 67 47 57 2 8 0 0.00 M 0 M M M M M M M M
27 69 48 59 4 6 0 0.00 M 0 M M M M M M M M
28 67 46 57 2 8 0 0.00 M 0 M M M M M M M M
29 60 47 54 -1 11 0 0.00 M 0 M M M M M M M M
30 75 51 63 7 2 0 0.00 M 0 M M M M M M M M
31 80 54 67 11 0 2 0.00 M 0 M M M M M M M M
================================================================================
SM 1861 1449 353 2 1.62 M M M M
================================================================================
AV 60.0 46.7 M FASTST M M M MAX(MPH)
MISC ----> M M M M
================================================================================
NOTES:
# LAST OF SEVERAL OCCURRENCES
COLUMN 17 PEAK WIND IN M.P.H.
PRELIMINARY LOCAL CLIMATOLOGICAL DATA (WS FORM: F-6) , PAGE 2
STATION: SAN FRANCISCO DWTN CA
MONTH: MARCH
YEAR: 2021
LATITUDE: 37 46 N
LONGITUDE: 122 26 W
[TEMPERATURE DATA] [PRECIPITATION DATA] SYMBOLS USED IN COLUMN 16
AVERAGE MONTHLY: 53.4 TOTAL FOR MONTH: 1.62 1 = FOG OR MIST
DPTR FM NORMAL: -1.7 DPTR FM NORMAL: -1.64 2 = FOG REDUCING VISIBILITY
HIGHEST: 80 ON 31 GRTST 24HR 0.43 ON 18-18 TO 1/4 MILE OR LESS
LOWEST: 43 ON 16,11 3 = THUNDER
SNOW, ICE PELLETS, HAIL 4 = ICE PELLETS
TOTAL MONTH: M 5 = HAIL
GRTST 24HR M ON M 6 = FREEZING RAIN OR DRIZZLE
GRTST DEPTH: 0 7 = DUSTSTORM OR SANDSTORM:
VSBY 1/2 MILE OR LESS
8 = SMOKE OR HAZE
[NO. OF DAYS WITH] [WEATHER - DAYS WITH] 9 = BLOWING SNOW
X = TORNADO
MAX 32 OR BELOW: 0 0.01 INCH OR MORE: 8
MAX 90 OR ABOVE: 0 0.10 INCH OR MORE: 6
MIN 32 OR BELOW: 0 0.50 INCH OR MORE: 0
MIN 0 OR BELOW: 0 1.00 INCH OR MORE: 0
[HDD (BASE 65) ]
TOTAL THIS MO. 353 CLEAR (SCALE 0-3) 0
DPTR FM NORMAL 46 PTCLDY (SCALE 4-7) 0
TOTAL FM JUL 1 1983 CLOUDY (SCALE 8-10) 31
DPTR FM NORMAL -350
[CDD (BASE 65) ]
TOTAL THIS MO. 2
DPTR FM NORMAL 0 [PRESSURE DATA]
TOTAL FM JAN 1 2 HIGHEST SLP M ON M
DPTR FM NORMAL 0 LOWEST SLP 9999.00 ON 1
[REMARKS]
#FINAL-03-21#