000
CXUS56 KOTX 011143
CLMSFF
CLIMATE REPORT
NATIONAL WEATHER SERVICE SPOKANE WA
443 AM PDT THU JUN 01 2023
...................................
...THE SPOKANE WA FELTS AIRPORT CLIMATE SUMMARY FOR THE MONTH OF MAY 2023...
CLIMATE NORMAL PERIOD 1991 TO 2020
CLIMATE RECORD PERIOD 9999 TO 9999
WEATHER OBSERVED NORMAL DEPART LAST YEAR`S
VALUE DATE(S) VALUE FROM VALUE DATE(S)
NORMAL
................................................................
TEMPERATURE (F)
RECORD
HIGH 94 05/17/2006
LOW 28 05/10/1999
HIGHEST 91 05/20 MM MM 76 05/26
LOWEST 42 05/09 MM MM 36 05/08
05/09
05/11
AVG. MAXIMUM 76.8 69.7 7.1 63.4
AVG. MINIMUM 51.0 44.1 6.9 42.8
MEAN 63.9 56.9 7.0 53.1
DAYS MAX >= 90 1 0.5 0.5 0
DAYS MAX <= 32 0 0.0 0.0 0
DAYS MIN <= 32 0 1.5 -1.5 0
DAYS MIN <= 0 0 0.0 0.0 0
PRECIPITATION (INCHES)
RECORD
MAXIMUM 3.66 2020
MINIMUM 0.24 2021
TOTALS 1.54 1.70 -0.16 3.35
DAILY AVG. 0.05 0.05 -0.00 0.11
DAYS >= .01 10 10.0 0.0 13
DAYS >= .10 5 4.6 0.4 8
DAYS >= .50 0 0.9 -0.9 2
DAYS >= 1.00 0 0.1 -0.1 0
GREATEST
24 HR. TOTAL 0.78 05/04 TO 05/05 0.96
DEGREE DAYS
HEATING TOTAL 99 265 -166 362
SINCE 7/1 5817 5910 -93 MM
COOLING TOTAL 72 14 58 0
SINCE 1/1 74 14 60 MM
................................................................
WIND (MPH)
AVERAGE WIND SPEED 4.4
HIGHEST WIND SPEED/DIRECTION 24/070 DATE 05/14
HIGHEST GUST SPEED/DIRECTION 31/070 DATE 05/14
SKY COVER
POSSIBLE SUNSHINE (PERCENT) MM
AVERAGE SKY COVER 0.32
NUMBER OF DAYS FAIR 19
NUMBER OF DAYS PC 7
NUMBER OF DAYS CLOUDY 5
AVERAGE RH (PERCENT) 60
WEATHER CONDITIONS. NUMBER OF DAYS WITH
THUNDERSTORM 10 MIXED PRECIP 0
HEAVY RAIN 2 RAIN 5
LIGHT RAIN 12 FREEZING RAIN 0
LT FREEZING RAIN 0 HAIL 0
HEAVY SNOW 0 SNOW 0
LIGHT SNOW 0 SLEET 0
FOG 9 FOG W/VIS <= 1/4 MILE 0
HAZE 4
- INDICATES NEGATIVE NUMBERS.
R INDICATES RECORD WAS SET OR TIED.
MM INDICATES DATA IS MISSING.
T INDICATES TRACE AMOUNT.
$$