000
CXUS54 KHGX 030046
CF6SGR
PRELIMINARY LOCAL CLIMATOLOGICAL DATA (WS FORM: F-6)
STATION: SUGAR LAND/HULL FLD
MONTH: MARCH
YEAR: 2024
LATITUDE: 29 37 N
LONGITUDE: 95 39 W
TEMPERATURE IN F: :PCPN: SNOW: WIND :SUNSHINE: SKY :PK WND
================================================================================
1 2 3 4 5 6A 6B 7 8 9 10 11 12 13 14 15 16 17 18
12Z AVG MX 2MIN
DY MAX MIN AVG DEP HDD CDD WTR SNW DPTH SPD SPD DIR MIN PSBL S-S WX SPD DR
================================================================================
1 74 51 63 1 2 0 0.00 0.0 0 5.9 14 20 M M 7 16 20
2 73 52 63 1 2 0 0.00 0.0 0 4.6 13 150 M M 8 1 17 170
3 80 63 72 10 0 7 0.00 0.0 0 7.9 17 140 M M 9 1 23 180
4 83 69 76 14 0 11 T 0.0 0 7.7 15 180 M M 6 1 20 180
5 89 68 79 16 0 14 T 0.0 0 6.4 20 130 M M 6 1 28 140
6 80 64 72 9 0 7 0.00 0.0 0 6.9 14 160 M M 6 1 22 130
7 81 64 73 10 0 8 0.07 0.0 0 10.2 20 160 M M 8 1 25 160
8 85 68 77 14 0 12 T 0.0 0 7.8 15 340 M M 6 22 330
9 68 49 59 -4 6 0 0.00 0.0 0 13.4 25 350 M M 4 37 350
10 70 43 57 -7 8 0 0.00 0.0 0 3.3 13 50 M M 0 19 60
11 74 50 62 -2 3 0 0.00 0.0 0 5.6 16 150 M M 7 22 140
12 78 55 67 3 0 2 0.00 0.0 0 7.9 18 180 M M 4 1 24 170
13 82 64 73 9 0 8 0.00 0.0 0 11.3 22 170 M M 8 27 180
14 84 73 79 15 0 14 0.00 0.0 0 13.7 24 160 M M 6 1 33 180
15 84 68 76 11 0 11 0.93 0.0 0 8.6 26 120 M M 7 13 40 130
16 77 66 72 7 0 7 0.08 0.0 0 9.1 23 120 M M 10 3 30 120
17 79 62 71 6 0 6 0.19 0.0 0 7.9 16 360 M M 7 13 25 280
18 72 54 63 -2 2 0 0.00 0.0 0 13.8 25 30 M M 3 33 30
19 65 43 54 -11 11 0 T 0.0 0 4.9 13 30 M M 3 18 30
20 70 53 62 -4 3 0 0.03 0.0 0 4.9 15 160 M M 10 18 160
21 70 58 64 -2 1 0 1.25 0.0 0 10.9 37 290 M M 10 13 52 280
22 75 55 65 -1 0 0 T 0.0 0 8.7 22 360 M M 5 13 34 340
23 79 50 65 -1 0 0 0.00 0.0 0 4.3 14 40 M M 0 1 18 30
24 74 60 67 1 0 2 0.00 0.0 0 14.0 29 160 M M 6 39 170
25 78 54 66 0 0 1 0.04 0.0 0 9.0 24 320 M M 6 1 34 340
26 71 53 62 -4 3 0 0.00 0.0 0 8.5 21 10 M M 0 27 360
27 70 47 59 -8 6 0 T 0.0 0 5.5 16 20 M M 3 21 30
28 77 47 62 -5 3 0 0.00 0.0 0 5.0 16 160 M M 1 1 22 160
29 77 54 66 -1 0 1 0.00 0.0 0 10.6 23 150 M M 0 32 190
30 77 59 68 1 0 3 0.00 0.0 0 8.8 16 140 M M 5 24 160
31 81 66 74 7 0 9 T 0.0 0 10.9 20 170 M M 9 1 26 180
================================================================================
SM 2377 1782 50 123 2.59 0.0 258.0 M 170
================================================================================
AV 76.7 57.5 8.3 FASTST M M 5 MAX(MPH)
MISC ----> 37 290 52 280
================================================================================
NOTES:
# LAST OF SEVERAL OCCURRENCES
COLUMN 17 PEAK WIND IN M.P.H.
PRELIMINARY LOCAL CLIMATOLOGICAL DATA (WS FORM: F-6) , PAGE 2
STATION: SUGAR LAND/HULL FLD
MONTH: MARCH
YEAR: 2024
LATITUDE: 29 37 N
LONGITUDE: 95 39 W
[TEMPERATURE DATA] [PRECIPITATION DATA] SYMBOLS USED IN COLUMN 16
AVERAGE MONTHLY: 67.1 TOTAL FOR MONTH: 2.59 1 = FOG OR MIST
DPTR FM NORMAL: 2.4 DPTR FM NORMAL: -0.90 2 = FOG REDUCING VISIBILITY
HIGHEST: 89 ON 5 GRTST 24HR 1.25 ON 21-21 TO 1/4 MILE OR LESS
LOWEST: 43 ON 19,10 3 = THUNDER
SNOW, ICE PELLETS, HAIL 4 = ICE PELLETS
TOTAL MONTH: 0.0 INCH 5 = HAIL
GRTST 24HR 0.0 6 = FREEZING RAIN OR DRIZZLE
GRTST DEPTH: 0 7 = DUSTSTORM OR SANDSTORM:
VSBY 1/2 MILE OR LESS
8 = SMOKE OR HAZE
[NO. OF DAYS WITH] [WEATHER - DAYS WITH] 9 = BLOWING SNOW
X = TORNADO
MAX 32 OR BELOW: 0 0.01 INCH OR MORE: 7
MAX 90 OR ABOVE: 0 0.10 INCH OR MORE: 3
MIN 32 OR BELOW: 0 0.50 INCH OR MORE: 2
MIN 0 OR BELOW: 0 1.00 INCH OR MORE: 1
[HDD (BASE 65) ]
TOTAL THIS MO. 50 CLEAR (SCALE 0-3) 8
DPTR FM NORMAL -58 PTCLDY (SCALE 4-7) 16
TOTAL FM JUL 1 1025 CLOUDY (SCALE 8-10) 7
DPTR FM NORMAL -91
[CDD (BASE 65) ]
TOTAL THIS MO. 123
DPTR FM NORMAL 24 [PRESSURE DATA]
TOTAL FM JAN 1 175 HIGHEST SLP 30.32 ON 10
DPTR FM NORMAL 14 LOWEST SLP 29.50 ON 25
[REMARKS]
#FINAL-03-24#