000
CXUS55 KBYZ 011000
CF6SHR
PRELIMINARY LOCAL CLIMATOLOGICAL DATA (WS FORM: F-6)
STATION: SHERIDAN WY
MONTH: OCTOBER
YEAR: 2021
LATITUDE: 44 46 N
LONGITUDE: 106 58 W
TEMPERATURE IN F: :PCPN: SNOW: WIND :SUNSHINE: SKY :PK WND
================================================================================
1 2 3 4 5 6A 6B 7 8 9 10 11 12 13 14 15 16 17 18
12Z AVG MX 2MIN
DY MAX MIN AVG DEP HDD CDD WTR SNW DPTH SPD SPD DIR MIN PSBL S-S WX SPD DR
================================================================================
1 77 30 54 2 11 0 0.00 M M 3.6 15 350 M M 0 24 340
2 78 36 57 5 8 0 0.00 M M 3.0 12 100 M M 0 16 130
3 84 40 62 11 3 0 0.00 M M 2.1 9 50 M M 0 13 40
4 87 39 63 12 2 0 0.00 M M 4.8 15 280 M M 0 20 140
5 89 47 68 18 0 3 0.00 M M 3.1 14 150 M M 0 17 150
6 76 45 61 11 4 0 T M M 5.2 16 340 M M 2 3 20 350
7 71 49 60 10 5 0 0.00 M M 6.8 17 310 M M 3 37 210
8 72 43 58 9 7 0 0.14 M M 4.2 17 280 M M 4 1 21 310
9 53 48 51 3 14 0 0.35 M M 11.5 25 300 M M 10 1 32 310
10 68 36 52 4 13 0 0.00 M M 5.4 20 330 M M 1 23 330
11 50 33 42 -6 23 0 0.73 M M 8.7 22 300 M M 10 1 33 300
12 34 31 33 -14 32 0 0.69 M M 7.9 15 320 M M 9 126 17 320
13 39 31 35 -12 30 0 0.02 M M 14.5 28 300 M M 10 18 32 300
14 45 28 37 -9 28 0 0.00 M M 6.2 15 350 M M 9 20 350
15 51 31 41 -5 24 0 0.00 M M 6.3 13 270 M M 4 14 270
16 66 30 48 3 17 0 0.00 M M 4.3 17 140 M M 0 20 140
17 70 31 51 6 14 0 0.00 M M 3.1 10 190 M M 0 12 340
18 73 37 55 11 10 0 0.00 M M 5.5 16 310 M M 0 21 310
19 49 37 43 -1 22 0 0.00 M M 12.4 21 310 M M 8 1 25 310
20 57 33 45 1 20 0 0.00 M M 2.5 9 290 M M 4 1 10 10
21 68 32 50 7 15 0 0.00 M M 4.0 13 150 M M 1 15 140
22 72 33 53 10 12 0 0.00 M M 4.0 16 120 M M 0 21 120
23 59 38 49 7 16 0 0.19 M M 5.8 18 300 M M 5 1 23 310
24 62 34 48 6 17 0 0.00 M M 5.3 16 150 M M 2 22 140
25 63 37 50 8 15 0 0.00 M M 5.7 21 310 M M 0 26 310
26 50 32 41 0 24 0 0.39 M M 12.3 29 310 M M 6 1 37 300
27 60 31 46 5 19 0 T M M 12.7 40 320 M M 1 51 320
28 58 29 44 4 21 0 0.00 M M 4.6 13 350 M M 3 16 350
29 72 34 53 13 12 0 0.00 M M 5.4 20 280 M M 0 24 280
30 61 32 47 7 18 0 0.04 M M 13.0 25 310 M M 9 1 32 320
31 37 30 34 -5 31 0 0.01 M M 3.3 9 150 M M 10 168 13 150
================================================================================
SM 1951 1097 487 3 2.56 M 197.2 M 111
================================================================================
AV 62.9 35.4 6.4 FASTST M M 4 MAX(MPH)
MISC ----> 40 320 51 320
================================================================================
NOTES:
# LAST OF SEVERAL OCCURRENCES
COLUMN 17 PEAK WIND IN M.P.H.
PRELIMINARY LOCAL CLIMATOLOGICAL DATA (WS FORM: F-6) , PAGE 2
STATION: SHERIDAN WY
MONTH: OCTOBER
YEAR: 2021
LATITUDE: 44 46 N
LONGITUDE: 106 58 W
[TEMPERATURE DATA] [PRECIPITATION DATA] SYMBOLS USED IN COLUMN 16
AVERAGE MONTHLY: 49.2 TOTAL FOR MONTH: 2.56 1 = FOG OR MIST
DPTR FM NORMAL: 3.8 DPTR FM NORMAL: 0.99 2 = FOG REDUCING VISIBILITY
HIGHEST: 89 ON 5 GRTST 24HR 1.09 ON 11-12 TO 1/4 MILE OR LESS
LOWEST: 28 ON 14 3 = THUNDER
SNOW, ICE PELLETS, HAIL 4 = ICE PELLETS
TOTAL MONTH: M 5 = HAIL
GRTST 24HR M ON M 6 = FREEZING RAIN OR DRIZZLE
GRTST DEPTH: M ON M 7 = DUSTSTORM OR SANDSTORM:
VSBY 1/2 MILE OR LESS
8 = SMOKE OR HAZE
[NO. OF DAYS WITH] [WEATHER - DAYS WITH] 9 = BLOWING SNOW
X = TORNADO
MAX 32 OR BELOW: 0 0.01 INCH OR MORE: 9
MAX 90 OR ABOVE: 0 0.10 INCH OR MORE: 6
MIN 32 OR BELOW: 13 0.50 INCH OR MORE: 2
MIN 0 OR BELOW: 0 1.00 INCH OR MORE: 0
[HDD (BASE 65) ]
TOTAL THIS MO. 487 CLEAR (SCALE 0-3) 16
DPTR FM NORMAL -121 PTCLDY (SCALE 4-7) 8
TOTAL FM JUL 1 636 CLOUDY (SCALE 8-10) 7
DPTR FM NORMAL -245
[CDD (BASE 65) ]
TOTAL THIS MO. 3
DPTR FM NORMAL 1 [PRESSURE DATA]
TOTAL FM JAN 1 693 HIGHEST SLP 30.47 ON 31
DPTR FM NORMAL 251 LOWEST SLP 29.40 ON 25
[REMARKS]
#FINAL-10-21#