000
CXUS56 KFGZ 010910
CF6SJN
PRELIMINARY LOCAL CLIMATOLOGICAL DATA (WS FORM: F-6)
STATION: SAINT JOHNS AZ AIRPORT
MONTH: APRIL
YEAR: 2022
LATITUDE: 34 31 N
LONGITUDE: 109 23 W
TEMPERATURE IN F: :PCPN: SNOW: WIND :SUNSHINE: SKY :PK WND
================================================================================
1 2 3 4 5 6A 6B 7 8 9 10 11 12 13 14 15 16 17 18
12Z AVG MX 2MIN
DY MAX MIN AVG DEP HDD CDD WTR SNW DPTH SPD SPD DIR MIN PSBL S-S WX SPD DR
================================================================================
1 66 36 51 2 14 0 0.00 M M 6.5 16 320 M M 0 23 300
2 75 32 54 5 11 0 0.00 M M 7.5 22 240 M M 0 26 240
3 73 36 55 6 10 0 0.00 M M 8.1 22 260 M M 0 30 230
4 70 40 55 5 10 0 0.00 M M 9.2 22 320 M M 0 27 320
5 79 50 65 15 0 0 0.00 M M 19.1 35 290 M M 0 57 260
6 66 30 48 -2 17 0 0.00 M M 9.7 23 330 M M 0 30 360
7 69 23 46 -4 19 0 0.00 M M 5.6 16 310 M M 0 24 320
8 74 25 50 0 15 0 0.00 M M 4.5 16 340 M M 0 19 330
9 78 28 53 2 12 0 0.00 M M 11.0 32 240 M M 0 43 270
10 71 50 61 10 4 0 0.00 M M 20.0 33 250 M M 0 42 220
11 71 44 58 7 7 0 0.00 M M 18.8 38 230 M M 0 50 220
12 60 34 47 -4 18 0 0.00 M M 22.7 40 240 M M 2 51 250
13 61 23 42 -10 23 0 0.00 M M 11.5 29 280 M M 0 35 290
14 70 26 48 -4 17 0 0.00 M M 8.2 28 240 M M 0 33 240
15 74 42 58 6 7 0 0.00 M M 12.7 26 250 M M 0 33 250
16 75 32 54 2 11 0 0.00 M M 13.5 31 240 M M 0 41 240
17 78 36 57 5 8 0 0.00 M M 6.0 26 240 M M 0 34 240
18 84 29 57 4 8 0 0.00 M M 8.3 24 250 M M 0 31 260
19 79 56 68 15 0 3 0.00 M M 18.7 36 250 M M 0 51 270
20 78 48 63 10 2 0 0.00 M M 15.2 32 260 M M 0 42 250
21 80 37 59 5 6 0 0.00 M M 10.4 29 240 M M 0 37 240
22 74 40 57 3 8 0 0.00 M M 22.2 48 230 M M 0 8 66 230
23 62 32 47 -7 18 0 0.00 M M 9.1 23 290 M M 0 28 280
24 63 29 46 -8 19 0 0.00 M M 5.9 23 300 M M 0 26 300
25 72 27 50 -5 15 0 0.00 M M 5.2 14 70 M M 0 19 80
26 81 30 56 1 9 0 0.00 M M 9.4 26 250 M M 0 32 170
27 78 47 63 8 2 0 0.00 M M 11.5 26 230 M M 0 38 230
28 76 39 58 2 7 0 0.00 M M 10.7 26 230 M M 0 35 270
29 75 38 57 1 8 0 0.00 M M 10.3 25 300 M M 0 32 290
30 78 32 55 -1 10 0 0.00 M M 5.5 18 320 M M 0 23 340
================================================================================
SM 2190 1071 315 3 0.00 M 337.0 M 2
================================================================================
AV 73.0 35.7 11.2 FASTST M M 0 MAX(MPH)
MISC ----> 48 230 66 230
================================================================================
NOTES:
# LAST OF SEVERAL OCCURRENCES
COLUMN 17 PEAK WIND IN M.P.H.
PRELIMINARY LOCAL CLIMATOLOGICAL DATA (WS FORM: F-6) , PAGE 2
STATION: SAINT JOHNS AZ AIRPORT
MONTH: APRIL
YEAR: 2022
LATITUDE: 34 31 N
LONGITUDE: 109 23 W
[TEMPERATURE DATA] [PRECIPITATION DATA] SYMBOLS USED IN COLUMN 16
AVERAGE MONTHLY: 54.4 TOTAL FOR MONTH: 0.00 1 = FOG OR MIST
DPTR FM NORMAL: 2.0 DPTR FM NORMAL: -0.29 2 = FOG REDUCING VISIBILITY
HIGHEST: 84 ON 18 GRTST 24HR T ON 2- 2 TO 1/4 MILE OR LESS
LOWEST: 23 ON 13, 7 3 = THUNDER
SNOW, ICE PELLETS, HAIL 4 = ICE PELLETS
TOTAL MONTH: M 5 = HAIL
GRTST 24HR M ON M 6 = FREEZING RAIN OR DRIZZLE
GRTST DEPTH: M ON M 7 = DUSTSTORM OR SANDSTORM:
VSBY 1/2 MILE OR LESS
8 = SMOKE OR HAZE
[NO. OF DAYS WITH] [WEATHER - DAYS WITH] 9 = BLOWING SNOW
X = TORNADO
MAX 32 OR BELOW: 0 0.01 INCH OR MORE: 0
MAX 90 OR ABOVE: 0 0.10 INCH OR MORE: 0
MIN 32 OR BELOW: 14 0.50 INCH OR MORE: 0
MIN 0 OR BELOW: 0 1.00 INCH OR MORE: 0
[HDD (BASE 65) ]
TOTAL THIS MO. 315 CLEAR (SCALE 0-3) 30
DPTR FM NORMAL -67 PTCLDY (SCALE 4-7) 0
TOTAL FM JUL 1 4595 CLOUDY (SCALE 8-10) 0
DPTR FM NORMAL -103
[CDD (BASE 65) ]
TOTAL THIS MO. 3
DPTR FM NORMAL 2 [PRESSURE DATA]
TOTAL FM JAN 1 3 HIGHEST SLP M ON M
DPTR FM NORMAL 2 LOWEST SLP 29.44 ON 12
[REMARKS]
#FINAL-04-22#