000
CXUS56 KSLC 020840
CF6SLC
PRELIMINARY LOCAL CLIMATOLOGICAL DATA (WS FORM: F-6)
STATION: SALT LAKE CITY UT
MONTH: DECEMBER
YEAR: 2021
LATITUDE: 40 46 N
LONGITUDE: 111 58 W
TEMPERATURE IN F: :PCPN: SNOW: WIND :SUNSHINE: SKY :PK WND
================================================================================
1 2 3 4 5 6A 6B 7 8 9 10 11 12 13 14 15 16 17 18
12Z AVG MX 2MIN
DY MAX MIN AVG DEP HDD CDD WTR SNW DPTH SPD SPD DIR MIN PSBL S-S WX SPD DR
================================================================================
1 55 30 43 7 22 0 0.00 0.0 0 2.8 12 150 M M 2 18 16 130
2 57 30 44 9 21 0 0.00 0.0 0 3.7 14 340 M M 1 18 17 340
3 52 30 41 6 24 0 0.00 0.0 0 4.8 12 20 M M 0 18 14 20
4 56 30 43 9 22 0 0.00 0.0 0 4.6 14 120 M M 1 18 15 120
5 55 32 44 10 21 0 0.00 0.0 0 6.4 17 350 M M 0 23 340
6 43 29 36 2 29 0 0.00 0.0 0 4.0 9 10 M M 7 11 120
7 52 33 43 9 22 0 0.00 0.0 0 4.5 10 340 M M 4 8 14 320
8 52 32 42 9 23 0 T 0.0 0 10.6 24 180 M M 3 30 180
9 46 28 37 4 28 0 0.53 1.4 0 8.8 16 330 M M 10 1 23 340
10 32 25 29 -4 36 0 0.04 0.8 1 7.7 21 290 M M 7 1 28 270
11 32 22 27 -6 38 0 0.00 0.0 1 11.5 20 170 M M 3 27 150
12 49 32 41 9 24 0 0.00 0.0 1 12.6 21 170 M M 6 29 160
13 50 39 45 13 20 0 0.00 0.0 0 17.4 30 150 M M 7 41 150
14 56 32 44 12 21 0 0.44 4.5 0 20.1 35 170 M M 6 1239 47 180
15 33 21 27 -5 38 0 0.08 4.2 8 9.7 14 160 M M 5 1 18 150
16 34 28 31 -1 34 0 T 0.1 7 8.5 24 190 M M 8 1 34 180
17 37 25 31 -1 34 0 T T 6 6.6 15 300 M M 6 1 20 290
18 36 20 28 -3 37 0 0.00 0.0 4 5.7 13 150 M M 0 18 16 150
19 34 18 26 -5 39 0 0.00 0.0 4 2.9 13 330 M M 1 18 14 330
20 39 22 31 0 34 0 0.00 0.0 3 2.8 9 340 M M 2 18 10 340
21 38 22 30 -1 35 0 0.00 0.0 3 3.5 12 360 M M 1 128 13 360
22 32 14 23 -8 42 0 0.00 0.0 3 3.2 14 320 M M 6 128 16 320
23 50 28 39 8 26 0 0.11 0.0 3 17.0 32 170 M M 5 18 48 170
24 46 35 41 10 24 0 0.02 T 0 14.3 28 180 M M 7 3 45 260
25 49 35 42 11 23 0 0.00 0.0 0 14.5 30 160 M M 4 40 170
26 43 29 36 5 29 0 0.13 1.5 2 15.4 37 170 M M 6 1239 50 170
27 39 22 31 0 34 0 0.13 3.0 1 17.2 39 310 M M 6 12 49 310
28 26 19 23 -8 42 0 0.02 0.4 3 3.8 14 350 M M 9 18 17 350
29 34 16 25 -6 40 0 0.00 0.0 2 13.3 25 170 M M 8 35 170
30 43 31 37 6 28 0 0.14 2.0 2 14.0 29 170 M M 9 1 38 150
31 33 14 24 -7 41 0 0.20 3.6 5 5.8 20 300 M M 9 1 27 310
================================================================================
SM 1333 823 931 0 1.84 21.5 277.7 M 149
================================================================================
AV 43.0 26.5 9.0 FASTST M M 5 MAX(MPH)
MISC ----> 39 310 50 170
================================================================================
NOTES:
# LAST OF SEVERAL OCCURRENCES
COLUMN 17 PEAK WIND IN M.P.H.
PRELIMINARY LOCAL CLIMATOLOGICAL DATA (WS FORM: F-6) , PAGE 2
STATION: SALT LAKE CITY UT
MONTH: DECEMBER
YEAR: 2021
LATITUDE: 40 46 N
LONGITUDE: 111 58 W
[TEMPERATURE DATA] [PRECIPITATION DATA] SYMBOLS USED IN COLUMN 16
AVERAGE MONTHLY: 34.8 TOTAL FOR MONTH: 1.84 1 = FOG OR MIST
DPTR FM NORMAL: 2.6 DPTR FM NORMAL: 0.44 2 = FOG REDUCING VISIBILITY
HIGHEST: 57 ON 2 GRTST 24HR 0.53 ON 8- 9 TO 1/4 MILE OR LESS
LOWEST: 14 ON 31,22 3 = THUNDER
SNOW, ICE PELLETS, HAIL 4 = ICE PELLETS
TOTAL MONTH: 21.5 INCHES 5 = HAIL
GRTST 24HR 4.5 ON 14-14 6 = FREEZING RAIN OR DRIZZLE
GRTST DEPTH: 8 ON 15 7 = DUSTSTORM OR SANDSTORM:
VSBY 1/2 MILE OR LESS
8 = SMOKE OR HAZE
[NO. OF DAYS WITH] [WEATHER - DAYS WITH] 9 = BLOWING SNOW
X = TORNADO
MAX 32 OR BELOW: 4 0.01 INCH OR MORE: 11
MAX 90 OR ABOVE: 0 0.10 INCH OR MORE: 7
MIN 32 OR BELOW: 27 0.50 INCH OR MORE: 1
MIN 0 OR BELOW: 0 1.00 INCH OR MORE: 0
[HDD (BASE 65) ]
TOTAL THIS MO. 931 CLEAR (SCALE 0-3) 11
DPTR FM NORMAL -87 PTCLDY (SCALE 4-7) 15
TOTAL FM JUL 1 1943 CLOUDY (SCALE 8-10) 5
DPTR FM NORMAL -170
[CDD (BASE 65) ]
TOTAL THIS MO. 0
DPTR FM NORMAL 0 [PRESSURE DATA]
TOTAL FM JAN 1 1773 HIGHEST SLP 30.48 ON 18
DPTR FM NORMAL 353 LOWEST SLP 29.34 ON 26
[REMARKS]
#FINAL-12-21#