000
CXUS45 KSLC 010758
CLMSLC
CLIMATE REPORT
NATIONAL WEATHER SERVICE SALT LAKE CITY UT
158 AM MDT THU JUN 01 2023
...................................
...THE SALT LAKE CITY UT CLIMATE SUMMARY FOR THE MONTH OF MAY 2023...
CLIMATE NORMAL PERIOD 1991 TO 2020
CLIMATE RECORD PERIOD 1874 TO 2023
WEATHER OBSERVED NORMAL DEPART LAST YEAR`S
VALUE DATE(S) VALUE FROM VALUE DATE(S)
NORMAL
................................................................
TEMPERATURE (F)
RECORD
HIGH 99 05/29/2003
05/28/2003
LOW 25 05/06/1965
05/02/1899
HIGHEST 88 05/21 94 05/26
LOWEST 43 05/07 35 05/10
AVG. MAXIMUM 78.5 72.6 5.9 71.0
AVG. MINIMUM 55.9 50.4 5.5 47.7
MEAN 67.2 61.5 5.7 59.4
DAYS MAX >= 90 0 1.3 -1.3 1
DAYS MAX <= 32 0 0.0 0.0 0
DAYS MIN <= 32 0 0.2 -0.2 0
DAYS MIN <= 0 0 0.0 0.0 0
PRECIPITATION (INCHES)
TOTALS 0.52R 1.82 -1.30 1.68
DAYS >= .01 10 8.9 1.1 9
DAYS >= .10 1 5.0 -4.0 4
DAYS >= .50 0 0.9 -0.9 0
DAYS >= 1.00 0 0.0 0.0 0
SNOWFALL (INCHES)
TOTALS 0.0 0.1 -0.1 0.0
SINCE 7/1 87.5 51.9 MM
DEGREE DAYS
HEATING TOTAL 53 172 -119 221
SINCE 7/1 5183 5117 66 MM
COOLING TOTAL 129 63 66 52
SINCE 1/1 141 68 73 MM
................................................................
WIND (MPH)
AVERAGE WIND SPEED 8.6
HIGHEST WIND SPEED/DIRECTION 39/310 DATE 05/08
HIGHEST GUST SPEED/DIRECTION 53/300 DATE 05/08
WEATHER CONDITIONS. NUMBER OF DAYS WITH
THUNDERSTORM 11 RAIN 2
HAIL 1 SNOW 0
FOG 1 FOG W/VIS <= 1/4 MILE 0
HAZE 8
- INDICATES NEGATIVE NUMBERS.
R INDICATES RECORD WAS SET OR TIED.
MM INDICATES DATA IS MISSING.
T INDICATES TRACE AMOUNT.
$$