000
CXUS56 KPQR 110259
CF6SLE
PRELIMINARY LOCAL CLIMATOLOGICAL DATA (WS FORM: F-6)
STATION: SALEM OR
MONTH: JANUARY
YEAR: 2024
LATITUDE: 44 55 N
LONGITUDE: 123 0 W
TEMPERATURE IN F: :PCPN: SNOW: WIND :SUNSHINE: SKY :PK WND
================================================================================
1 2 3 4 5 6A 6B 7 8 9 10 11 12 13 14 15 16 17 18
12Z AVG MX 2MIN
DY MAX MIN AVG DEP HDD CDD WTR SNW DPTH SPD SPD DIR MIN PSBL S-S WX SPD DR
================================================================================
1 42 38 40 -1 25 0 0.00 M M 3.9 7 50 M M 10 1 10 150
2 43 38 41 0 24 0 0.14 M M 2.3 9 310 M M 10 12 11 310
3 51 39 45 4 20 0 0.05 M M 7.8 16 180 M M 8 128 20 200
4 51 35 43 2 22 0 0.24 M M 9.1 18 180 M M 8 18 24 190
5 49 34 42 1 23 0 0.08 M M 12.8 30 180 M M 4 1 37 190
6 46 36 41 0 24 0 0.88 M M 8.6 21 190 M M 9 1 27 190
7 47 36 42 0 23 0 0.07 M M 6.3 14 280 M M 8 8 19 290
8 49 41 45 3 20 0 0.60 M M 14.8 28 190 M M 10 18 36 200
9 50 38 44 2 21 0 1.17 M M 14.0 31 200 M M 9 18 41 210
10 44 36 40 -2 25 0 0.22 M M 10.0 24 280 M M 9 1 33 270
11 46 37 42 0 23 0 0.18 M M 9.8 18 190 M M 9 1 23 180
12 43 23 33 -9 32 0 0.19 M M 6.0 16 30 M M 10 1 19 20
13 23 16 20 -22 45 0 0.52 1.0 M 14.4 22 350 M M 10 168 29 340
14 24 16 20 -22 45 0 T M M 6.9 14 350 M M 10 16 17 360
15 30 18 24 -18 41 0 0.00 M M 9.6 16 10 M M 2 8 19 350
16 29 16 23 -19 42 0 0.44 M M 3.7 9 350 M M 4 16 11 360
17 46 29 38 -4 27 0 0.48 M M 8.0 23 190 M M 10 126 30 180
18 48 34 41 -1 24 0 0.81 M M 7.7 13 340 M M 10 1 16 360
19 41 33 37 -5 28 0 T M M 8.4 15 350 M M 2 19 360
20 41 31 36 -6 29 0 0.29 M M 3.5 9 30 M M 8 1 10 30
21 52 39 46 4 19 0 0.69 M M 5.3 15 140 M M 10 1 18 140
22 55 49 52 9 13 0 0.39 M M 9.9 23 170 M M 10 18 30 170
23 54 42 48 5 17 0 T M M 5.6 13 190 M M 7 16 180
24 57 43 50 7 15 0 0.89 M M 9.0 24 180 M M 9 1 30 170
25 54 43 49 6 16 0 0.10 M M 9.5 17 180 M M 8 1 23 190
26 56 42 49 6 16 0 0.56 M M 4.3 17 190 M M 9 1 23 160
27 63 50 57 14 8 0 0.95 M M 11.6 24 170 M M 10 18 34 170
28 66 47 57 14 8 0 0.18 M M 5.4 17 180 M M 6 12 21 180
29 59 49 54 11 11 0 0.00 M M 2.8 10 150 M M 6 12 12 140
30 57 48 53 10 12 0 0.01 M M 4.6 16 360 M M 8 12 17 350
31 55 50 53 10 12 0 0.05 M M 2.3 9 170 M M 10 12 170
================================================================================
SM 1471 1126 710 0 10.18 1.0 237.9 M 253
================================================================================
AV 47.5 36.3 7.7 FASTST M M 8 MAX(MPH)
MISC ----> 31 200 41 210
================================================================================
NOTES:
# LAST OF SEVERAL OCCURRENCES
COLUMN 17 PEAK WIND IN M.P.H.
PRELIMINARY LOCAL CLIMATOLOGICAL DATA (WS FORM: F-6) , PAGE 2
STATION: SALEM OR
MONTH: JANUARY
YEAR: 2024
LATITUDE: 44 55 N
LONGITUDE: 123 0 W
[TEMPERATURE DATA] [PRECIPITATION DATA] SYMBOLS USED IN COLUMN 16
AVERAGE MONTHLY: 41.9 TOTAL FOR MONTH: 10.18 1 = FOG OR MIST
DPTR FM NORMAL: -0.2 DPTR FM NORMAL: 4.10 2 = FOG REDUCING VISIBILITY
HIGHEST: 66 ON 28 GRTST 24HR 1.59 ON 26-27 TO 1/4 MILE OR LESS
LOWEST: 16 ON 16,14 3 = THUNDER
SNOW, ICE PELLETS, HAIL 4 = ICE PELLETS
TOTAL MONTH: 1.0 INCH 5 = HAIL
GRTST 24HR 1.0 ON 13-13 6 = FREEZING RAIN OR DRIZZLE
GRTST DEPTH: M ON M 7 = DUSTSTORM OR SANDSTORM:
VSBY 1/2 MILE OR LESS
8 = SMOKE OR HAZE
[NO. OF DAYS WITH] [WEATHER - DAYS WITH] 9 = BLOWING SNOW
X = TORNADO
MAX 32 OR BELOW: 4 0.01 INCH OR MORE: 25
MAX 90 OR ABOVE: 0 0.10 INCH OR MORE: 20
MIN 32 OR BELOW: 7 0.50 INCH OR MORE: 9
MIN 0 OR BELOW: 0 1.00 INCH OR MORE: 1
[HDD (BASE 65) ]
TOTAL THIS MO. 710 CLEAR (SCALE 0-3) 2
DPTR FM NORMAL 0 PTCLDY (SCALE 4-7) 8
TOTAL FM JUL 1 2291 CLOUDY (SCALE 8-10) 21
DPTR FM NORMAL -161
[CDD (BASE 65) ]
TOTAL THIS MO. 0
DPTR FM NORMAL 0 [PRESSURE DATA]
TOTAL FM JAN 1 0 HIGHEST SLP 30.44 ON 5
DPTR FM NORMAL 0 LOWEST SLP 29.41 ON 22
[REMARKS]
#FINAL-01-24#