000
CDUS43 KICT 240628
CLISLN

CLIMATE REPORT
NATIONAL WEATHER SERVICE WICHITA KS
125 AM CDT SUN MAY 24 2015

...................................

...THE SALINA KS CLIMATE SUMMARY FOR MAY 23 2015...

CLIMATE NORMAL PERIOD 1981 TO 2010
CLIMATE RECORD PERIOD 1894 TO 2015


WEATHER ITEM   OBSERVED TIME   RECORD YEAR NORMAL DEPARTURE LAST
                VALUE   (LST)  VALUE       VALUE  FROM      YEAR
                                                  NORMAL
..................................................................
TEMPERATURE (F)
 YESTERDAY
  MAXIMUM         63   1118 AM 106    1939  79    -16       72
  MINIMUM         55    302 AM  33    1917  57     -2       62
  AVERAGE         59                        68     -9       67

PRECIPITATION (IN)
  YESTERDAY        0.86          2.90 2014   0.17   0.69     2.90
  MONTH TO DATE    6.61                      3.38   3.23     3.77
  SINCE MAR 1      8.49                      8.82  -0.33     5.40
  SINCE JAN 1      9.93                     10.62  -0.69     7.21

DEGREE DAYS
 HEATING
  YESTERDAY        6                         2      4        0
  MONTH TO DATE   91                        86      5       99
  SINCE MAR 1    823                      1013   -190     1147
  SINCE JUL 1   4652                      4854   -202     5397

 COOLING
  YESTERDAY        0                         4     -4        2
  MONTH TO DATE   55                        60     -5      115
  SINCE MAR 1     67                        85    -18      151
  SINCE JAN 1     67                        85    -18      151
..................................................................


WIND (MPH)
  HIGHEST WIND SPEED    38   HIGHEST WIND DIRECTION     E (110)
  HIGHEST GUST SPEED    45   HIGHEST GUST DIRECTION    SE (120)
  AVERAGE WIND SPEED     9.7


SKY COVER
  POSSIBLE SUNSHINE  MM
  AVERAGE SKY COVER 1.0


WEATHER CONDITIONS
 THE FOLLOWING WEATHER WAS RECORDED YESTERDAY.
  THUNDERSTORM
  HEAVY RAIN
  RAIN
  LIGHT RAIN
  FOG


RELATIVE HUMIDITY (PERCENT)
 HIGHEST    93           200 AM
 LOWEST     84           800 AM
 AVERAGE    89

..........................................................


THE SALINA KS CLIMATE NORMALS FOR TODAY
                         NORMAL    RECORD    YEAR
 MAXIMUM TEMPERATURE (F)   79        99      1967
 MINIMUM TEMPERATURE (F)   57        35      1924


SUNRISE AND SUNSET
MAY 24 2015...........SUNRISE   612 AM CDT   SUNSET   844 PM CDT
MAY 25 2015...........SUNRISE   611 AM CDT   SUNSET   844 PM CDT


-  INDICATES NEGATIVE NUMBERS.
R  INDICATES RECORD WAS SET OR TIED.
MM INDICATES DATA IS MISSING.
T  INDICATES TRACE AMOUNT.

$$
