000
CDUS43 KICT 280640
CLISLN


CLIMATE REPORT
NATIONAL WEATHER SERVICE WICHITA KS
139 AM CDT FRI JUL 28 2017


...................................

...THE SALINA KS CLIMATE SUMMARY FOR JULY 27 2017...

CLIMATE NORMAL PERIOD 1981 TO 2010
CLIMATE RECORD PERIOD 1894 TO 2017


WEATHER ITEM   OBSERVED TIME   RECORD YEAR NORMAL DEPARTURE LAST
                VALUE   (LST)  VALUE       VALUE  FROM      YEAR
                                                  NORMAL
..................................................................
TEMPERATURE (F)
 YESTERDAY
  MAXIMUM         90    458 PM 113    2011  93     -3       95
  MINIMUM         77   1159 PM  55    2005  70      7       70
                                      1994
  AVERAGE         84                        81      3       83

PRECIPITATION (IN)
  YESTERDAY        T             1.38 1981   0.12  -0.12     0.00
  MONTH TO DATE    1.62                      3.79  -2.17     1.80
  SINCE JUN 1      3.31                      7.90  -4.59     2.25
  SINCE JAN 1     16.55                     19.89  -3.34    14.07

DEGREE DAYS
 HEATING
  YESTERDAY        0                         0      0        0
  MONTH TO DATE    0                         0      0        0
  SINCE JUN 1      0                         7     -7        0
  SINCE JUL 1      0                         0      0        0

 COOLING
  YESTERDAY       19                        16      3       18
  MONTH TO DATE  574                       431    143      522
  SINCE JUN 1   1008                       756    252     1014
  SINCE JAN 1   1168                       884    284     1139
..................................................................


WIND (MPH)
  HIGHEST WIND SPEED    18   HIGHEST WIND DIRECTION    NE (30)
  HIGHEST GUST SPEED    23   HIGHEST GUST DIRECTION    NE (50)
  AVERAGE WIND SPEED    10.5


SKY COVER
  POSSIBLE SUNSHINE  MM
  AVERAGE SKY COVER 0.6


WEATHER CONDITIONS
 THE FOLLOWING WEATHER WAS RECORDED YESTERDAY.
  FOG


RELATIVE HUMIDITY (PERCENT)
 HIGHEST    88           100 AM
 LOWEST     50           400 PM
 AVERAGE    69

..........................................................


THE SALINA KS CLIMATE NORMALS FOR TODAY
                         NORMAL    RECORD    YEAR
 MAXIMUM TEMPERATURE (F)   93       108      1910
 MINIMUM TEMPERATURE (F)   70        54      1928


SUNRISE AND SUNSET
JULY 28 2017..........SUNRISE   629 AM CDT   SUNSET   845 PM CDT
JULY 29 2017..........SUNRISE   629 AM CDT   SUNSET   844 PM CDT


-  INDICATES NEGATIVE NUMBERS.
R  INDICATES RECORD WAS SET OR TIED.
MM INDICATES DATA IS MISSING.
T  INDICATES TRACE AMOUNT.




$$
