000
CDUS43 KICT 040624
CLISLN


CLIMATE REPORT
NATIONAL WEATHER SERVICE WICHITA KS
124 AM CDT SAT JUL 4 2015


...................................

...THE SALINA KS CLIMATE SUMMARY FOR JULY 3 2015...

CLIMATE NORMAL PERIOD 1981 TO 2010
CLIMATE RECORD PERIOD 1894 TO 2015


WEATHER ITEM   OBSERVED TIME   RECORD YEAR NORMAL DEPARTURE LAST
                VALUE   (LST)  VALUE       VALUE  FROM      YEAR
                                                  NORMAL
..................................................................
TEMPERATURE (F)
 YESTERDAY
  MAXIMUM         86    425 PM 109    1990  92     -6       85
  MINIMUM         65    358 AM  48    1924  68     -3       53
  AVERAGE         76                        80     -4       69

PRECIPITATION (IN)
  YESTERDAY        0.00          2.48 1981   0.15  -0.15     0.00
  MONTH TO DATE    0.08                      0.45  -0.37     0.01
  SINCE JUN 1      4.58                      4.56   0.02     8.20
  SINCE JAN 1     16.18                     16.55  -0.37    15.59

DEGREE DAYS
 HEATING
  YESTERDAY        0                         0      0        0
  MONTH TO DATE    0                         0      0        0
  SINCE JUN 1      0                         7     -7        1
  SINCE JUL 1      0                         0      0        0

 COOLING
  YESTERDAY       11                        15     -4        4
  MONTH TO DATE   46                        45      1       21
  SINCE JUN 1    486                       370    116      378
  SINCE JAN 1    576                       498     78      610
..................................................................


WIND (MPH)
  HIGHEST WIND SPEED    17   HIGHEST WIND DIRECTION     N (20)
  HIGHEST GUST SPEED    22   HIGHEST GUST DIRECTION     N (10)
  AVERAGE WIND SPEED     8.7


SKY COVER
  POSSIBLE SUNSHINE  MM
  AVERAGE SKY COVER 0.4


WEATHER CONDITIONS
 THE FOLLOWING WEATHER WAS RECORDED YESTERDAY.
  FOG
  HAZE


RELATIVE HUMIDITY (PERCENT)
 HIGHEST    93           400 AM
 LOWEST     43           400 PM
 AVERAGE    68

..........................................................


THE SALINA KS CLIMATE NORMALS FOR TODAY
                         NORMAL    RECORD    YEAR
 MAXIMUM TEMPERATURE (F)   93       109      1980
 MINIMUM TEMPERATURE (F)   68        50      1922


SUNRISE AND SUNSET
JULY  4 2015..........SUNRISE   611 AM CDT   SUNSET   859 PM CDT
JULY  5 2015..........SUNRISE   611 AM CDT   SUNSET   859 PM CDT


-  INDICATES NEGATIVE NUMBERS.
R  INDICATES RECORD WAS SET OR TIED.
MM INDICATES DATA IS MISSING.
T  INDICATES TRACE AMOUNT.




$$
