000
CDUS43 KICT 180625
CLISLN


CLIMATE REPORT
NATIONAL WEATHER SERVICE WICHITA KS
122 AM CDT THU MAY 18 2017


...................................

...THE SALINA KS CLIMATE SUMMARY FOR MAY 17 2017...

CLIMATE NORMAL PERIOD 1981 TO 2010
CLIMATE RECORD PERIOD 1894 TO 2017


WEATHER ITEM   OBSERVED TIME   RECORD YEAR NORMAL DEPARTURE LAST
                VALUE   (LST)  VALUE       VALUE  FROM      YEAR
                                                  NORMAL
..................................................................
TEMPERATURE (F)
 YESTERDAY
  MAXIMUM         80    335 PM  93    2012  77      3       67
  MINIMUM         61   1129 PM  37    2014  54      7       48
  AVERAGE         71                        66      5       58

PRECIPITATION (IN)
  YESTERDAY        0.07          1.50 1995   0.16  -0.09      T
  MONTH TO DATE    0.94                      2.37  -1.43     1.07
  SINCE MAR 1      8.21                      7.81   0.40     6.14
  SINCE JAN 1     10.31                      9.61   0.70     7.38

DEGREE DAYS
 HEATING
  YESTERDAY        0                         3     -3        7
  MONTH TO DATE   39                        73    -34       81
  SINCE MAR 1    748                      1000   -252      713
  SINCE JUL 1   3416                      4841  -1425     3699

 COOLING
  YESTERDAY        6                         3      3        0
  MONTH TO DATE   75                        37     38       17
  SINCE MAR 1    126                        62     64       51
  SINCE JAN 1    126                        62     64       51
..................................................................


WIND (MPH)
  HIGHEST WIND SPEED    37   HIGHEST WIND DIRECTION     S (200)
  HIGHEST GUST SPEED    48   HIGHEST GUST DIRECTION     S (200)
  AVERAGE WIND SPEED    16.9


SKY COVER
  POSSIBLE SUNSHINE  MM
  AVERAGE SKY COVER 0.2


WEATHER CONDITIONS
 THE FOLLOWING WEATHER WAS RECORDED YESTERDAY.
  RAIN
  LIGHT RAIN


RELATIVE HUMIDITY (PERCENT)
 HIGHEST    84           100 AM
 LOWEST     39           200 PM
 AVERAGE    62

..........................................................


THE SALINA KS CLIMATE NORMALS FOR TODAY
                         NORMAL    RECORD    YEAR
 MAXIMUM TEMPERATURE (F)   77        98      1998
                                             1956
 MINIMUM TEMPERATURE (F)   55        41      2002
                                             1976


SUNRISE AND SUNSET
MAY 18 2017...........SUNRISE   616 AM CDT   SUNSET   839 PM CDT
MAY 19 2017...........SUNRISE   615 AM CDT   SUNSET   840 PM CDT


-  INDICATES NEGATIVE NUMBERS.
R  INDICATES RECORD WAS SET OR TIED.
MM INDICATES DATA IS MISSING.
T  INDICATES TRACE AMOUNT.




$$
