000
CDUS43 KICT 160626
CLISLN


CLIMATE REPORT
NATIONAL WEATHER SERVICE WICHITA KS
126 AM CDT WED APR 16 2014


...................................

...THE SALINA KS CLIMATE SUMMARY FOR APRIL 15 2014...

CLIMATE NORMAL PERIOD 1981 TO 2010
CLIMATE RECORD PERIOD 1894 TO 2014


WEATHER ITEM   OBSERVED TIME   RECORD YEAR NORMAL DEPARTURE LAST
                VALUE   (LST)  VALUE       VALUE  FROM      YEAR
                                                  NORMAL
..................................................................
TEMPERATURE (F)
 YESTERDAY
  MAXIMUM         66    431 PM  94    2006  67     -1       56
  MINIMUM         21R   603 AM  23    1936  43    -22       41
  AVERAGE         44                        55    -11       49

PRECIPITATION (IN)
  YESTERDAY        0.00          0.54 2000   0.10  -0.10     0.00
  MONTH TO DATE    0.22                      1.41  -1.19     1.01
  SINCE MAR 1      0.52                      3.80  -3.28     1.63
  SINCE JAN 1      2.33                      5.60  -3.27     4.90

DEGREE DAYS
 HEATING
  YESTERDAY       21                        11     10       16
  MONTH TO DATE  210                       192     18      231
  SINCE MAR 1    945                       801    144      953
  SINCE JUL 1   5195                      4642    553     4575

 COOLING
  YESTERDAY        0                         1     -1        0
  MONTH TO DATE   11                         7      4        2
  SINCE MAR 1     11                         9      2        2
  SINCE JAN 1     11                         9      2        2
..................................................................


WIND (MPH)
  HIGHEST WIND SPEED    26   HIGHEST WIND DIRECTION     S (200)
  HIGHEST GUST SPEED    32   HIGHEST GUST DIRECTION     S (170)
  AVERAGE WIND SPEED    10.9


SKY COVER
  POSSIBLE SUNSHINE  MM
  AVERAGE SKY COVER 0.0


WEATHER CONDITIONS
 THE FOLLOWING WEATHER WAS RECORDED YESTERDAY.
  NO SIGNIFICANT WEATHER WAS OBSERVED.


RELATIVE HUMIDITY (PERCENT)
 HIGHEST    81           500 AM
 LOWEST     18           300 PM
 AVERAGE    50

..........................................................


THE SALINA KS CLIMATE NORMALS FOR TODAY
                         NORMAL    RECORD    YEAR
 MAXIMUM TEMPERATURE (F)   67        90      1937
 MINIMUM TEMPERATURE (F)   43        20      1953


SUNRISE AND SUNSET
APRIL 16 2014.........SUNRISE   653 AM CDT   SUNSET   809 PM CDT
APRIL 17 2014.........SUNRISE   651 AM CDT   SUNSET   810 PM CDT


-  INDICATES NEGATIVE NUMBERS.
R  INDICATES RECORD WAS SET OR TIED.
MM INDICATES DATA IS MISSING.
T  INDICATES TRACE AMOUNT.




$$

JMBW
