000
CDUS43 KICT 270628
CLISLN


CLIMATE REPORT
NATIONAL WEATHER SERVICE WICHITA KS
128 AM CDT SUN JUL 27 2014


...................................

...THE SALINA KS CLIMATE SUMMARY FOR JULY 26 2014...

CLIMATE NORMAL PERIOD 1981 TO 2010
CLIMATE RECORD PERIOD 1894 TO 2014


WEATHER ITEM   OBSERVED TIME   RECORD YEAR NORMAL DEPARTURE LAST
                VALUE   (LST)  VALUE       VALUE  FROM      YEAR
                                                  NORMAL
..................................................................
TEMPERATURE (F)
 YESTERDAY
  MAXIMUM        106    414 PM 111    1910  93     13       87
  MINIMUM         79    720 AM  56    1926  70      9       66
  AVERAGE         93                        81     12       77

PRECIPITATION (IN)
  YESTERDAY        T             2.21 1990   0.13  -0.13     0.10
  MONTH TO DATE    0.71                      3.67  -2.96     3.02
  SINCE JUN 1      8.90                      7.78   1.12     5.26
  SINCE JAN 1     16.29                     19.77  -3.48    18.50

DEGREE DAYS
 HEATING
  YESTERDAY        0                         0      0        0
  MONTH TO DATE    0                         0      0        0
  SINCE JUN 1      1                         7     -6        7
  SINCE JUL 1      0                         0      0        0

 COOLING
  YESTERDAY       28                        16     12       12
  MONTH TO DATE  391                       415    -24      418
  SINCE JUN 1    748                       740      8      805
  SINCE JAN 1    980                       868    112      946
..................................................................


WIND (MPH)
  HIGHEST WIND SPEED    23   HIGHEST WIND DIRECTION     S (200)
  HIGHEST GUST SPEED    26   HIGHEST GUST DIRECTION     S (200)
  AVERAGE WIND SPEED     9.7


SKY COVER
  POSSIBLE SUNSHINE  MM
  AVERAGE SKY COVER 0.1


WEATHER CONDITIONS
 THE FOLLOWING WEATHER WAS RECORDED YESTERDAY.
  NO SIGNIFICANT WEATHER WAS OBSERVED.


RELATIVE HUMIDITY (PERCENT)
 HIGHEST    63          1100 PM
 LOWEST     25           400 PM
 AVERAGE    44

..........................................................


THE SALINA KS CLIMATE NORMALS FOR TODAY
                         NORMAL    RECORD    YEAR
 MAXIMUM TEMPERATURE (F)   93       113      2011
 MINIMUM TEMPERATURE (F)   70        55      2005


SUNRISE AND SUNSET
JULY 27 2014..........SUNRISE   627 AM CDT   SUNSET   846 PM CDT
JULY 28 2014..........SUNRISE   628 AM CDT   SUNSET   845 PM CDT


-  INDICATES NEGATIVE NUMBERS.
R  INDICATES RECORD WAS SET OR TIED.
MM INDICATES DATA IS MISSING.
T  INDICATES TRACE AMOUNT.




$$
