586
CDUS43 KICT 270644
CLISLN


CLIMATE REPORT
NATIONAL WEATHER SERVICE WICHITA KS
143 AM CDT MON MAR 27 2017


...................................

...THE SALINA KS CLIMATE SUMMARY FOR MARCH 26 2017...

CLIMATE NORMAL PERIOD 1981 TO 2010
CLIMATE RECORD PERIOD 1894 TO 2017


WEATHER ITEM   OBSERVED TIME   RECORD YEAR NORMAL DEPARTURE LAST
                VALUE   (LST)  VALUE       VALUE  FROM      YEAR
                                                  NORMAL
..................................................................
TEMPERATURE (F)
 YESTERDAY
  MAXIMUM         54    249 PM  86    1910  61     -7       51
  MINIMUM         43    551 AM   0    1955  37      6       36
  AVERAGE         49                        49      0       44

PRECIPITATION (IN)
  YESTERDAY        0.35          0.71 1959   0.09   0.26     0.21
  MONTH TO DATE    0.57                      1.93  -1.36     0.69
  SINCE MAR 1      0.57                      1.93  -1.36     0.69
  SINCE JAN 1      2.67                      3.73  -1.06     1.93

DEGREE DAYS
 HEATING
  YESTERDAY       16                        16      0       21
  MONTH TO DATE  382                       530   -148      365
  SINCE MAR 1    382                       530   -148      365
  SINCE JUL 1   3050                      4371  -1321     3351

 COOLING
  YESTERDAY        0                         0      0        0
  MONTH TO DATE   11                         0     11        5
  SINCE MAR 1     11                         0     11        5
  SINCE JAN 1     11                         0     11        5
..................................................................


WIND (MPH)
  HIGHEST WIND SPEED    18   HIGHEST WIND DIRECTION    NE (40)
  HIGHEST GUST SPEED    23   HIGHEST GUST DIRECTION    NE (50)
  AVERAGE WIND SPEED     6.4


SKY COVER
  POSSIBLE SUNSHINE  MM
  AVERAGE SKY COVER 1.0


WEATHER CONDITIONS
 THE FOLLOWING WEATHER WAS RECORDED YESTERDAY.
  THUNDERSTORM
  HEAVY RAIN
  RAIN
  LIGHT RAIN
  FOG


RELATIVE HUMIDITY (PERCENT)
 HIGHEST    92          1200 AM
 LOWEST     71           200 PM
 AVERAGE    82

..........................................................


THE SALINA KS CLIMATE NORMALS FOR TODAY
                         NORMAL    RECORD    YEAR
 MAXIMUM TEMPERATURE (F)   61        88      1910
 MINIMUM TEMPERATURE (F)   37         9      1913


SUNRISE AND SUNSET
MARCH 27 2017.........SUNRISE   723 AM CDT   SUNSET   750 PM CDT
MARCH 28 2017.........SUNRISE   721 AM CDT   SUNSET   751 PM CDT


-  INDICATES NEGATIVE NUMBERS.
R  INDICATES RECORD WAS SET OR TIED.
MM INDICATES DATA IS MISSING.
T  INDICATES TRACE AMOUNT.




$$
