000
CDUS43 KICT 260618
CLISLN


CLIMATE REPORT
NATIONAL WEATHER SERVICE WICHITA KS
117 AM CDT TUE AUG 26 2014


...................................

...THE SALINA KS CLIMATE SUMMARY FOR AUGUST 25 2014...

CLIMATE NORMAL PERIOD 1981 TO 2010
CLIMATE RECORD PERIOD 1894 TO 2014


WEATHER ITEM   OBSERVED TIME   RECORD YEAR NORMAL DEPARTURE LAST
                VALUE   (LST)  VALUE       VALUE  FROM      YEAR
                                                  NORMAL
..................................................................
TEMPERATURE (F)
 YESTERDAY
  MAXIMUM        101        MM 113    1936  90     11       96
  MINIMUM         72        MM  50    1958  67      5       73
  AVERAGE         87                        78      9       85

PRECIPITATION (IN)
  YESTERDAY        T             1.95 2009   0.13  -0.13     0.00
  MONTH TO DATE    2.21                      3.24  -1.03     5.00
  SINCE JUN 1     11.13                     11.64  -0.51    13.00
  SINCE JAN 1     18.52                     23.63  -5.11    26.24

DEGREE DAYS
 HEATING
  YESTERDAY        0                         0      0        0
  MONTH TO DATE    0                         0      0        0
  SINCE JUN 1      1                         7     -6       10
  SINCE JUL 1      0                         0      0        3

 COOLING
  YESTERDAY       22                        13      9       20
  MONTH TO DATE  434                       379     55      305
  SINCE JUN 1   1234                      1205     29     1135
  SINCE JAN 1   1466                      1333    133     1276
..................................................................


WIND (MPH)
  HIGHEST WIND SPEED    18   HIGHEST WIND DIRECTION    NW (320)
  HIGHEST GUST SPEED    37   HIGHEST GUST DIRECTION    NW (300)
  AVERAGE WIND SPEED     8.6


SKY COVER
  POSSIBLE SUNSHINE   0 PERCENT
  AVERAGE SKY COVER 0.0


WEATHER CONDITIONS
 THE FOLLOWING WEATHER WAS RECORDED YESTERDAY.
  NO SIGNIFICANT WEATHER WAS OBSERVED.


RELATIVE HUMIDITY (PERCENT)
 HIGHEST     0          1200 AM
 LOWEST      0          1200 AM
 AVERAGE     0

..........................................................


THE SALINA KS CLIMATE NORMALS FOR TODAY
                         NORMAL    RECORD    YEAR
 MAXIMUM TEMPERATURE (F)   90       110      1921
 MINIMUM TEMPERATURE (F)   67        43      1910


SUNRISE AND SUNSET
AUGUST 26 2014........SUNRISE   654 AM CDT   SUNSET   810 PM CDT
AUGUST 27 2014........SUNRISE   655 AM CDT   SUNSET   808 PM CDT


-  INDICATES NEGATIVE NUMBERS.
R  INDICATES RECORD WAS SET OR TIED.
MM INDICATES DATA IS MISSING.
T  INDICATES TRACE AMOUNT.




$$
