000
CDUS43 KICT 090624
CLISLN


CLIMATE REPORT
NATIONAL WEATHER SERVICE WICHITA KS
1222 AM CST TUE JAN 9 2018


...................................

...THE SALINA KS CLIMATE SUMMARY FOR JANUARY 8 2018...

CLIMATE NORMAL PERIOD 1981 TO 2010
CLIMATE RECORD PERIOD 1894 TO 2018


WEATHER ITEM   OBSERVED TIME   RECORD YEAR NORMAL DEPARTURE LAST
                VALUE   (LST)  VALUE       VALUE  FROM      YEAR
                                                  NORMAL
..................................................................
TEMPERATURE (F)
 YESTERDAY
  MAXIMUM         58    404 PM  75    2003  41     17       MM
  MINIMUM         20    759 AM -28    1913  20      0       MM
  AVERAGE         39                        31      8       MM

PRECIPITATION (IN)
  YESTERDAY        0.00          0.81 1937   0.01  -0.01     0.00
  MONTH TO DATE    0.00                      0.12  -0.12     0.19
  SINCE DEC 1      0.05                      1.06  -1.01     1.04
  SINCE JAN 1      0.00                      0.12  -0.12     0.19

DEGREE DAYS
 HEATING
  YESTERDAY       26                        34     -8       MM
  MONTH TO DATE  318                       272     46      181
  SINCE DEC 1   1251                      1284    -33     1207
  SINCE JUL 1   2007                      2236   -229     1750

 COOLING
  YESTERDAY        0                         0      0       MM
  MONTH TO DATE    0                         0      0        0
  SINCE DEC 1      0                         0      0        0
  SINCE JAN 1      0                         0      0        0
..................................................................


WIND (MPH)
  HIGHEST WIND SPEED    12   HIGHEST WIND DIRECTION     S (170)
  HIGHEST GUST SPEED    14   HIGHEST GUST DIRECTION     S (160)
  AVERAGE WIND SPEED     5.8


SKY COVER
  POSSIBLE SUNSHINE  MM
  AVERAGE SKY COVER 0.0


WEATHER CONDITIONS
 THE FOLLOWING WEATHER WAS RECORDED YESTERDAY.
  FOG


RELATIVE HUMIDITY (PERCENT)
 HIGHEST   100           600 AM
 LOWEST     28           300 PM
 AVERAGE    64

..........................................................


THE SALINA KS CLIMATE NORMALS FOR TODAY
                         NORMAL    RECORD    YEAR
 MAXIMUM TEMPERATURE (F)   41        66      1920
 MINIMUM TEMPERATURE (F)   20       -10      1973


SUNRISE AND SUNSET
JANUARY  9 2018.......SUNRISE   749 AM CST   SUNSET   527 PM CST
JANUARY 10 2018.......SUNRISE   749 AM CST   SUNSET   528 PM CST


-  INDICATES NEGATIVE NUMBERS.
R  INDICATES RECORD WAS SET OR TIED.
MM INDICATES DATA IS MISSING.
T  INDICATES TRACE AMOUNT.




$$
