214
CDUS43 KICT 300720
CLISLN

CLIMATE REPORT
NATIONAL WEATHER SERVICE WICHITA KS
113 AM CST WED NOV 30 2016

...................................

...THE SALINA KS CLIMATE SUMMARY FOR NOVEMBER 29 2016...

CLIMATE NORMAL PERIOD 1981 TO 2010
CLIMATE RECORD PERIOD 1894 TO 2016


WEATHER ITEM   OBSERVED TIME   RECORD YEAR NORMAL DEPARTURE LAST
                VALUE   (LST)  VALUE       VALUE  FROM      YEAR
                                                  NORMAL
..................................................................
TEMPERATURE (F)
 YESTERDAY
  MAXIMUM         51    243 PM  71    1998  47      4       34
  MINIMUM         32    241 AM   1    1976  27      5       31
  AVERAGE         42                        37      5       33

PRECIPITATION (IN)
  YESTERDAY        0.00          0.21 1985   0.04  -0.04     0.10
  MONTH TO DATE    0.60                      1.21  -0.61     2.01
  SINCE SEP 1      4.08                      6.18  -2.10     4.33
  SINCE JAN 1     26.52                     30.52  -4.00    28.18

DEGREE DAYS
 HEATING
  YESTERDAY       23                        28     -5       32
  MONTH TO DATE  385                       607   -222      444
  SINCE SEP 1    516                       924   -408      602
  SINCE JUL 1    516                       925   -409      602

 COOLING
  YESTERDAY        0                         0      0        0
  MONTH TO DATE    4                         0      4        4
  SINCE SEP 1    339                       239    100      415
  SINCE JAN 1   2009                      1646    363     1869
..................................................................


WIND (MPH)
  HIGHEST WIND SPEED    25   HIGHEST WIND DIRECTION    NW (300)
  HIGHEST GUST SPEED    34   HIGHEST GUST DIRECTION     W (280)
  AVERAGE WIND SPEED    11.3


SKY COVER
  POSSIBLE SUNSHINE  MM
  AVERAGE SKY COVER 0.4


WEATHER CONDITIONS
 THE FOLLOWING WEATHER WAS RECORDED YESTERDAY.
  NO SIGNIFICANT WEATHER WAS OBSERVED.


RELATIVE HUMIDITY (PERCENT)
 HIGHEST    69           300 AM
 LOWEST     36           300 PM
 AVERAGE    53

..........................................................


THE SALINA KS CLIMATE NORMALS FOR TODAY
                         NORMAL    RECORD    YEAR
 MAXIMUM TEMPERATURE (F)   47        76      1995
 MINIMUM TEMPERATURE (F)   26         2      1952


SUNRISE AND SUNSET
NOVEMBER 30 2016......SUNRISE   729 AM CST   SUNSET   509 PM CST
DECEMBER  1 2016......SUNRISE   730 AM CST   SUNSET   509 PM CST


-  INDICATES NEGATIVE NUMBERS.
R  INDICATES RECORD WAS SET OR TIED.
MM INDICATES DATA IS MISSING.
T  INDICATES TRACE AMOUNT.

$$
