000
CDUS43 KICT 090654
CLISLN


CLIMATE REPORT
NATIONAL WEATHER SERVICE WICHITA KS
153 AM CDT WED APR 9 2014


...................................

...THE SALINA KS CLIMATE SUMMARY FOR APRIL 8 2014...

CLIMATE NORMAL PERIOD 1981 TO 2010
CLIMATE RECORD PERIOD 1894 TO 2014


WEATHER ITEM   OBSERVED TIME   RECORD YEAR NORMAL DEPARTURE LAST
                VALUE   (LST)  VALUE       VALUE  FROM      YEAR
                                                  NORMAL
..................................................................
TEMPERATURE (F)
 YESTERDAY
  MAXIMUM         66    246 PM  91    1905  65      1       78
  MINIMUM         35   1149 PM  20    1909  41     -6       55
  AVERAGE         51                        53     -2       67

PRECIPITATION (IN)
  YESTERDAY        0.00          0.80 1961   0.09  -0.09     0.00
  MONTH TO DATE    0.21                      0.73  -0.52      T
  SINCE MAR 1      0.51                      3.12  -2.61     0.62
  SINCE JAN 1      2.32                      4.92  -2.60     3.89

DEGREE DAYS
 HEATING
  YESTERDAY       14                        13      1        0
  MONTH TO DATE  141                       110     31      102
  SINCE MAR 1    876                       719    157      824
  SINCE JUL 1   5126                      4560    566     4446

 COOLING
  YESTERDAY        0                         0      0        2
  MONTH TO DATE    0                         0      0        2
  SINCE MAR 1      0                         2     -2        2
  SINCE JAN 1      0                         2     -2        2
..................................................................


WIND (MPH)
  HIGHEST WIND SPEED    32   HIGHEST WIND DIRECTION     N (340)
  HIGHEST GUST SPEED    40   HIGHEST GUST DIRECTION     N (340)
  AVERAGE WIND SPEED    13.9


SKY COVER
  POSSIBLE SUNSHINE  MM
  AVERAGE SKY COVER 0.1


WEATHER CONDITIONS
 THE FOLLOWING WEATHER WAS RECORDED YESTERDAY.
  NO SIGNIFICANT WEATHER WAS OBSERVED.


RELATIVE HUMIDITY (PERCENT)
 HIGHEST    85           500 AM
 LOWEST     13           500 PM
 AVERAGE    49

..........................................................


THE SALINA KS CLIMATE NORMALS FOR TODAY
                         NORMAL    RECORD    YEAR
 MAXIMUM TEMPERATURE (F)   65        95      1930
 MINIMUM TEMPERATURE (F)   41        21      1916


SUNRISE AND SUNSET
APRIL  9 2014.........SUNRISE   703 AM CDT   SUNSET   802 PM CDT
APRIL 10 2014.........SUNRISE   702 AM CDT   SUNSET   803 PM CDT


-  INDICATES NEGATIVE NUMBERS.
R  INDICATES RECORD WAS SET OR TIED.
MM INDICATES DATA IS MISSING.
T  INDICATES TRACE AMOUNT.




$$
