000
CDUS43 KICT 240648
CLISLN

CLIMATE REPORT
NATIONAL WEATHER SERVICE WICHITA KS
1246 AM CST SAT JAN 24 2015

...................................

...THE SALINA KS CLIMATE SUMMARY FOR JANUARY 23 2015...

CLIMATE NORMAL PERIOD 1981 TO 2010
CLIMATE RECORD PERIOD 1894 TO 2015


WEATHER ITEM   OBSERVED TIME   RECORD YEAR NORMAL DEPARTURE LAST
                VALUE   (LST)  VALUE       VALUE  FROM      YEAR
                                                  NORMAL
..................................................................
TEMPERATURE (F)
 YESTERDAY
  MAXIMUM         54    410 PM  71    1981  42     12       21
  MINIMUM         21    812 AM -10    1915  21      0        5
  AVERAGE         38                        31      7       13

PRECIPITATION (IN)
  YESTERDAY        0.00          0.21 1979   0.03  -0.03     0.00
  MONTH TO DATE    0.32                      0.43  -0.11     0.49
  SINCE DEC 1      2.22                      1.37   0.85     1.71
  SINCE JAN 1      0.32                      0.43  -0.11     0.49

DEGREE DAYS
 HEATING
  YESTERDAY       27                        34     -7       52
  MONTH TO DATE  831                       782     49      820
  SINCE DEC 1   1724                      1794    -70     1972
  SINCE JUL 1   2721                      2746    -25     2960

 COOLING
  YESTERDAY        0                         0      0        0
  MONTH TO DATE    0                         0      0        0
  SINCE DEC 1      0                         0      0        0
  SINCE JAN 1      0                         0      0        0
..................................................................


WIND (MPH)
  HIGHEST WIND SPEED    20   HIGHEST WIND DIRECTION    SW (230)
  HIGHEST GUST SPEED    23   HIGHEST GUST DIRECTION    SW (230)
  AVERAGE WIND SPEED     8.0


SKY COVER
  POSSIBLE SUNSHINE  MM
  AVERAGE SKY COVER 0.1


WEATHER CONDITIONS
 THE FOLLOWING WEATHER WAS RECORDED YESTERDAY.
  NO SIGNIFICANT WEATHER WAS OBSERVED.


RELATIVE HUMIDITY (PERCENT)
 HIGHEST    84           300 AM
 LOWEST     22           400 PM
 AVERAGE    53

..........................................................


THE SALINA KS CLIMATE NORMALS FOR TODAY
                         NORMAL    RECORD    YEAR
 MAXIMUM TEMPERATURE (F)   42        73      1981
 MINIMUM TEMPERATURE (F)   21        -5      1963


SUNRISE AND SUNSET
JANUARY 24 2015.......SUNRISE   743 AM CST   SUNSET   543 PM CST
JANUARY 25 2015.......SUNRISE   742 AM CST   SUNSET   544 PM CST


-  INDICATES NEGATIVE NUMBERS.
R  INDICATES RECORD WAS SET OR TIED.
MM INDICATES DATA IS MISSING.
T  INDICATES TRACE AMOUNT.

$$
