000
CDUS43 KICT 180626
CLISLN


CLIMATE REPORT
NATIONAL WEATHER SERVICE WICHITA KS
124 AM CDT WED OCT 18 2017


...................................

...THE SALINA KS CLIMATE SUMMARY FOR OCTOBER 17 2017...

CLIMATE NORMAL PERIOD 1981 TO 2010
CLIMATE RECORD PERIOD 1894 TO 2017


WEATHER ITEM   OBSERVED TIME   RECORD YEAR NORMAL DEPARTURE LAST
                VALUE   (LST)  VALUE       VALUE  FROM      YEAR
                                                  NORMAL
..................................................................
TEMPERATURE (F)
 YESTERDAY
  MAXIMUM         78    332 PM  91    2016  69      9       91
  MINIMUM         49    658 AM  22    1976  46      3       64
  AVERAGE         64                        57      7       78

PRECIPITATION (IN)
  YESTERDAY        0.00          1.41 1935   0.08  -0.08     0.00
  MONTH TO DATE    5.74                      1.39   4.35     1.56
  SINCE SEP 1      7.57                      4.09   3.48     2.76
  SINCE JAN 1     25.28                     28.43  -3.15    25.20

DEGREE DAYS
 HEATING
  YESTERDAY        1                         9     -8        0
  MONTH TO DATE   66                       113    -47       61
  SINCE SEP 1     74                       164    -90       77
  SINCE JUL 1     74                       165    -91       77

 COOLING
  YESTERDAY        0                         1     -1       13
  MONTH TO DATE   57                        28     29       50
  SINCE SEP 1    375                       233    142      316
  SINCE JAN 1   1956                      1640    316     1986
..................................................................


WIND (MPH)
  HIGHEST WIND SPEED    18   HIGHEST WIND DIRECTION     S (200)
  HIGHEST GUST SPEED    23   HIGHEST GUST DIRECTION     S (190)
  AVERAGE WIND SPEED    11.0


SKY COVER
  POSSIBLE SUNSHINE  MM
  AVERAGE SKY COVER 0.0


WEATHER CONDITIONS
 THE FOLLOWING WEATHER WAS RECORDED YESTERDAY.
  NO SIGNIFICANT WEATHER WAS OBSERVED.


RELATIVE HUMIDITY (PERCENT)
 HIGHEST    80           600 AM
 LOWEST     35           300 PM
 AVERAGE    58

..........................................................


THE SALINA KS CLIMATE NORMALS FOR TODAY
                         NORMAL    RECORD    YEAR
 MAXIMUM TEMPERATURE (F)   68        91      2005
 MINIMUM TEMPERATURE (F)   45        26      1922


SUNRISE AND SUNSET
OCTOBER 18 2017.......SUNRISE   743 AM CDT   SUNSET   648 PM CDT
OCTOBER 19 2017.......SUNRISE   744 AM CDT   SUNSET   646 PM CDT


-  INDICATES NEGATIVE NUMBERS.
R  INDICATES RECORD WAS SET OR TIED.
MM INDICATES DATA IS MISSING.
T  INDICATES TRACE AMOUNT.




$$
