000
CDUS43 KICT 120630
CLISLN


CLIMATE REPORT
NATIONAL WEATHER SERVICE WICHITA KS
130 AM CDT TUE SEP 12 2017


...................................

...THE SALINA KS CLIMATE SUMMARY FOR SEPTEMBER 11 2017...

CLIMATE NORMAL PERIOD 1981 TO 2010
CLIMATE RECORD PERIOD 1894 TO 2017


WEATHER ITEM   OBSERVED TIME   RECORD YEAR NORMAL DEPARTURE LAST
                VALUE   (LST)  VALUE       VALUE  FROM      YEAR
                                                  NORMAL
..................................................................
TEMPERATURE (F)
 YESTERDAY
  MAXIMUM         90    249 PM 105    1956  84      6       83
  MINIMUM         57    556 AM  42    1959  61     -4       51
  AVERAGE         74                        72      2       67

PRECIPITATION (IN)
  YESTERDAY        0.00          2.17 2003   0.09  -0.09     0.00
  MONTH TO DATE    T                         1.05  -1.05      T
  SINCE SEP 1      T                         1.05  -1.05      T
  SINCE JAN 1     17.71                     25.39  -7.68    22.44

DEGREE DAYS
 HEATING
  YESTERDAY        0                         1     -1        0
  MONTH TO DATE    0                         4     -4        0
  SINCE SEP 1      0                         4     -4        0
  SINCE JUL 1      0                         5     -5        0

 COOLING
  YESTERDAY        9                         8      1        2
  MONTH TO DATE  102                       107     -5      120
  SINCE SEP 1    102                       107     -5      120
  SINCE JAN 1   1683                      1514    169     1790
..................................................................


WIND (MPH)
  HIGHEST WIND SPEED    15   HIGHEST WIND DIRECTION     S (160)
  HIGHEST GUST SPEED    22   HIGHEST GUST DIRECTION    SE (140)
  AVERAGE WIND SPEED     7.2


SKY COVER
  POSSIBLE SUNSHINE  MM
  AVERAGE SKY COVER 0.0


WEATHER CONDITIONS
 THE FOLLOWING WEATHER WAS RECORDED YESTERDAY.
  NO SIGNIFICANT WEATHER WAS OBSERVED.


RELATIVE HUMIDITY (PERCENT)
 HIGHEST    80           600 AM
 LOWEST     27           300 PM
 AVERAGE    54

..........................................................


THE SALINA KS CLIMATE NORMALS FOR TODAY
                         NORMAL    RECORD    YEAR
 MAXIMUM TEMPERATURE (F)   84       107      1956
 MINIMUM TEMPERATURE (F)   60        35      1902


SUNRISE AND SUNSET
SEPTEMBER 12 2017.....SUNRISE   710 AM CDT   SUNSET   743 PM CDT
SEPTEMBER 13 2017.....SUNRISE   710 AM CDT   SUNSET   742 PM CDT


-  INDICATES NEGATIVE NUMBERS.
R  INDICATES RECORD WAS SET OR TIED.
MM INDICATES DATA IS MISSING.
T  INDICATES TRACE AMOUNT.




$$
