000
CDUS43 KICT 140633
CLISLN

CLIMATE REPORT
NATIONAL WEATHER SERVICE WICHITA KS
131 AM CDT THU AUG 14 2014

...................................

...THE SALINA KS CLIMATE SUMMARY FOR AUGUST 13 2014...

CLIMATE NORMAL PERIOD 1981 TO 2010
CLIMATE RECORD PERIOD 1894 TO 2014


WEATHER ITEM   OBSERVED TIME   RECORD YEAR NORMAL DEPARTURE LAST
                VALUE   (LST)  VALUE       VALUE  FROM      YEAR
                                                  NORMAL
..................................................................
TEMPERATURE (F)
 YESTERDAY
  MAXIMUM         91    409 PM 118    1936  92     -1       82
  MINIMUM         59    513 AM  52    1920  69    -10       66
  AVERAGE         75                        80     -5       74

PRECIPITATION (IN)
  YESTERDAY        0.00          2.53 1975   0.13  -0.13     0.69
  MONTH TO DATE    0.90                      1.74  -0.84     4.80
  SINCE JUN 1      9.82                     10.14  -0.32    12.80
  SINCE JAN 1     17.21                     22.13  -4.92    26.04

DEGREE DAYS
 HEATING
  YESTERDAY        0                         0      0        0
  MONTH TO DATE    0                         0      0        0
  SINCE JUN 1      1                         7     -6       10
  SINCE JUL 1      0                         0      0        3

 COOLING
  YESTERDAY       10                        15     -5        9
  MONTH TO DATE  200                       206     -6      152
  SINCE JUN 1   1000                      1032    -32      982
  SINCE JAN 1   1232                      1160     72     1123
..................................................................


WIND (MPH)
  HIGHEST WIND SPEED    13   HIGHEST WIND DIRECTION    SE (150)
  HIGHEST GUST SPEED    17   HIGHEST GUST DIRECTION     S (170)
  AVERAGE WIND SPEED     6.7


SKY COVER
  POSSIBLE SUNSHINE  MM
  AVERAGE SKY COVER 0.0


WEATHER CONDITIONS
 THE FOLLOWING WEATHER WAS RECORDED YESTERDAY.
  NO SIGNIFICANT WEATHER WAS OBSERVED.


RELATIVE HUMIDITY (PERCENT)
 HIGHEST    84           500 AM
 LOWEST     34           100 PM
 AVERAGE    59

..........................................................


THE SALINA KS CLIMATE NORMALS FOR TODAY
                         NORMAL    RECORD    YEAR
 MAXIMUM TEMPERATURE (F)   92       110      1936
 MINIMUM TEMPERATURE (F)   69        47      1920


SUNRISE AND SUNSET
AUGUST 14 2014........SUNRISE   643 AM CDT   SUNSET   826 PM CDT
AUGUST 15 2014........SUNRISE   644 AM CDT   SUNSET   825 PM CDT


-  INDICATES NEGATIVE NUMBERS.
R  INDICATES RECORD WAS SET OR TIED.
MM INDICATES DATA IS MISSING.
T  INDICATES TRACE AMOUNT.

$$
