000
CDUS43 KICT 120625
CLISLN


CLIMATE REPORT
NATIONAL WEATHER SERVICE WICHITA KS
125 AM CDT SUN OCT 12 2014


...................................

...THE SALINA KS CLIMATE SUMMARY FOR OCTOBER 11 2014...

CLIMATE NORMAL PERIOD 1981 TO 2010
CLIMATE RECORD PERIOD 1894 TO 2014


WEATHER ITEM   OBSERVED TIME   RECORD YEAR NORMAL DEPARTURE LAST
                VALUE   (LST)  VALUE       VALUE  FROM      YEAR
                                                  NORMAL
..................................................................
TEMPERATURE (F)
 YESTERDAY
  MAXIMUM         62    421 PM  94    1975  71     -9       83
  MINIMUM         39    701 AM  28    1919  48     -9       54
  AVERAGE         51                        59     -8       69

PRECIPITATION (IN)
  YESTERDAY        0.00          2.56 1973   0.08  -0.08     0.01
  MONTH TO DATE    0.93                      0.91   0.02     0.04
  SINCE SEP 1      5.07                      3.61   1.46     1.67
  SINCE JAN 1     26.35                     27.95  -1.60    27.91

DEGREE DAYS
 HEATING
  YESTERDAY       14                         7      7        0
  MONTH TO DATE   67                        65      2       24
  SINCE SEP 1    107                       116     -9       33
  SINCE JUL 1    107                       117    -10       36

 COOLING
  YESTERDAY        0                         1     -1        4
  MONTH TO DATE   13                        22     -9       55
  SINCE SEP 1    213                       227    -14      356
  SINCE JAN 1   1771                      1634    137     1750
..................................................................


WIND (MPH)
  HIGHEST WIND SPEED     8   HIGHEST WIND DIRECTION     S (170)
  HIGHEST GUST SPEED    12   HIGHEST GUST DIRECTION    SE (130)
  AVERAGE WIND SPEED     4.5


SKY COVER
  POSSIBLE SUNSHINE  MM
  AVERAGE SKY COVER 0.1


WEATHER CONDITIONS
 THE FOLLOWING WEATHER WAS RECORDED YESTERDAY.
  NO SIGNIFICANT WEATHER WAS OBSERVED.


RELATIVE HUMIDITY (PERCENT)
 HIGHEST    93          1200 AM
 LOWEST     42           200 PM
 AVERAGE    68

..........................................................


THE SALINA KS CLIMATE NORMALS FOR TODAY
                         NORMAL    RECORD    YEAR
 MAXIMUM TEMPERATURE (F)   70        94      1899
 MINIMUM TEMPERATURE (F)   47        21      1917


SUNRISE AND SUNSET
OCTOBER 12 2014.......SUNRISE   737 AM CDT   SUNSET   657 PM CDT
OCTOBER 13 2014.......SUNRISE   738 AM CDT   SUNSET   655 PM CDT


-  INDICATES NEGATIVE NUMBERS.
R  INDICATES RECORD WAS SET OR TIED.
MM INDICATES DATA IS MISSING.
T  INDICATES TRACE AMOUNT.




$$
