000
CDUS43 KICT 200631
CLISLN


CLIMATE REPORT
NATIONAL WEATHER SERVICE WICHITA KS
130 AM CDT WED JUL 20 2016


...................................

...THE SALINA KS CLIMATE SUMMARY FOR JULY 19 2016...

CLIMATE NORMAL PERIOD 1981 TO 2010
CLIMATE RECORD PERIOD 1894 TO 2016


WEATHER ITEM   OBSERVED TIME   RECORD YEAR NORMAL DEPARTURE LAST
                VALUE   (LST)  VALUE       VALUE  FROM      YEAR
                                                  NORMAL
..................................................................
TEMPERATURE (F)
 YESTERDAY
  MAXIMUM         99    448 PM 111    1934  93      6       94
  MINIMUM         75    543 AM  53    1953  70      5       72
  AVERAGE         87                        82      5       83

PRECIPITATION (IN)
  YESTERDAY        0.00          3.83 1973   0.12  -0.12     0.49
  MONTH TO DATE    1.64                      2.78  -1.14     2.61
  SINCE JUN 1      2.09                      6.89  -4.80     7.11
  SINCE JAN 1     13.91                     18.88  -4.97    18.71

DEGREE DAYS
 HEATING
  YESTERDAY        0                         0      0        0
  MONTH TO DATE    0                         0      0        0
  SINCE JUN 1      0                         7     -7        0
  SINCE JUL 1      0                         0      0        0

 COOLING
  YESTERDAY       22                        17      5       18
  MONTH TO DATE  341                       301     40      325
  SINCE JUN 1    833                       626    207      765
  SINCE JAN 1    958                       754    204      855
..................................................................


WIND (MPH)
  HIGHEST WIND SPEED    24   HIGHEST WIND DIRECTION     S (200)
  HIGHEST GUST SPEED    30   HIGHEST GUST DIRECTION     S (190)
  AVERAGE WIND SPEED    12.0


SKY COVER
  POSSIBLE SUNSHINE  MM
  AVERAGE SKY COVER 0.0


WEATHER CONDITIONS
 THE FOLLOWING WEATHER WAS RECORDED YESTERDAY.
  NO SIGNIFICANT WEATHER WAS OBSERVED.


RELATIVE HUMIDITY (PERCENT)
 HIGHEST    82           600 AM
 LOWEST     33           500 PM
 AVERAGE    58

..........................................................


THE SALINA KS CLIMATE NORMALS FOR TODAY
                         NORMAL    RECORD    YEAR
 MAXIMUM TEMPERATURE (F)   93       110      1934
 MINIMUM TEMPERATURE (F)   70        54      1902


SUNRISE AND SUNSET
JULY 20 2016..........SUNRISE   622 AM CDT   SUNSET   851 PM CDT
JULY 21 2016..........SUNRISE   623 AM CDT   SUNSET   851 PM CDT


-  INDICATES NEGATIVE NUMBERS.
R  INDICATES RECORD WAS SET OR TIED.
MM INDICATES DATA IS MISSING.
T  INDICATES TRACE AMOUNT.




$$
