000
CDUS43 KICT 110621
CLISLN


CLIMATE REPORT
NATIONAL WEATHER SERVICE WICHITA KS
1219 AM CST SUN FEB 11 2018


...................................

...THE SALINA KS CLIMATE SUMMARY FOR FEBRUARY 10 2018...

CLIMATE NORMAL PERIOD 1981 TO 2010
CLIMATE RECORD PERIOD 1894 TO 2018


WEATHER ITEM   OBSERVED TIME   RECORD YEAR NORMAL DEPARTURE LAST
                VALUE   (LST)  VALUE       VALUE  FROM      YEAR
                                                  NORMAL
..................................................................
TEMPERATURE (F)
 YESTERDAY
  MAXIMUM         22    355 PM  76    2017  45    -23       76
                                      1951
  MINIMUM         11    803 AM -15    2011  23    -12       41
  AVERAGE         17                        34    -17       59

PRECIPITATION (IN)
  YESTERDAY        0.00          0.53 1993   0.04  -0.04     0.00
  MONTH TO DATE    T                         0.37  -0.37      T
  SINCE DEC 1      0.39                      1.94  -1.55     2.87
  SINCE JAN 1      0.34                      1.00  -0.66     2.02

DEGREE DAYS
 HEATING
  YESTERDAY       48                        31     17        6
  MONTH TO DATE  370                       319     51      281
  SINCE DEC 1   2331                      2383    -52     1844
  SINCE JUL 1   3087                      3335   -248     2387

 COOLING
  YESTERDAY        0                         0      0        0
  MONTH TO DATE    0                         0      0        0
  SINCE DEC 1      0                         0      0        0
  SINCE JAN 1      0                         0      0        0
..................................................................


WIND (MPH)
  HIGHEST WIND SPEED    23   HIGHEST WIND DIRECTION     N (360)
  HIGHEST GUST SPEED    27   HIGHEST GUST DIRECTION     N (360)
  AVERAGE WIND SPEED    15.3


SKY COVER
  POSSIBLE SUNSHINE  MM
  AVERAGE SKY COVER 1.0


WEATHER CONDITIONS
 THE FOLLOWING WEATHER WAS RECORDED YESTERDAY.
  NO SIGNIFICANT WEATHER WAS OBSERVED.


RELATIVE HUMIDITY (PERCENT)
 HIGHEST    76           600 AM
 LOWEST     52           300 PM
 AVERAGE    64

..........................................................


THE SALINA KS CLIMATE NORMALS FOR TODAY
                         NORMAL    RECORD    YEAR
 MAXIMUM TEMPERATURE (F)   45        73      1962
 MINIMUM TEMPERATURE (F)   23       -20      1899


SUNRISE AND SUNSET
FEBRUARY 11 2018......SUNRISE   726 AM CST   SUNSET   604 PM CST
FEBRUARY 12 2018......SUNRISE   725 AM CST   SUNSET   605 PM CST


-  INDICATES NEGATIVE NUMBERS.
R  INDICATES RECORD WAS SET OR TIED.
MM INDICATES DATA IS MISSING.
T  INDICATES TRACE AMOUNT.




$$
