000
CDUS43 KICT 080742
CLISLN


CLIMATE REPORT
NATIONAL WEATHER SERVICE WICHITA KS
241 AM CDT TUE APR 8 2014


...................................

...THE SALINA KS CLIMATE SUMMARY FOR APRIL 7 2014...

CLIMATE NORMAL PERIOD 1981 TO 2010
CLIMATE RECORD PERIOD 1894 TO 2014


WEATHER ITEM   OBSERVED TIME   RECORD YEAR NORMAL DEPARTURE LAST
                VALUE   (LST)  VALUE       VALUE  FROM      YEAR
                                                  NORMAL
..................................................................
TEMPERATURE (F)
 YESTERDAY
  MAXIMUM         64    335 PM  87    1908  64      0       78
  MINIMUM         42    546 AM  17    2009  40      2       43
  AVERAGE         53                        52      1       61

PRECIPITATION (IN)
  YESTERDAY        0.13          0.86 1976   0.09   0.04      T
  MONTH TO DATE    0.21                      0.64  -0.43      T
  SINCE MAR 1      0.51                      3.03  -2.52     0.62
  SINCE JAN 1      2.32                      4.83  -2.51     3.89

DEGREE DAYS
 HEATING
  YESTERDAY       12                        13     -1        4
  MONTH TO DATE  127                        97     30      102
  SINCE MAR 1    862                       706    156      824
  SINCE JUL 1   5112                      4547    565     4446

 COOLING
  YESTERDAY        0                         0      0        0
  MONTH TO DATE    0                         0      0        0
  SINCE MAR 1      0                         2     -2        0
  SINCE JAN 1      0                         2     -2        0
..................................................................


WIND (MPH)
  HIGHEST WIND SPEED    28   HIGHEST WIND DIRECTION    NW (310)
  HIGHEST GUST SPEED    39   HIGHEST GUST DIRECTION    NW (300)
  AVERAGE WIND SPEED    10.0


SKY COVER
  POSSIBLE SUNSHINE  MM
  AVERAGE SKY COVER 0.6


WEATHER CONDITIONS
 THE FOLLOWING WEATHER WAS RECORDED YESTERDAY.
  THUNDERSTORM
  LIGHT RAIN
  FOG
  HAZE


RELATIVE HUMIDITY (PERCENT)
 HIGHEST    89           200 AM
 LOWEST     46           400 PM
 AVERAGE    68

..........................................................


THE SALINA KS CLIMATE NORMALS FOR TODAY
                         NORMAL    RECORD    YEAR
 MAXIMUM TEMPERATURE (F)   65        91      1905
 MINIMUM TEMPERATURE (F)   41        20      1909


SUNRISE AND SUNSET
APRIL  8 2014.........SUNRISE   705 AM CDT   SUNSET   801 PM CDT
APRIL  9 2014.........SUNRISE   703 AM CDT   SUNSET   802 PM CDT


-  INDICATES NEGATIVE NUMBERS.
R  INDICATES RECORD WAS SET OR TIED.
MM INDICATES DATA IS MISSING.
T  INDICATES TRACE AMOUNT.




$$
