000
CDUS43 KICT 070738
CLISLN


CLIMATE REPORT
NATIONAL WEATHER SERVICE WICHITA KS
138 AM CST THU DEC 7 2017


...................................

...THE SALINA KS CLIMATE SUMMARY FOR DECEMBER 6 2017...

CLIMATE NORMAL PERIOD 1981 TO 2010
CLIMATE RECORD PERIOD 1894 TO 2017


WEATHER ITEM   OBSERVED TIME   RECORD YEAR NORMAL DEPARTURE LAST
                VALUE   (LST)  VALUE       VALUE  FROM      YEAR
                                                  NORMAL
..................................................................
TEMPERATURE (F)
 YESTERDAY
  MAXIMUM         52    318 PM  81    1939  44      8       42
  MINIMUM         24   1159 PM  -5    1950  24      0       24
  AVERAGE         38                        34      4       33

PRECIPITATION (IN)
  YESTERDAY        0.00          0.98 1994   0.03  -0.03     0.00
  MONTH TO DATE    0.00                      0.22  -0.22     0.53
  SINCE DEC 1      0.00                      0.22  -0.22     0.53
  SINCE JAN 1     25.38                     30.78  -5.40    27.05

DEGREE DAYS
 HEATING
  YESTERDAY       27                        31     -4       32
  MONTH TO DATE  120                       179    -59      163
  SINCE DEC 1    120                       179    -59      163
  SINCE JUL 1    876                      1131   -255      706

 COOLING
  YESTERDAY        0                         0      0        0
  MONTH TO DATE    0                         0      0        0
  SINCE DEC 1      0                         0      0        0
  SINCE JAN 1   1965                      1647    318     2009
..................................................................


WIND (MPH)
  HIGHEST WIND SPEED    29   HIGHEST WIND DIRECTION     N (350)
  HIGHEST GUST SPEED    34   HIGHEST GUST DIRECTION    NW (320)
  AVERAGE WIND SPEED    16.3


SKY COVER
  POSSIBLE SUNSHINE  MM
  AVERAGE SKY COVER 0.2


WEATHER CONDITIONS
 THE FOLLOWING WEATHER WAS RECORDED YESTERDAY.
  NO SIGNIFICANT WEATHER WAS OBSERVED.


RELATIVE HUMIDITY (PERCENT)
 HIGHEST    64           700 PM
 LOWEST     27           400 PM
 AVERAGE    46

..........................................................


THE SALINA KS CLIMATE NORMALS FOR TODAY
                         NORMAL    RECORD    YEAR
 MAXIMUM TEMPERATURE (F)   44        68      1933
 MINIMUM TEMPERATURE (F)   24        -4      1909


SUNRISE AND SUNSET
DECEMBER  7 2017......SUNRISE   736 AM CST   SUNSET   509 PM CST
DECEMBER  8 2017......SUNRISE   737 AM CST   SUNSET   509 PM CST


-  INDICATES NEGATIVE NUMBERS.
R  INDICATES RECORD WAS SET OR TIED.
MM INDICATES DATA IS MISSING.
T  INDICATES TRACE AMOUNT.




$$
