111
CDUS43 KICT 010705
CLISLN


CLIMATE REPORT
NATIONAL WEATHER SERVICE WICHITA KS
105 AM CST MON FEB 1 2016


...................................

...THE SALINA KS CLIMATE SUMMARY FOR JANUARY 31 2016...

CLIMATE NORMAL PERIOD 1981 TO 2010
CLIMATE RECORD PERIOD 1894 TO 2016


WEATHER ITEM   OBSERVED TIME   RECORD YEAR NORMAL DEPARTURE LAST
                VALUE   (LST)  VALUE       VALUE  FROM      YEAR
                                                  NORMAL
..................................................................
TEMPERATURE (F)
 YESTERDAY
  MAXIMUM         57    259 PM  75    1989  43     14       41
  MINIMUM         38    759 AM -18    1979  21     17       35
  AVERAGE         48                        32     16       38

PRECIPITATION (IN)
  YESTERDAY        0.00         99.99 2014   0.03  -0.03     0.74
  MONTH TO DATE    0.72                      0.63   0.09     1.20
  SINCE DEC 1      4.38                      1.57   2.81     3.10
  SINCE JAN 1      0.72                      0.63   0.09     1.20

DEGREE DAYS
 HEATING
  YESTERDAY       17                        33    -16       27
  MONTH TO DATE  908                      1049   -141     1002
  SINCE DEC 1   1707                      2064   -357     1895
  SINCE JUL 1   2339                      3016   -677     2892

 COOLING
  YESTERDAY        0                         0      0        0
  MONTH TO DATE    0                         0      0        0
  SINCE DEC 1      0                         0      0        0
  SINCE JAN 1      0                         0      0        0
..................................................................


WIND (MPH)
  HIGHEST WIND SPEED    22   HIGHEST WIND DIRECTION     N (350)
  HIGHEST GUST SPEED    29   HIGHEST GUST DIRECTION     N (340)
  AVERAGE WIND SPEED    10.9


SKY COVER
  POSSIBLE SUNSHINE  MM
  AVERAGE SKY COVER 0.2


WEATHER CONDITIONS
 THE FOLLOWING WEATHER WAS RECORDED YESTERDAY.
  NO SIGNIFICANT WEATHER WAS OBSERVED.


RELATIVE HUMIDITY (PERCENT)
 HIGHEST    82           500 AM
 LOWEST     32           300 PM
 AVERAGE    57

..........................................................


THE SALINA KS CLIMATE NORMALS FOR TODAY
                         NORMAL    RECORD    YEAR
 MAXIMUM TEMPERATURE (F)   43        73      1911
 MINIMUM TEMPERATURE (F)   21       -19      1979


SUNRISE AND SUNSET
FEBRUARY  1 2016......SUNRISE   737 AM CST   SUNSET   552 PM CST
FEBRUARY  2 2016......SUNRISE   736 AM CST   SUNSET   553 PM CST


-  INDICATES NEGATIVE NUMBERS.
R  INDICATES RECORD WAS SET OR TIED.
MM INDICATES DATA IS MISSING.
T  INDICATES TRACE AMOUNT.




$$
