000
CDUS43 KICT 210622
CLISLN


CLIMATE REPORT
NATIONAL WEATHER SERVICE WICHITA KS
122 AM CDT SAT MAR 21 2015


...................................

...THE SALINA KS CLIMATE SUMMARY FOR MARCH 20 2015...

CLIMATE NORMAL PERIOD 1981 TO 2010
CLIMATE RECORD PERIOD 1894 TO 2015


WEATHER ITEM   OBSERVED TIME   RECORD YEAR NORMAL DEPARTURE LAST
                VALUE   (LST)  VALUE       VALUE  FROM      YEAR
                                                  NORMAL
..................................................................
TEMPERATURE (F)
 YESTERDAY
  MAXIMUM         74    501 PM  86    1934  59     15       74
  MINIMUM         29    657 AM   6    1914  35     -6       28
  AVERAGE         52                        47      5       51

PRECIPITATION (IN)
  YESTERDAY        0.00          0.58 2006   0.09  -0.09     0.00
  MONTH TO DATE    T                         1.42  -1.42     0.18
  SINCE MAR 1      T                         1.42  -1.42     0.18
  SINCE JAN 1      1.44                      3.22  -1.78     1.99

DEGREE DAYS
 HEATING
  YESTERDAY       13                        18     -5       14
  MONTH TO DATE  369                       427    -58      516
  SINCE MAR 1    369                       427    -58      516
  SINCE JUL 1   4198                      4268    -70     4766

 COOLING
  YESTERDAY        0                         0      0        0
  MONTH TO DATE    1                         0      1        0
  SINCE MAR 1      1                         0      1        0
  SINCE JAN 1      1                         0      1        0
..................................................................


WIND (MPH)
  HIGHEST WIND SPEED    16   HIGHEST WIND DIRECTION    SW (220)
  HIGHEST GUST SPEED    20   HIGHEST GUST DIRECTION    SW (220)
  AVERAGE WIND SPEED     6.7


SKY COVER
  POSSIBLE SUNSHINE  MM
  AVERAGE SKY COVER 0.1


WEATHER CONDITIONS
 THE FOLLOWING WEATHER WAS RECORDED YESTERDAY.
  FOG
  FOG W/VISIBILITY <= 1/4 MILE
  HAZE


RELATIVE HUMIDITY (PERCENT)
 HIGHEST   100           300 AM
 LOWEST     17           300 PM
 AVERAGE    59

..........................................................


THE SALINA KS CLIMATE NORMALS FOR TODAY
                         NORMAL    RECORD    YEAR
 MAXIMUM TEMPERATURE (F)   59        96      1907
 MINIMUM TEMPERATURE (F)   36        10      1913


SUNRISE AND SUNSET
MARCH 21 2015.........SUNRISE   733 AM CDT   SUNSET   743 PM CDT
MARCH 22 2015.........SUNRISE   731 AM CDT   SUNSET   744 PM CDT


-  INDICATES NEGATIVE NUMBERS.
R  INDICATES RECORD WAS SET OR TIED.
MM INDICATES DATA IS MISSING.
T  INDICATES TRACE AMOUNT.




$$
