000
CDUS43 KICT 190628
CLISLN


CLIMATE REPORT
NATIONAL WEATHER SERVICE WICHITA KS
1228 AM CST MON JAN 19 2015


...................................

...THE SALINA KS CLIMATE SUMMARY FOR JANUARY 18 2015...

CLIMATE NORMAL PERIOD 1981 TO 2010
CLIMATE RECORD PERIOD 1894 TO 2015


WEATHER ITEM   OBSERVED TIME   RECORD YEAR NORMAL DEPARTURE LAST
                VALUE   (LST)  VALUE       VALUE  FROM      YEAR
                                                  NORMAL
..................................................................
TEMPERATURE (F)
 YESTERDAY
  MAXIMUM         61    426 PM  72    1951  42     19       53
  MINIMUM         25    743 AM -11    1984  20      5       24
  AVERAGE         43                        31     12       39

PRECIPITATION (IN)
  YESTERDAY        0.00          0.79 1979   0.02  -0.02     0.00
  MONTH TO DATE    0.02                      0.31  -0.29     0.49
  SINCE DEC 1      1.92                      1.25   0.67     1.71
  SINCE JAN 1      0.02                      0.31  -0.29     0.49

DEGREE DAYS
 HEATING
  YESTERDAY       22                        34    -12       26
  MONTH TO DATE  705                       612     93      639
  SINCE DEC 1   1598                      1624    -26     1791
  SINCE JUL 1   2595                      2576     19     2779

 COOLING
  YESTERDAY        0                         0      0        0
  MONTH TO DATE    0                         0      0        0
  SINCE DEC 1      0                         0      0        0
  SINCE JAN 1      0                         0      0        0
..................................................................


WIND (MPH)
  HIGHEST WIND SPEED    17   HIGHEST WIND DIRECTION     W (260)
  HIGHEST GUST SPEED    22   HIGHEST GUST DIRECTION     W (260)
  AVERAGE WIND SPEED     7.6


SKY COVER
  POSSIBLE SUNSHINE  MM
  AVERAGE SKY COVER 0.0


WEATHER CONDITIONS
 THE FOLLOWING WEATHER WAS RECORDED YESTERDAY.
  NO SIGNIFICANT WEATHER WAS OBSERVED.


RELATIVE HUMIDITY (PERCENT)
 HIGHEST    75           500 AM
 LOWEST     25           400 PM
 AVERAGE    50

..........................................................


THE SALINA KS CLIMATE NORMALS FOR TODAY
                         NORMAL    RECORD    YEAR
 MAXIMUM TEMPERATURE (F)   42        68      2014
                                             2003
 MINIMUM TEMPERATURE (F)   20       -14      1943


SUNRISE AND SUNSET
JANUARY 19 2015.......SUNRISE   746 AM CST   SUNSET   537 PM CST
JANUARY 20 2015.......SUNRISE   745 AM CST   SUNSET   538 PM CST


-  INDICATES NEGATIVE NUMBERS.
R  INDICATES RECORD WAS SET OR TIED.
MM INDICATES DATA IS MISSING.
T  INDICATES TRACE AMOUNT.




$$
