000
CDUS43 KICT 110634
CLISLN


CLIMATE REPORT
NATIONAL WEATHER SERVICE WICHITA KS
1234 AM CST THU DEC 11 2014


...................................

...THE SALINA KS CLIMATE SUMMARY FOR DECEMBER 10 2014...

CLIMATE NORMAL PERIOD 1981 TO 2010
CLIMATE RECORD PERIOD 1894 TO 2014


WEATHER ITEM   OBSERVED TIME   RECORD YEAR NORMAL DEPARTURE LAST
                VALUE   (LST)  VALUE       VALUE  FROM      YEAR
                                                  NORMAL
..................................................................
TEMPERATURE (F)
 YESTERDAY
  MAXIMUM         46    331 PM  72    1939  43      3       44
  MINIMUM         30    211 AM -12    1919  23      7       11
  AVERAGE         38                        33      5       28

PRECIPITATION (IN)
  YESTERDAY        0.00          1.46 1960   0.03  -0.03     0.00
  MONTH TO DATE    0.56                      0.36   0.20      T
  SINCE DEC 1      0.56                      0.36   0.20      T
  SINCE JAN 1     27.67                     30.92  -3.25    29.41

DEGREE DAYS
 HEATING
  YESTERDAY       27                        32     -5       37
  MONTH TO DATE  280                       305    -25      387
  SINCE DEC 1    280                       305    -25      387
  SINCE JUL 1   1277                      1257     20     1375

 COOLING
  YESTERDAY        0                         0      0        0
  MONTH TO DATE    0                         0      0        0
  SINCE DEC 1      0                         0      0        0
  SINCE JAN 1   1801                      1647    154     1750
..................................................................


WIND (MPH)
  HIGHEST WIND SPEED    12   HIGHEST WIND DIRECTION     E (80)
  HIGHEST GUST SPEED    15   HIGHEST GUST DIRECTION     E (80)
  AVERAGE WIND SPEED     5.8


SKY COVER
  POSSIBLE SUNSHINE  MM
  AVERAGE SKY COVER 0.9


WEATHER CONDITIONS
 THE FOLLOWING WEATHER WAS RECORDED YESTERDAY.
  FOG


RELATIVE HUMIDITY (PERCENT)
 HIGHEST    85           200 AM
 LOWEST     58           100 PM
 AVERAGE    72

..........................................................


THE SALINA KS CLIMATE NORMALS FOR TODAY
                         NORMAL    RECORD    YEAR
 MAXIMUM TEMPERATURE (F)   43        75      1939
 MINIMUM TEMPERATURE (F)   23         0      1963


SUNRISE AND SUNSET
DECEMBER 11 2014......SUNRISE   739 AM CST   SUNSET   509 PM CST
DECEMBER 12 2014......SUNRISE   740 AM CST   SUNSET   509 PM CST


-  INDICATES NEGATIVE NUMBERS.
R  INDICATES RECORD WAS SET OR TIED.
MM INDICATES DATA IS MISSING.
T  INDICATES TRACE AMOUNT.




$$
