000
CDUS43 KICT 070653
CLISLN


CLIMATE REPORT
NATIONAL WEATHER SERVICE WICHITA KS
1252 AM CST SAT JAN 7 2017


...................................

...THE SALINA KS CLIMATE SUMMARY FOR JANUARY 6 2017...

CLIMATE NORMAL PERIOD 1981 TO 2010
CLIMATE RECORD PERIOD 1894 TO 2017


WEATHER ITEM   OBSERVED TIME   RECORD YEAR NORMAL DEPARTURE LAST
                VALUE   (LST)  VALUE       VALUE  FROM      YEAR
                                                  NORMAL
..................................................................
TEMPERATURE (F)
 YESTERDAY
  MAXIMUM         MM        MM  62    1939  41     MM       41
  MINIMUM         MM        MM -15    1910  20     MM       35
  AVERAGE         MM                        31     MM       38

PRECIPITATION (IN)
  YESTERDAY        0.00          0.24 1988   0.01  -0.01      T
  MONTH TO DATE    T                         0.09  -0.09     0.03
  SINCE DEC 1      0.85                      1.03  -0.18     3.69
  SINCE JAN 1      T                         0.09  -0.09     0.03

DEGREE DAYS
 HEATING
  YESTERDAY       MM                        34     MM       27
  MONTH TO DATE  181                       204    -23      200
  SINCE DEC 1   1207                      1216     -9      999
  SINCE JUL 1   1750                      2168   -418     1631

 COOLING
  YESTERDAY       MM                         0     MM        0
  MONTH TO DATE    0                         0      0        0
  SINCE DEC 1      0                         0      0        0
  SINCE JAN 1      0                         0      0        0
..................................................................


WIND (MPH)
  HIGHEST WIND SPEED    MM   HIGHEST WIND DIRECTION    MM
  HIGHEST GUST SPEED    MM   HIGHEST GUST DIRECTION    MM
  AVERAGE WIND SPEED    MM


SKY COVER
  POSSIBLE SUNSHINE   0 PERCENT
  AVERAGE SKY COVER 0.0


WEATHER CONDITIONS
 THE FOLLOWING WEATHER WAS RECORDED YESTERDAY.
  NO SIGNIFICANT WEATHER WAS OBSERVED.


RELATIVE HUMIDITY (PERCENT)
 HIGHEST     0          1200 AM
 LOWEST      0          1200 AM
 AVERAGE     0

..........................................................


THE SALINA KS CLIMATE NORMALS FOR TODAY
                         NORMAL    RECORD    YEAR
 MAXIMUM TEMPERATURE (F)   41        72      2006
 MINIMUM TEMPERATURE (F)   20       -12      1912


SUNRISE AND SUNSET
JANUARY  7 2017.......SUNRISE   749 AM CST   SUNSET   525 PM CST
JANUARY  8 2017.......SUNRISE   749 AM CST   SUNSET   526 PM CST


-  INDICATES NEGATIVE NUMBERS.
R  INDICATES RECORD WAS SET OR TIED.
MM INDICATES DATA IS MISSING.
T  INDICATES TRACE AMOUNT.




$$
