000
CDUS43 KICT 200628
CLISLN

CLIMATE REPORT
NATIONAL WEATHER SERVICE WICHITA KS
127 AM CDT TUE SEP 20 2016

...................................

...THE SALINA KS CLIMATE SUMMARY FOR SEPTEMBER 19 2016...

CLIMATE NORMAL PERIOD 1981 TO 2010
CLIMATE RECORD PERIOD 1894 TO 2016


WEATHER ITEM   OBSERVED TIME   RECORD YEAR NORMAL DEPARTURE LAST
                VALUE   (LST)  VALUE       VALUE  FROM      YEAR
                                                  NORMAL
..................................................................
TEMPERATURE (F)
 YESTERDAY
  MAXIMUM         98    232 PM  99    1931  80     18       76
  MINIMUM         69    651 AM  39    1991  57     12       50
  AVERAGE         84                        69     15       63

PRECIPITATION (IN)
  YESTERDAY        0.00          2.28 1967   0.09  -0.09     0.00
  MONTH TO DATE    0.85                      1.73  -0.88     0.94
  SINCE SEP 1      0.85                      1.73  -0.88     0.94
  SINCE JAN 1     23.29                     26.07  -2.78    24.79

DEGREE DAYS
 HEATING
  YESTERDAY        0                         2     -2        2
  MONTH TO DATE    0                        15    -15        2
  SINCE SEP 1      0                        15    -15        2
  SINCE JUL 1      0                        16    -16        2

 COOLING
  YESTERDAY       19                         6     13        0
  MONTH TO DATE  185                       160     25      279
  SINCE SEP 1    185                       160     25      279
  SINCE JAN 1   1855                      1567    288     1733
..................................................................


WIND (MPH)
  HIGHEST WIND SPEED    15   HIGHEST WIND DIRECTION     S (200)
  HIGHEST GUST SPEED    17   HIGHEST GUST DIRECTION    SW (210)
  AVERAGE WIND SPEED     6.3


SKY COVER
  POSSIBLE SUNSHINE  MM
  AVERAGE SKY COVER 0.0


WEATHER CONDITIONS
 THE FOLLOWING WEATHER WAS RECORDED YESTERDAY.
  NO SIGNIFICANT WEATHER WAS OBSERVED.


RELATIVE HUMIDITY (PERCENT)
 HIGHEST    90          1200 AM
 LOWEST     42           300 PM
 AVERAGE    66

..........................................................


THE SALINA KS CLIMATE NORMALS FOR TODAY
                         NORMAL    RECORD    YEAR
 MAXIMUM TEMPERATURE (F)   80        97      1935
 MINIMUM TEMPERATURE (F)   56        28      1918


SUNRISE AND SUNSET
SEPTEMBER 20 2016.....SUNRISE   717 AM CDT   SUNSET   730 PM CDT
SEPTEMBER 21 2016.....SUNRISE   718 AM CDT   SUNSET   728 PM CDT


-  INDICATES NEGATIVE NUMBERS.
R  INDICATES RECORD WAS SET OR TIED.
MM INDICATES DATA IS MISSING.
T  INDICATES TRACE AMOUNT.

$$
