000
CDUS43 KICT 130619
CLISLN

CLIMATE REPORT
NATIONAL WEATHER SERVICE WICHITA KS
1218 AM CST TUE FEB 13 2018


...................................

...THE SALINA KS CLIMATE SUMMARY FOR FEBRUARY 12 2018...

CLIMATE NORMAL PERIOD 1981 TO 2010
CLIMATE RECORD PERIOD 1894 TO 2018


WEATHER ITEM   OBSERVED TIME   RECORD YEAR NORMAL DEPARTURE LAST
                VALUE   (LST)  VALUE       VALUE  FROM      YEAR
                                                  NORMAL
..................................................................
TEMPERATURE (F)
 YESTERDAY
  MAXIMUM         43    259 PM  73    1976  46     -3       54
  MINIMUM         14    553 AM -27    1899  24    -10       29
  AVERAGE         29                        34     -5       42

PRECIPITATION (IN)
  YESTERDAY        0.00          0.80 1978   0.04  -0.04     0.00
  MONTH TO DATE    T                         0.45  -0.45      T
  SINCE DEC 1      0.39                      2.02  -1.63     2.87
  SINCE JAN 1      0.34                      1.08  -0.74     2.02

DEGREE DAYS
 HEATING
  YESTERDAY       36                        30      6       23
  MONTH TO DATE  446                       380     66      313
  SINCE DEC 1   2407                      2444    -37     1876
  SINCE JUL 1   3163                      3396   -233     2419

 COOLING
  YESTERDAY        0                         0      0        0
  MONTH TO DATE    0                         0      0        0
  SINCE DEC 1      0                         0      0        0
  SINCE JAN 1      0                         0      0        0
..................................................................


WIND (MPH)
  HIGHEST WIND SPEED    22   HIGHEST WIND DIRECTION    SE (130)
  HIGHEST GUST SPEED    28   HIGHEST GUST DIRECTION     E (110)
  AVERAGE WIND SPEED    10.3


SKY COVER
  POSSIBLE SUNSHINE  MM
  AVERAGE SKY COVER 0.3


WEATHER CONDITIONS
 THE FOLLOWING WEATHER WAS RECORDED YESTERDAY.
  NO SIGNIFICANT WEATHER WAS OBSERVED.


RELATIVE HUMIDITY (PERCENT)
 HIGHEST    73           600 AM
 LOWEST     29           300 PM
 AVERAGE    51

..........................................................


THE SALINA KS CLIMATE NORMALS FOR TODAY
                         NORMAL    RECORD    YEAR
 MAXIMUM TEMPERATURE (F)   46        78      1921
 MINIMUM TEMPERATURE (F)   24       -31      1905


SUNRISE AND SUNSET
FEBRUARY 13 2018......SUNRISE   724 AM CST   SUNSET   606 PM CST
FEBRUARY 14 2018......SUNRISE   723 AM CST   SUNSET   607 PM CST


-  INDICATES NEGATIVE NUMBERS.
R  INDICATES RECORD WAS SET OR TIED.
MM INDICATES DATA IS MISSING.
T  INDICATES TRACE AMOUNT.




$$
