000
CDUS43 KICT 250745
CLISLN


CLIMATE REPORT
NATIONAL WEATHER SERVICE WICHITA KS
145 AM CST WED FEB 25 2015


...................................

...THE SALINA KS CLIMATE SUMMARY FOR FEBRUARY 24 2015...

CLIMATE NORMAL PERIOD 1981 TO 2010
CLIMATE RECORD PERIOD 1894 TO 2015


WEATHER ITEM   OBSERVED TIME   RECORD YEAR NORMAL DEPARTURE LAST
                VALUE   (LST)  VALUE       VALUE  FROM      YEAR
                                                  NORMAL
..................................................................
TEMPERATURE (F)
 YESTERDAY
  MAXIMUM         54    450 PM  84    1918  50      4       45
  MINIMUM         17    724 AM -15    1913  27    -10       20
  AVERAGE         36                        38     -2       33

PRECIPITATION (IN)
  YESTERDAY        0.00          0.77 2001   0.05  -0.05     0.00
  MONTH TO DATE    0.12                      0.98  -0.86     1.27
  SINCE DEC 1      3.22                      2.55   0.67     2.98
  SINCE JAN 1      1.32                      1.61  -0.29     1.76

DEGREE DAYS
 HEATING
  YESTERDAY       29                        27      2       32
  MONTH TO DATE  766                       722     44      866
  SINCE DEC 1   2661                      2786   -125     3111
  SINCE JUL 1   3658                      3738    -80     4099

 COOLING
  YESTERDAY        0                         0      0        0
  MONTH TO DATE    0                         0      0        0
  SINCE DEC 1      0                         0      0        0
  SINCE JAN 1      0                         0      0        0
..................................................................


WIND (MPH)
  HIGHEST WIND SPEED    17   HIGHEST WIND DIRECTION    NW (320)
  HIGHEST GUST SPEED    22   HIGHEST GUST DIRECTION     N (350)
  AVERAGE WIND SPEED     8.8


SKY COVER
  POSSIBLE SUNSHINE  MM
  AVERAGE SKY COVER 0.1


WEATHER CONDITIONS
 THE FOLLOWING WEATHER WAS RECORDED YESTERDAY.
  NO SIGNIFICANT WEATHER WAS OBSERVED.


RELATIVE HUMIDITY (PERCENT)
 HIGHEST    74           400 AM
 LOWEST     28           400 PM
 AVERAGE    51

..........................................................


THE SALINA KS CLIMATE NORMALS FOR TODAY
                         NORMAL    RECORD    YEAR
 MAXIMUM TEMPERATURE (F)   50        81      1986
 MINIMUM TEMPERATURE (F)   28        -3      1913


SUNRISE AND SUNSET
FEBRUARY 25 2015......SUNRISE   709 AM CST   SUNSET   619 PM CST
FEBRUARY 26 2015......SUNRISE   707 AM CST   SUNSET   620 PM CST


-  INDICATES NEGATIVE NUMBERS.
R  INDICATES RECORD WAS SET OR TIED.
MM INDICATES DATA IS MISSING.
T  INDICATES TRACE AMOUNT.




$$
