000
CDUS43 KICT 190621
CLISLN


CLIMATE REPORT
NATIONAL WEATHER SERVICE WICHITA KS
120 AM CDT TUE AUG 19 2014


...................................

...THE SALINA KS CLIMATE SUMMARY FOR AUGUST 18 2014...

CLIMATE NORMAL PERIOD 1981 TO 2010
CLIMATE RECORD PERIOD 1894 TO 2014


WEATHER ITEM   OBSERVED TIME   RECORD YEAR NORMAL DEPARTURE LAST
                VALUE   (LST)  VALUE       VALUE  FROM      YEAR
                                                  NORMAL
..................................................................
TEMPERATURE (F)
 YESTERDAY
  MAXIMUM         94    439 PM 110    1936  91      3       84
  MINIMUM         66    422 AM  54    1919  68     -2       61
  AVERAGE         80                        80      0       73

PRECIPITATION (IN)
  YESTERDAY        0.03          1.90 1963   0.13  -0.10     0.00
  MONTH TO DATE    2.07                      2.38  -0.31     5.00
  SINCE JUN 1     10.99                     10.78   0.21    13.00
  SINCE JAN 1     18.38                     22.77  -4.39    26.24

DEGREE DAYS
 HEATING
  YESTERDAY        0                         0      0        0
  MONTH TO DATE    0                         0      0        0
  SINCE JUN 1      1                         7     -6       10
  SINCE JUL 1      0                         0      0        3

 COOLING
  YESTERDAY       15                        15      0        8
  MONTH TO DATE  279                       281     -2      189
  SINCE JUN 1   1079                      1107    -28     1019
  SINCE JAN 1   1311                      1235     76     1160
..................................................................


WIND (MPH)
  HIGHEST WIND SPEED    36   HIGHEST WIND DIRECTION     W (280)
  HIGHEST GUST SPEED    49   HIGHEST GUST DIRECTION     W (270)
  AVERAGE WIND SPEED     7.2


SKY COVER
  POSSIBLE SUNSHINE  MM
  AVERAGE SKY COVER 0.0


WEATHER CONDITIONS
 THE FOLLOWING WEATHER WAS RECORDED YESTERDAY.
  THUNDERSTORM
  LIGHT RAIN


RELATIVE HUMIDITY (PERCENT)
 HIGHEST    87           300 AM
 LOWEST     44           400 PM
 AVERAGE    66

..........................................................


THE SALINA KS CLIMATE NORMALS FOR TODAY
                         NORMAL    RECORD    YEAR
 MAXIMUM TEMPERATURE (F)   91       111      1936
 MINIMUM TEMPERATURE (F)   68        53      1953


SUNRISE AND SUNSET
AUGUST 19 2014........SUNRISE   648 AM CDT   SUNSET   820 PM CDT
AUGUST 20 2014........SUNRISE   649 AM CDT   SUNSET   818 PM CDT


-  INDICATES NEGATIVE NUMBERS.
R  INDICATES RECORD WAS SET OR TIED.
MM INDICATES DATA IS MISSING.
T  INDICATES TRACE AMOUNT.




$$
