444
CDUS43 KICT 120620
CLISLN

CLIMATE REPORT
NATIONAL WEATHER SERVICE WICHITA KS
1220 AM CST MON FEB 12 2018


...................................

...THE SALINA KS CLIMATE SUMMARY FOR FEBRUARY 11 2018...

CLIMATE NORMAL PERIOD 1981 TO 2010
CLIMATE RECORD PERIOD 1894 TO 2018


WEATHER ITEM   OBSERVED TIME   RECORD YEAR NORMAL DEPARTURE LAST
                VALUE   (LST)  VALUE       VALUE  FROM      YEAR
                                                  NORMAL
..................................................................
TEMPERATURE (F)
 YESTERDAY
  MAXIMUM         39    415 PM  73    1962  45     -6       70
  MINIMUM         11    725 AM -20    1899  23    -12       41
  AVERAGE         25                        34     -9       56

PRECIPITATION (IN)
  YESTERDAY        T             0.60 1965   0.04  -0.04     0.00
  MONTH TO DATE    T                         0.41  -0.41      T
  SINCE DEC 1      0.39                      1.98  -1.59     2.87
  SINCE JAN 1      0.34                      1.04  -0.70     2.02

DEGREE DAYS
 HEATING
  YESTERDAY       40                        31      9        9
  MONTH TO DATE  410                       350     60      290
  SINCE DEC 1   2371                      2414    -43     1853
  SINCE JUL 1   3127                      3366   -239     2396

 COOLING
  YESTERDAY        0                         0      0        0
  MONTH TO DATE    0                         0      0        0
  SINCE DEC 1      0                         0      0        0
  SINCE JAN 1      0                         0      0        0
..................................................................


WIND (MPH)
  HIGHEST WIND SPEED    16   HIGHEST WIND DIRECTION    NW (330)
  HIGHEST GUST SPEED    19   HIGHEST GUST DIRECTION    NW (310)
  AVERAGE WIND SPEED     7.2


SKY COVER
  POSSIBLE SUNSHINE  MM
  AVERAGE SKY COVER 0.2


WEATHER CONDITIONS
 THE FOLLOWING WEATHER WAS RECORDED YESTERDAY.
  LIGHT SNOW
  FOG


RELATIVE HUMIDITY (PERCENT)
 HIGHEST    84           600 AM
 LOWEST     25           400 PM
 AVERAGE    55

..........................................................


THE SALINA KS CLIMATE NORMALS FOR TODAY
                         NORMAL    RECORD    YEAR
 MAXIMUM TEMPERATURE (F)   46        73      1976
 MINIMUM TEMPERATURE (F)   24       -27      1899


SUNRISE AND SUNSET
FEBRUARY 12 2018......SUNRISE   725 AM CST   SUNSET   605 PM CST
FEBRUARY 13 2018......SUNRISE   724 AM CST   SUNSET   606 PM CST


-  INDICATES NEGATIVE NUMBERS.
R  INDICATES RECORD WAS SET OR TIED.
MM INDICATES DATA IS MISSING.
T  INDICATES TRACE AMOUNT.




$$
