000
CDUS43 KICT 210658
CLISLN


CLIMATE REPORT
NATIONAL WEATHER SERVICE WICHITA KS
157 AM CDT TUE JUL 21 2015


...................................

...THE SALINA KS CLIMATE SUMMARY FOR JULY 20 2015...

CLIMATE NORMAL PERIOD 1981 TO 2010
CLIMATE RECORD PERIOD 1894 TO 2015


WEATHER ITEM   OBSERVED TIME   RECORD YEAR NORMAL DEPARTURE LAST
                VALUE   (LST)  VALUE       VALUE  FROM      YEAR
                                                  NORMAL
..................................................................
TEMPERATURE (F)
 YESTERDAY
  MAXIMUM         94    334 PM 110    1934  93      1       96
  MINIMUM         75    639 AM  54    1902  70      5       69
  AVERAGE         85                        82      3       83

PRECIPITATION (IN)
  YESTERDAY        0.01          1.41 2009   0.13  -0.12     0.00
  MONTH TO DATE    2.62                      2.91  -0.29     0.71
  SINCE JUN 1      7.12                      7.02   0.10     8.90
  SINCE JAN 1     18.72                     19.01  -0.29    16.29

DEGREE DAYS
 HEATING
  YESTERDAY        0                         0      0        0
  MONTH TO DATE    0                         0      0        0
  SINCE JUN 1      0                         7     -7        1
  SINCE JUL 1      0                         0      0        0

 COOLING
  YESTERDAY       20                        17      3       18
  MONTH TO DATE  345                       318     27      251
  SINCE JUN 1    785                       643    142      608
  SINCE JAN 1    875                       771    104      840
..................................................................


WIND (MPH)
  HIGHEST WIND SPEED    18   HIGHEST WIND DIRECTION    NE (30)
  HIGHEST GUST SPEED    23   HIGHEST GUST DIRECTION    NE (30)
  AVERAGE WIND SPEED     7.6


SKY COVER
  POSSIBLE SUNSHINE  MM
  AVERAGE SKY COVER 0.2


WEATHER CONDITIONS
 THE FOLLOWING WEATHER WAS RECORDED YESTERDAY.
  LIGHT RAIN


RELATIVE HUMIDITY (PERCENT)
 HIGHEST    87           600 AM
 LOWEST     52           100 PM
 AVERAGE    70

..........................................................


THE SALINA KS CLIMATE NORMALS FOR TODAY
                         NORMAL    RECORD    YEAR
 MAXIMUM TEMPERATURE (F)   93       108      1934
 MINIMUM TEMPERATURE (F)   70        51      1970


SUNRISE AND SUNSET
JULY 21 2015..........SUNRISE   622 AM CDT   SUNSET   851 PM CDT
JULY 22 2015..........SUNRISE   623 AM CDT   SUNSET   851 PM CDT


-  INDICATES NEGATIVE NUMBERS.
R  INDICATES RECORD WAS SET OR TIED.
MM INDICATES DATA IS MISSING.
T  INDICATES TRACE AMOUNT.




$$
