000
CDUS43 KICT 130619
CLISLN


CLIMATE REPORT
NATIONAL WEATHER SERVICE WICHITA KS
119 AM CDT WED MAY 13 2015


...................................

...THE SALINA KS CLIMATE SUMMARY FOR MAY 12 2015...

CLIMATE NORMAL PERIOD 1981 TO 2010
CLIMATE RECORD PERIOD 1894 TO 2015


WEATHER ITEM   OBSERVED TIME   RECORD YEAR NORMAL DEPARTURE LAST
                VALUE   (LST)  VALUE       VALUE  FROM      YEAR
                                                  NORMAL
..................................................................
TEMPERATURE (F)
 YESTERDAY
  MAXIMUM         71    352 PM  95    1956  75     -4       60
  MINIMUM         36    435 AM  34    1960  53    -17       47
  AVERAGE         54                        64    -10       54

PRECIPITATION (IN)
  YESTERDAY        0.00          1.13 1995   0.14  -0.14     0.56
  MONTH TO DATE    2.92                      1.60   1.32     0.85
  SINCE MAR 1      4.80                      7.04  -2.24     2.48
  SINCE JAN 1      6.24                      8.84  -2.60     4.29

DEGREE DAYS
 HEATING
  YESTERDAY       11                         4      7       11
  MONTH TO DATE   31                        58    -27       38
  SINCE MAR 1    763                       985   -222     1086
  SINCE JUL 1   4592                      4826   -234     5336

 COOLING
  YESTERDAY        0                         3     -3        0
  MONTH TO DATE   39                        22     17       62
  SINCE MAR 1     51                        47      4       98
  SINCE JAN 1     51                        47      4       98
..................................................................


WIND (MPH)
  HIGHEST WIND SPEED    16   HIGHEST WIND DIRECTION     S (160)
  HIGHEST GUST SPEED    22   HIGHEST GUST DIRECTION     S (160)
  AVERAGE WIND SPEED     8.0


SKY COVER
  POSSIBLE SUNSHINE  MM
  AVERAGE SKY COVER 0.0


WEATHER CONDITIONS
 THE FOLLOWING WEATHER WAS RECORDED YESTERDAY.
  NO SIGNIFICANT WEATHER WAS OBSERVED.


RELATIVE HUMIDITY (PERCENT)
 HIGHEST    85           300 AM
 LOWEST     32          1200 PM
 AVERAGE    59

..........................................................


THE SALINA KS CLIMATE NORMALS FOR TODAY
                         NORMAL    RECORD    YEAR
 MAXIMUM TEMPERATURE (F)   76        92      1932
 MINIMUM TEMPERATURE (F)   53        32      1966


SUNRISE AND SUNSET
MAY 13 2015...........SUNRISE   620 AM CDT   SUNSET   834 PM CDT
MAY 14 2015...........SUNRISE   619 AM CDT   SUNSET   835 PM CDT


-  INDICATES NEGATIVE NUMBERS.
R  INDICATES RECORD WAS SET OR TIED.
MM INDICATES DATA IS MISSING.
T  INDICATES TRACE AMOUNT.




$$
