000
CDUS43 KICT 250624
CLISLN


CLIMATE REPORT
NATIONAL WEATHER SERVICE WICHITA KS
124 AM CDT SAT JUL 25 2015


...................................

...THE SALINA KS CLIMATE SUMMARY FOR JULY 24 2015...

CLIMATE NORMAL PERIOD 1981 TO 2010
CLIMATE RECORD PERIOD 1894 TO 2015


WEATHER ITEM   OBSERVED TIME   RECORD YEAR NORMAL DEPARTURE LAST
                VALUE   (LST)  VALUE       VALUE  FROM      YEAR
                                                  NORMAL
..................................................................
TEMPERATURE (F)
 YESTERDAY
  MAXIMUM        107    426 PM 116    1936  93     14       96
  MINIMUM         75    427 AM  50    1905  70      5       67
  AVERAGE         91                        82      9       82

PRECIPITATION (IN)
  YESTERDAY        0.00          2.15 2004   0.12  -0.12     0.00
  MONTH TO DATE    2.62                      3.42  -0.80     0.71
  SINCE JUN 1      7.12                      7.53  -0.41     8.90
  SINCE JAN 1     18.72                     19.52  -0.80    16.29

DEGREE DAYS
 HEATING
  YESTERDAY        0                         0      0        0
  MONTH TO DATE    0                         0      0        0
  SINCE JUN 1      0                         7     -7        1
  SINCE JUL 1      0                         0      0        0

 COOLING
  YESTERDAY       26                        16     10       17
  MONTH TO DATE  416                       383     33      335
  SINCE JUN 1    856                       708    148      692
  SINCE JAN 1    946                       836    110      924
..................................................................


WIND (MPH)
  HIGHEST WIND SPEED    31   HIGHEST WIND DIRECTION     N (360)
  HIGHEST GUST SPEED    37   HIGHEST GUST DIRECTION     N (360)
  AVERAGE WIND SPEED    11.2


SKY COVER
  POSSIBLE SUNSHINE  MM
  AVERAGE SKY COVER 0.0


WEATHER CONDITIONS
 THE FOLLOWING WEATHER WAS RECORDED YESTERDAY.
  THUNDERSTORM


RELATIVE HUMIDITY (PERCENT)
 HIGHEST    79           300 AM
 LOWEST     24           400 PM
 AVERAGE    52

..........................................................


THE SALINA KS CLIMATE NORMALS FOR TODAY
                         NORMAL    RECORD    YEAR
 MAXIMUM TEMPERATURE (F)   93       110      1936
 MINIMUM TEMPERATURE (F)   70        50      1911


SUNRISE AND SUNSET
JULY 25 2015..........SUNRISE   626 AM CDT   SUNSET   848 PM CDT
JULY 26 2015..........SUNRISE   626 AM CDT   SUNSET   847 PM CDT


-  INDICATES NEGATIVE NUMBERS.
R  INDICATES RECORD WAS SET OR TIED.
MM INDICATES DATA IS MISSING.
T  INDICATES TRACE AMOUNT.




$$
