666
CDUS43 KICT 050646
CLISLN


CLIMATE REPORT
NATIONAL WEATHER SERVICE WICHITA KS
1246 AM CST TUE DEC 5 2017


...................................

...THE SALINA KS CLIMATE SUMMARY FOR DECEMBER 4 2017...

CLIMATE NORMAL PERIOD 1981 TO 2010
CLIMATE RECORD PERIOD 1894 TO 2017


WEATHER ITEM   OBSERVED TIME   RECORD YEAR NORMAL DEPARTURE LAST
                VALUE   (LST)  VALUE       VALUE  FROM      YEAR
                                                  NORMAL
..................................................................
TEMPERATURE (F)
 YESTERDAY
  MAXIMUM         65    422 AM  75    1916  45     20       52
  MINIMUM         30   1159 PM  -2    1921  25      5       31
  AVERAGE         48                        35     13       42

PRECIPITATION (IN)
  YESTERDAY        0.00          1.49 1944   0.04  -0.04     0.11
  MONTH TO DATE    0.00                      0.15  -0.15     0.53
  SINCE DEC 1      0.00                      0.15  -0.15     0.53
  SINCE JAN 1     25.38                     30.71  -5.33    27.05

DEGREE DAYS
 HEATING
  YESTERDAY       17                        30    -13       23
  MONTH TO DATE   65                       118    -53      110
  SINCE DEC 1     65                       118    -53      110
  SINCE JUL 1    821                      1070   -249      653

 COOLING
  YESTERDAY        0                         0      0        0
  MONTH TO DATE    0                         0      0        0
  SINCE DEC 1      0                         0      0        0
  SINCE JAN 1   1965                      1647    318     2009
..................................................................


WIND (MPH)
  HIGHEST WIND SPEED    38   HIGHEST WIND DIRECTION    NW (320)
  HIGHEST GUST SPEED    45   HIGHEST GUST DIRECTION    NW (310)
  AVERAGE WIND SPEED    24.0


SKY COVER
  POSSIBLE SUNSHINE  MM
  AVERAGE SKY COVER 0.1


WEATHER CONDITIONS
 THE FOLLOWING WEATHER WAS RECORDED YESTERDAY.
  NO SIGNIFICANT WEATHER WAS OBSERVED.


RELATIVE HUMIDITY (PERCENT)
 HIGHEST    84           700 AM
 LOWEST     33          1100 PM
 AVERAGE    59

..........................................................


THE SALINA KS CLIMATE NORMALS FOR TODAY
                         NORMAL    RECORD    YEAR
 MAXIMUM TEMPERATURE (F)   45        72      1939
 MINIMUM TEMPERATURE (F)   24         0      1964


SUNRISE AND SUNSET
DECEMBER  5 2017......SUNRISE   734 AM CST   SUNSET   509 PM CST
DECEMBER  6 2017......SUNRISE   735 AM CST   SUNSET   509 PM CST


-  INDICATES NEGATIVE NUMBERS.
R  INDICATES RECORD WAS SET OR TIED.
MM INDICATES DATA IS MISSING.
T  INDICATES TRACE AMOUNT.




$$
