000
CDUS43 KICT 270648
CLISLN


CLIMATE REPORT
NATIONAL WEATHER SERVICE WICHITA KS
148 AM CDT SAT JUN 27 2015


...................................

...THE SALINA KS CLIMATE SUMMARY FOR JUNE 26 2015...

CLIMATE NORMAL PERIOD 1981 TO 2010
CLIMATE RECORD PERIOD 1894 TO 2015


WEATHER ITEM   OBSERVED TIME   RECORD YEAR NORMAL DEPARTURE LAST
                VALUE   (LST)  VALUE       VALUE  FROM      YEAR
                                                  NORMAL
..................................................................
TEMPERATURE (F)
 YESTERDAY
  MAXIMUM         90    243 PM 109    1936  91     -1       81
  MINIMUM         70   1143 PM  45    1958  67      3       70
  AVERAGE         80                        79      1       76

PRECIPITATION (IN)
  YESTERDAY        T             2.32 1981   0.13  -0.13     0.08
  MONTH TO DATE    4.50                      3.61   0.89     7.37
  SINCE JUN 1      4.50                      3.61   0.89     7.37
  SINCE JAN 1     16.10                     15.60   0.50    14.76

DEGREE DAYS
 HEATING
  YESTERDAY        0                         0      0        0
  MONTH TO DATE    0                         5     -5        1
  SINCE JUN 1      0                         5     -5        1
  SINCE JUL 1   4660                      4869   -209     5398

 COOLING
  YESTERDAY       15                        14      1       11
  MONTH TO DATE  378                       268    110      299
  SINCE JUN 1    378                       268    110      299
  SINCE JAN 1    468                       396     72      531
..................................................................


WIND (MPH)
  HIGHEST WIND SPEED    23   HIGHEST WIND DIRECTION     N (360)
  HIGHEST GUST SPEED    29   HIGHEST GUST DIRECTION     N (360)
  AVERAGE WIND SPEED    12.0


SKY COVER
  POSSIBLE SUNSHINE  MM
  AVERAGE SKY COVER 0.5


WEATHER CONDITIONS
 THE FOLLOWING WEATHER WAS RECORDED YESTERDAY.
  THUNDERSTORM
  LIGHT RAIN


RELATIVE HUMIDITY (PERCENT)
 HIGHEST    84           300 AM
 LOWEST     37           300 PM
 AVERAGE    61

..........................................................


THE SALINA KS CLIMATE NORMALS FOR TODAY
                         NORMAL    RECORD    YEAR
 MAXIMUM TEMPERATURE (F)   91       111      1980
 MINIMUM TEMPERATURE (F)   67        44      1968


SUNRISE AND SUNSET
JUNE 27 2015..........SUNRISE   607 AM CDT   SUNSET   900 PM CDT
JUNE 28 2015..........SUNRISE   608 AM CDT   SUNSET   900 PM CDT


-  INDICATES NEGATIVE NUMBERS.
R  INDICATES RECORD WAS SET OR TIED.
MM INDICATES DATA IS MISSING.
T  INDICATES TRACE AMOUNT.




$$
