000
CDUS43 KICT 070630
CLISLN


CLIMATE REPORT
NATIONAL WEATHER SERVICE WICHITA KS
130 AM CDT SUN SEP 7 2014


...................................

...THE SALINA KS CLIMATE SUMMARY FOR SEPTEMBER 6 2014...

CLIMATE NORMAL PERIOD 1981 TO 2010
CLIMATE RECORD PERIOD 1894 TO 2014


WEATHER ITEM   OBSERVED TIME   RECORD YEAR NORMAL DEPARTURE LAST
                VALUE   (LST)  VALUE       VALUE  FROM      YEAR
                                                  NORMAL
..................................................................
TEMPERATURE (F)
 YESTERDAY
  MAXIMUM         77    335 PM 104    1922  86     -9       99
  MINIMUM         55    630 AM  42    1896  63     -8       68
  AVERAGE         66                        74     -8       84

PRECIPITATION (IN)
  YESTERDAY        0.00          0.84 1981   0.10  -0.10     0.00
  MONTH TO DATE    0.07                      0.59  -0.52      T
  SINCE SEP 1      0.07                      0.59  -0.52      T
  SINCE JAN 1     21.35                     24.93  -3.58    26.24

DEGREE DAYS
 HEATING
  YESTERDAY        0                         0      0        0
  MONTH TO DATE    0                         0      0        0
  SINCE SEP 1      0                         0      0        0
  SINCE JUL 1      0                         1     -1        3

 COOLING
  YESTERDAY        1                        10     -9       19
  MONTH TO DATE   63                        63      0       76
  SINCE SEP 1     63                        63      0       76
  SINCE JAN 1   1621                      1470    151     1470
..................................................................


WIND (MPH)
  HIGHEST WIND SPEED    13   HIGHEST WIND DIRECTION    NE (30)
  HIGHEST GUST SPEED    17   HIGHEST GUST DIRECTION    NE (30)
  AVERAGE WIND SPEED     5.8


SKY COVER
  POSSIBLE SUNSHINE  MM
  AVERAGE SKY COVER 0.0


WEATHER CONDITIONS
 THE FOLLOWING WEATHER WAS RECORDED YESTERDAY.
  HAZE


RELATIVE HUMIDITY (PERCENT)
 HIGHEST    93           300 AM
 LOWEST     31           400 PM
 AVERAGE    62

..........................................................


THE SALINA KS CLIMATE NORMALS FOR TODAY
                         NORMAL    RECORD    YEAR
 MAXIMUM TEMPERATURE (F)   86       104      2013
                                             1922
 MINIMUM TEMPERATURE (F)   62        37      1898


SUNRISE AND SUNSET
SEPTEMBER  7 2014.....SUNRISE   705 AM CDT   SUNSET   751 PM CDT
SEPTEMBER  8 2014.....SUNRISE   706 AM CDT   SUNSET   750 PM CDT


-  INDICATES NEGATIVE NUMBERS.
R  INDICATES RECORD WAS SET OR TIED.
MM INDICATES DATA IS MISSING.
T  INDICATES TRACE AMOUNT.




$$
