814
CDUS43 KICT 170625
CLISLN


CLIMATE REPORT
NATIONAL WEATHER SERVICE WICHITA KS
124 AM CDT SUN JUL 17 2016


...................................

...THE SALINA KS CLIMATE SUMMARY FOR JULY 16 2016...

CLIMATE NORMAL PERIOD 1981 TO 2010
CLIMATE RECORD PERIOD 1894 TO 2016


WEATHER ITEM   OBSERVED TIME   RECORD YEAR NORMAL DEPARTURE LAST
                VALUE   (LST)  VALUE       VALUE  FROM      YEAR
                                                  NORMAL
..................................................................
TEMPERATURE (F)
 YESTERDAY
  MAXIMUM         95    328 PM 112    1936  93      2       99
  MINIMUM         69    550 AM  54    1917  70     -1       74
  AVERAGE         82                        82      0       87

PRECIPITATION (IN)
  YESTERDAY        0.00          1.02 1999   0.15  -0.15     0.00
  MONTH TO DATE    1.64                      2.39  -0.75     2.12
  SINCE JUN 1      2.09                      6.50  -4.41     6.62
  SINCE JAN 1     13.91                     18.49  -4.58    18.22

DEGREE DAYS
 HEATING
  YESTERDAY        0                         0      0        0
  MONTH TO DATE    0                         0      0        0
  SINCE JUN 1      0                         7     -7        0
  SINCE JUL 1      0                         0      0        0

 COOLING
  YESTERDAY       17                        16      1       22
  MONTH TO DATE  271                       252     19      259
  SINCE JUN 1    763                       577    186      699
  SINCE JAN 1    888                       705    183      789
..................................................................


WIND (MPH)
  HIGHEST WIND SPEED    25   HIGHEST WIND DIRECTION    SE (150)
  HIGHEST GUST SPEED    30   HIGHEST GUST DIRECTION    SE (150)
  AVERAGE WIND SPEED    11.6


SKY COVER
  POSSIBLE SUNSHINE  MM
  AVERAGE SKY COVER 0.2


WEATHER CONDITIONS
 THE FOLLOWING WEATHER WAS RECORDED YESTERDAY.
  NO SIGNIFICANT WEATHER WAS OBSERVED.


RELATIVE HUMIDITY (PERCENT)
 HIGHEST    90           500 AM
 LOWEST     41           100 PM
 AVERAGE    66

..........................................................


THE SALINA KS CLIMATE NORMALS FOR TODAY
                         NORMAL    RECORD    YEAR
 MAXIMUM TEMPERATURE (F)   93       113      1936
 MINIMUM TEMPERATURE (F)   70        54      1917


SUNRISE AND SUNSET
JULY 17 2016..........SUNRISE   620 AM CDT   SUNSET   853 PM CDT
JULY 18 2016..........SUNRISE   621 AM CDT   SUNSET   853 PM CDT


-  INDICATES NEGATIVE NUMBERS.
R  INDICATES RECORD WAS SET OR TIED.
MM INDICATES DATA IS MISSING.
T  INDICATES TRACE AMOUNT.




$$
