000
CDUS43 KICT 110654
CLISLN


CLIMATE REPORT
NATIONAL WEATHER SERVICE WICHITA KS
153 AM CDT THU MAY 11 2017


...................................

...THE SALINA KS CLIMATE SUMMARY FOR MAY 10 2017...

CLIMATE NORMAL PERIOD 1981 TO 2010
CLIMATE RECORD PERIOD 1894 TO 2017


WEATHER ITEM   OBSERVED TIME   RECORD YEAR NORMAL DEPARTURE LAST
                VALUE   (LST)  VALUE       VALUE  FROM      YEAR
                                                  NORMAL
..................................................................
TEMPERATURE (F)
 YESTERDAY
  MAXIMUM         82    441 PM  96    1967  75      7       87
  MINIMUM         63   1159 PM  36    1989  52     11       48
                                      1981
  AVERAGE         73                        63     10       68

PRECIPITATION (IN)
  YESTERDAY        0.03          2.14 1974   0.15  -0.12     0.00
  MONTH TO DATE    0.31                      1.32  -1.01      T
  SINCE MAR 1      7.58                      6.76   0.82     5.07
  SINCE JAN 1      9.68                      8.56   1.12     6.31

DEGREE DAYS
 HEATING
  YESTERDAY        0                         4     -4        0
  MONTH TO DATE   32                        50    -18       38
  SINCE MAR 1    741                       977   -236      670
  SINCE JUL 1   3409                      4818  -1409     3656

 COOLING
  YESTERDAY        8                         2      6        3
  MONTH TO DATE   29                        17     12       13
  SINCE MAR 1     80                        42     38       47
  SINCE JAN 1     80                        42     38       47
..................................................................


WIND (MPH)
  HIGHEST WIND SPEED    24   HIGHEST WIND DIRECTION     N (10)
  HIGHEST GUST SPEED    30   HIGHEST GUST DIRECTION    SW (230)
  AVERAGE WIND SPEED    10.6


SKY COVER
  POSSIBLE SUNSHINE  MM
  AVERAGE SKY COVER 0.4


WEATHER CONDITIONS
 THE FOLLOWING WEATHER WAS RECORDED YESTERDAY.
  RAIN
  LIGHT RAIN
  FOG


RELATIVE HUMIDITY (PERCENT)
 HIGHEST    81           500 AM
 LOWEST     51           400 PM
 AVERAGE    66

..........................................................


THE SALINA KS CLIMATE NORMALS FOR TODAY
                         NORMAL    RECORD    YEAR
 MAXIMUM TEMPERATURE (F)   75        98      2000
 MINIMUM TEMPERATURE (F)   52        34      1981


SUNRISE AND SUNSET
MAY 11 2017...........SUNRISE   622 AM CDT   SUNSET   833 PM CDT
MAY 12 2017...........SUNRISE   621 AM CDT   SUNSET   834 PM CDT


-  INDICATES NEGATIVE NUMBERS.
R  INDICATES RECORD WAS SET OR TIED.
MM INDICATES DATA IS MISSING.
T  INDICATES TRACE AMOUNT.




$$
