000
CDUS43 KICT 180623
CLISLN


CLIMATE REPORT
NATIONAL WEATHER SERVICE WICHITA KS
123 AM CDT FRI JUL 18 2014


...................................

...THE SALINA KS CLIMATE SUMMARY FOR JULY 17 2014...

CLIMATE NORMAL PERIOD 1981 TO 2010
CLIMATE RECORD PERIOD 1894 TO 2014


WEATHER ITEM   OBSERVED TIME   RECORD YEAR NORMAL DEPARTURE LAST
                VALUE   (LST)  VALUE       VALUE  FROM      YEAR
                                                  NORMAL
..................................................................
TEMPERATURE (F)
 YESTERDAY
  MAXIMUM         70    551 PM 113    1936  93    -23       92
  MINIMUM         63   1022 PM  54    1917  70     -7       69
  AVERAGE         67                        82    -15       81

PRECIPITATION (IN)
  YESTERDAY        0.07          1.42 1963   0.13  -0.06      T
  MONTH TO DATE    0.71                      2.52  -1.81     1.92
  SINCE JUN 1      8.90                      6.63   2.27     4.16
  SINCE JAN 1     16.29                     18.62  -2.33    17.40

DEGREE DAYS
 HEATING
  YESTERDAY        0                         0      0        0
  MONTH TO DATE    0                         0      0        0
  SINCE JUN 1      1                         7     -6        7
  SINCE JUL 1      0                         0      0        0

 COOLING
  YESTERDAY        2                        16    -14       16
  MONTH TO DATE  216                       268    -52      276
  SINCE JUN 1    573                       593    -20      663
  SINCE JAN 1    805                       721     84      804
..................................................................


WIND (MPH)
  HIGHEST WIND SPEED    12   HIGHEST WIND DIRECTION    SE (140)
  HIGHEST GUST SPEED    17   HIGHEST GUST DIRECTION     E (90)
  AVERAGE WIND SPEED     3.6


SKY COVER
  POSSIBLE SUNSHINE  MM
  AVERAGE SKY COVER 0.9


WEATHER CONDITIONS
 THE FOLLOWING WEATHER WAS RECORDED YESTERDAY.
  LIGHT RAIN


RELATIVE HUMIDITY (PERCENT)
 HIGHEST    87           900 AM
 LOWEST     61           600 PM
 AVERAGE    74

..........................................................


THE SALINA KS CLIMATE NORMALS FOR TODAY
                         NORMAL    RECORD    YEAR
 MAXIMUM TEMPERATURE (F)   93       116      1936
 MINIMUM TEMPERATURE (F)   70        56      1908


SUNRISE AND SUNSET
JULY 18 2014..........SUNRISE   620 AM CDT   SUNSET   853 PM CDT
JULY 19 2014..........SUNRISE   621 AM CDT   SUNSET   852 PM CDT


-  INDICATES NEGATIVE NUMBERS.
R  INDICATES RECORD WAS SET OR TIED.
MM INDICATES DATA IS MISSING.
T  INDICATES TRACE AMOUNT.




$$
