457
CDUS43 KICT 240629
CLISLN


CLIMATE REPORT
NATIONAL WEATHER SERVICE WICHITA KS
129 AM CDT SUN APR 24 2016


...................................

...THE SALINA KS CLIMATE SUMMARY FOR APRIL 23 2016...

CLIMATE NORMAL PERIOD 1981 TO 2010
CLIMATE RECORD PERIOD 1894 TO 2016


WEATHER ITEM   OBSERVED TIME   RECORD YEAR NORMAL DEPARTURE LAST
                VALUE   (LST)  VALUE       VALUE  FROM      YEAR
                                                  NORMAL
..................................................................
TEMPERATURE (F)
 YESTERDAY
  MAXIMUM         82    322 PM 105    1989  70     12       65
  MINIMUM         47    526 AM  28    1909  46      1       47
  AVERAGE         65                        58      7       56

PRECIPITATION (IN)
  YESTERDAY        0.00          0.98 2003   0.11  -0.11     0.00
  MONTH TO DATE    2.23                      2.25  -0.02     1.55
  SINCE MAR 1      2.93                      4.64  -1.71     1.60
  SINCE JAN 1      4.17                      6.44  -2.27     3.04

DEGREE DAYS
 HEATING
  YESTERDAY        0                         8     -8        9
  MONTH TO DATE  165                       267   -102      175
  SINCE MAR 1    583                       876   -293      690
  SINCE JUL 1   3569                      4717  -1148     4519

 COOLING
  YESTERDAY        0                         1     -1        0
  MONTH TO DATE   11                        15     -4       11
  SINCE MAR 1     17                        17      0       12
  SINCE JAN 1     17                        17      0       12
..................................................................


WIND (MPH)
  HIGHEST WIND SPEED    29   HIGHEST WIND DIRECTION     S (160)
  HIGHEST GUST SPEED    37   HIGHEST GUST DIRECTION     S (170)
  AVERAGE WIND SPEED    15.0


SKY COVER
  POSSIBLE SUNSHINE  MM
  AVERAGE SKY COVER 0.0


WEATHER CONDITIONS
 THE FOLLOWING WEATHER WAS RECORDED YESTERDAY.
  FOG
  HAZE


RELATIVE HUMIDITY (PERCENT)
 HIGHEST    93           300 AM
 LOWEST     35           400 PM
 AVERAGE    64

..........................................................


THE SALINA KS CLIMATE NORMALS FOR TODAY
                         NORMAL    RECORD    YEAR
 MAXIMUM TEMPERATURE (F)   70        96      1989
 MINIMUM TEMPERATURE (F)   46        23      2013


SUNRISE AND SUNSET
APRIL 24 2016.........SUNRISE   641 AM CDT   SUNSET   817 PM CDT
APRIL 25 2016.........SUNRISE   640 AM CDT   SUNSET   818 PM CDT


-  INDICATES NEGATIVE NUMBERS.
R  INDICATES RECORD WAS SET OR TIED.
MM INDICATES DATA IS MISSING.
T  INDICATES TRACE AMOUNT.




$$
