000
CDUS43 KICT 180629
CLISLN


CLIMATE REPORT
NATIONAL WEATHER SERVICE WICHITA KS
128 AM CDT MON MAY 18 2015


...................................

...THE SALINA KS CLIMATE SUMMARY FOR MAY 17 2015...

CLIMATE NORMAL PERIOD 1981 TO 2010
CLIMATE RECORD PERIOD 1894 TO 2015


WEATHER ITEM   OBSERVED TIME   RECORD YEAR NORMAL DEPARTURE LAST
                VALUE   (LST)  VALUE       VALUE  FROM      YEAR
                                                  NORMAL
..................................................................
TEMPERATURE (F)
 YESTERDAY
  MAXIMUM         83    434 PM  97    1996  77      6       65
  MINIMUM         59    643 AM  36    1925  54      5       37
  AVERAGE         71                        66      5       51

PRECIPITATION (IN)
  YESTERDAY        0.00          1.50 1995   0.16  -0.16     0.00
  MONTH TO DATE    5.21                      2.37   2.84     0.85
  SINCE MAR 1      7.09                      7.81  -0.72     2.48
  SINCE JAN 1      8.53                      9.61  -1.08     4.29

DEGREE DAYS
 HEATING
  YESTERDAY        0                         3     -3       14
  MONTH TO DATE   38                        73    -35       96
  SINCE MAR 1    770                      1000   -230     1144
  SINCE JUL 1   4599                      4841   -242     5394

 COOLING
  YESTERDAY        6                         3      3        0
  MONTH TO DATE   55                        37     18       62
  SINCE MAR 1     67                        62      5       98
  SINCE JAN 1     67                        62      5       98
..................................................................


WIND (MPH)
  HIGHEST WIND SPEED    25   HIGHEST WIND DIRECTION    SW (230)
  HIGHEST GUST SPEED    34   HIGHEST GUST DIRECTION    NW (310)
  AVERAGE WIND SPEED    13.5


SKY COVER
  POSSIBLE SUNSHINE  MM
  AVERAGE SKY COVER 0.1


WEATHER CONDITIONS
 THE FOLLOWING WEATHER WAS RECORDED YESTERDAY.
  NO SIGNIFICANT WEATHER WAS OBSERVED.


RELATIVE HUMIDITY (PERCENT)
 HIGHEST    93           100 AM
 LOWEST     34           300 PM
 AVERAGE    64

..........................................................


THE SALINA KS CLIMATE NORMALS FOR TODAY
                         NORMAL    RECORD    YEAR
 MAXIMUM TEMPERATURE (F)   77        98      1998
 MINIMUM TEMPERATURE (F)   55        29      1953


SUNRISE AND SUNSET
MAY 18 2015...........SUNRISE   616 AM CDT   SUNSET   839 PM CDT
MAY 19 2015...........SUNRISE   615 AM CDT   SUNSET   839 PM CDT


-  INDICATES NEGATIVE NUMBERS.
R  INDICATES RECORD WAS SET OR TIED.
MM INDICATES DATA IS MISSING.
T  INDICATES TRACE AMOUNT.




$$
