000
CDUS43 KICT 230703
CLISLN

CLIMATE REPORT
NATIONAL WEATHER SERVICE WICHITA KS
202 AM CDT THU OCT 23 2014

...................................

...THE SALINA KS CLIMATE SUMMARY FOR OCTOBER 22 2014...

CLIMATE NORMAL PERIOD 1981 TO 2010
CLIMATE RECORD PERIOD 1894 TO 2014


WEATHER ITEM   OBSERVED TIME   RECORD YEAR NORMAL DEPARTURE LAST
                VALUE   (LST)  VALUE       VALUE  FROM      YEAR
                                                  NORMAL
..................................................................
TEMPERATURE (F)
 YESTERDAY
  MAXIMUM         80    151 PM  89    1927  67     13       69
  MINIMUM         58    717 AM  23    1898  44     14       43
  AVERAGE         69                        55     14       56

PRECIPITATION (IN)
  YESTERDAY        0.05          0.44 1972   0.07  -0.02     0.00
  MONTH TO DATE    1.55                      1.77  -0.22     0.80
  SINCE SEP 1      5.69                      4.47   1.22     2.43
  SINCE JAN 1     26.97                     28.81  -1.84    28.67

DEGREE DAYS
 HEATING
  YESTERDAY        0                        10    -10        9
  MONTH TO DATE  138                       161    -23      165
  SINCE SEP 1    178                       212    -34      174
  SINCE JUL 1    178                       213    -35      177

 COOLING
  YESTERDAY        4                         0      4        0
  MONTH TO DATE   17                        32    -15       55
  SINCE SEP 1    217                       237    -20      356
  SINCE JAN 1   1775                      1644    131     1750
..................................................................


WIND (MPH)
  HIGHEST WIND SPEED    26   HIGHEST WIND DIRECTION     S (200)
  HIGHEST GUST SPEED    35   HIGHEST GUST DIRECTION     S (190)
  AVERAGE WIND SPEED    12.1


SKY COVER
  POSSIBLE SUNSHINE  MM
  AVERAGE SKY COVER 0.3


WEATHER CONDITIONS
 THE FOLLOWING WEATHER WAS RECORDED YESTERDAY.
  LIGHT RAIN
  FOG


RELATIVE HUMIDITY (PERCENT)
 HIGHEST    93           700 AM
 LOWEST     43           300 PM
 AVERAGE    68

..........................................................


THE SALINA KS CLIMATE NORMALS FOR TODAY
                         NORMAL    RECORD    YEAR
 MAXIMUM TEMPERATURE (F)   67        93      1939
 MINIMUM TEMPERATURE (F)   44        20      1917


SUNRISE AND SUNSET
OCTOBER 23 2014.......SUNRISE   748 AM CDT   SUNSET   641 PM CDT
OCTOBER 24 2014.......SUNRISE   749 AM CDT   SUNSET   640 PM CDT


-  INDICATES NEGATIVE NUMBERS.
R  INDICATES RECORD WAS SET OR TIED.
MM INDICATES DATA IS MISSING.
T  INDICATES TRACE AMOUNT.

$$
