000
CDUS43 KICT 300620
CLISLN


CLIMATE REPORT
NATIONAL WEATHER SERVICE WICHITA KS
119 AM CDT MON MAR 30 2015


...................................

...THE SALINA KS CLIMATE SUMMARY FOR MARCH 29 2015...

CLIMATE NORMAL PERIOD 1981 TO 2010
CLIMATE RECORD PERIOD 1894 TO 2015


WEATHER ITEM   OBSERVED TIME   RECORD YEAR NORMAL DEPARTURE LAST
                VALUE   (LST)  VALUE       VALUE  FROM      YEAR
                                                  NORMAL
..................................................................
TEMPERATURE (F)
 YESTERDAY
  MAXIMUM         74    305 PM  89    1967  62     12       65
  MINIMUM         38   1159 PM  18    2009  38      0       25
                                      1969
  AVERAGE         56                        50      6       45

PRECIPITATION (IN)
  YESTERDAY        0.00          1.04 1993   0.09  -0.09     0.00
  MONTH TO DATE    0.05                      2.20  -2.15     0.30
  SINCE MAR 1      0.05                      2.20  -2.15     0.30
  SINCE JAN 1      1.49                      4.00  -2.51     2.11

DEGREE DAYS
 HEATING
  YESTERDAY        9                        16     -7       20
  MONTH TO DATE  501                       578    -77      722
  SINCE MAR 1    501                       578    -77      722
  SINCE JUL 1   4330                      4419    -89     4972

 COOLING
  YESTERDAY        0                         0      0        0
  MONTH TO DATE    1                         0      1        0
  SINCE MAR 1      1                         0      1        0
  SINCE JAN 1      1                         0      1        0
..................................................................


WIND (MPH)
  HIGHEST WIND SPEED    29   HIGHEST WIND DIRECTION    NW (320)
  HIGHEST GUST SPEED    38   HIGHEST GUST DIRECTION     N (350)
  AVERAGE WIND SPEED    12.5


SKY COVER
  POSSIBLE SUNSHINE  MM
  AVERAGE SKY COVER 0.0


WEATHER CONDITIONS
 THE FOLLOWING WEATHER WAS RECORDED YESTERDAY.
  NO SIGNIFICANT WEATHER WAS OBSERVED.


RELATIVE HUMIDITY (PERCENT)
 HIGHEST    71           700 AM
 LOWEST     20           700 PM
 AVERAGE    46

..........................................................


THE SALINA KS CLIMATE NORMALS FOR TODAY
                         NORMAL    RECORD    YEAR
 MAXIMUM TEMPERATURE (F)   62        91      1917
 MINIMUM TEMPERATURE (F)   38        14      1899


SUNRISE AND SUNSET
MARCH 30 2015.........SUNRISE   719 AM CDT   SUNSET   752 PM CDT
MARCH 31 2015.........SUNRISE   717 AM CDT   SUNSET   753 PM CDT


-  INDICATES NEGATIVE NUMBERS.
R  INDICATES RECORD WAS SET OR TIED.
MM INDICATES DATA IS MISSING.
T  INDICATES TRACE AMOUNT.




$$
