000
CDUS43 KICT 280625
CLISLN


CLIMATE REPORT
NATIONAL WEATHER SERVICE WICHITA KS
124 AM CDT WED JUN 28 2017


...................................

...THE SALINA KS CLIMATE SUMMARY FOR JUNE 27 2017...

CLIMATE NORMAL PERIOD 1981 TO 2010
CLIMATE RECORD PERIOD 1894 TO 2017


WEATHER ITEM   OBSERVED TIME   RECORD YEAR NORMAL DEPARTURE LAST
                VALUE   (LST)  VALUE       VALUE  FROM      YEAR
                                                  NORMAL
..................................................................
TEMPERATURE (F)
 YESTERDAY
  MAXIMUM         97    242 PM 111    1980  91      6       98
  MINIMUM         63    555 AM  44    1968  67     -4       68
  AVERAGE         80                        79      1       83

PRECIPITATION (IN)
  YESTERDAY        0.00          2.19 1957   0.12  -0.12     0.00
  MONTH TO DATE    1.14                      3.73  -2.59     0.34
  SINCE JUN 1      1.14                      3.73  -2.59     0.34
  SINCE JAN 1     14.38                     15.72  -1.34    12.16

DEGREE DAYS
 HEATING
  YESTERDAY        0                         0      0        0
  MONTH TO DATE    0                         5     -5        0
  SINCE JUN 1      0                         5     -5        0
  SINCE JUL 1   3453                      4869  -1416     3718

 COOLING
  YESTERDAY       15                        14      1       18
  MONTH TO DATE  388                       282    106      443
  SINCE JUN 1    388                       282    106      443
  SINCE JAN 1    548                       410    138      568
..................................................................


WIND (MPH)
  HIGHEST WIND SPEED    31   HIGHEST WIND DIRECTION     S (170)
  HIGHEST GUST SPEED    38   HIGHEST GUST DIRECTION     S (160)
  AVERAGE WIND SPEED    16.5


SKY COVER
  POSSIBLE SUNSHINE  MM
  AVERAGE SKY COVER 0.5


WEATHER CONDITIONS
 THE FOLLOWING WEATHER WAS RECORDED YESTERDAY.
  NO SIGNIFICANT WEATHER WAS OBSERVED.


RELATIVE HUMIDITY (PERCENT)
 HIGHEST    93           600 AM
 LOWEST     36           500 PM
 AVERAGE    65

..........................................................


THE SALINA KS CLIMATE NORMALS FOR TODAY
                         NORMAL    RECORD    YEAR
 MAXIMUM TEMPERATURE (F)   91       108      2012
 MINIMUM TEMPERATURE (F)   67        53      1985


SUNRISE AND SUNSET
JUNE 28 2017..........SUNRISE   608 AM CDT   SUNSET   900 PM CDT
JUNE 29 2017..........SUNRISE   609 AM CDT   SUNSET   900 PM CDT


-  INDICATES NEGATIVE NUMBERS.
R  INDICATES RECORD WAS SET OR TIED.
MM INDICATES DATA IS MISSING.
T  INDICATES TRACE AMOUNT.




$$
