000
CDUS43 KICT 170624
CLISLN


CLIMATE REPORT
NATIONAL WEATHER SERVICE WICHITA KS
124 AM CDT FRI OCT 17 2014


...................................

...THE SALINA KS CLIMATE SUMMARY FOR OCTOBER 16 2014...

CLIMATE NORMAL PERIOD 1981 TO 2010
CLIMATE RECORD PERIOD 1894 TO 2014


WEATHER ITEM   OBSERVED TIME   RECORD YEAR NORMAL DEPARTURE LAST
                VALUE   (LST)  VALUE       VALUE  FROM      YEAR
                                                  NORMAL
..................................................................
TEMPERATURE (F)
 YESTERDAY
  MAXIMUM         79    400 PM  88    1958  69     10       58
  MINIMUM         49   1154 PM  24    1966  46      3       38
  AVERAGE         64                        58      6       48

PRECIPITATION (IN)
  YESTERDAY        0.00          2.93 1968   0.08  -0.08     0.00
  MONTH TO DATE    1.50                      1.31   0.19     0.37
  SINCE SEP 1      5.64                      4.01   1.63     2.00
  SINCE JAN 1     26.92                     28.35  -1.43    28.24

DEGREE DAYS
 HEATING
  YESTERDAY        1                         8     -7       17
  MONTH TO DATE  105                       104      1       75
  SINCE SEP 1    145                       155    -10       84
  SINCE JUL 1    145                       156    -11       87

 COOLING
  YESTERDAY        0                         1     -1        0
  MONTH TO DATE   13                        27    -14       55
  SINCE SEP 1    213                       232    -19      356
  SINCE JAN 1   1771                      1639    132     1750
..................................................................


WIND (MPH)
  HIGHEST WIND SPEED    17   HIGHEST WIND DIRECTION     N (360)
  HIGHEST GUST SPEED    23   HIGHEST GUST DIRECTION     N (350)
  AVERAGE WIND SPEED     8.3


SKY COVER
  POSSIBLE SUNSHINE  MM
  AVERAGE SKY COVER 0.0


WEATHER CONDITIONS
 THE FOLLOWING WEATHER WAS RECORDED YESTERDAY.
  HAZE


RELATIVE HUMIDITY (PERCENT)
 HIGHEST    77          1200 AM
 LOWEST     35           400 PM
 AVERAGE    56

..........................................................


THE SALINA KS CLIMATE NORMALS FOR TODAY
                         NORMAL    RECORD    YEAR
 MAXIMUM TEMPERATURE (F)   69        89      1991
 MINIMUM TEMPERATURE (F)   46        22      1976


SUNRISE AND SUNSET
OCTOBER 17 2014.......SUNRISE   742 AM CDT   SUNSET   649 PM CDT
OCTOBER 18 2014.......SUNRISE   743 AM CDT   SUNSET   648 PM CDT


-  INDICATES NEGATIVE NUMBERS.
R  INDICATES RECORD WAS SET OR TIED.
MM INDICATES DATA IS MISSING.
T  INDICATES TRACE AMOUNT.




$$
