000
CDUS43 KICT 090634
CLISLN


CLIMATE REPORT
NATIONAL WEATHER SERVICE WICHITA KS
134 AM CDT THU OCT 9 2014


...................................

...THE SALINA KS CLIMATE SUMMARY FOR OCTOBER 8 2014...

CLIMATE NORMAL PERIOD 1981 TO 2010
CLIMATE RECORD PERIOD 1894 TO 2014


WEATHER ITEM   OBSERVED TIME   RECORD YEAR NORMAL DEPARTURE LAST
                VALUE   (LST)  VALUE       VALUE  FROM      YEAR
                                                  NORMAL
..................................................................
TEMPERATURE (F)
 YESTERDAY
  MAXIMUM         78    333 PM  96    1979  72      6       82
  MINIMUM         54    225 AM  25    2000  49      5       53
  AVERAGE         66                        60      6       68

PRECIPITATION (IN)
  YESTERDAY        0.00          1.50 1970   0.08  -0.08     0.00
  MONTH TO DATE    0.08                      0.68  -0.60     0.03
  SINCE SEP 1      4.22                      3.38   0.84     1.66
  SINCE JAN 1     25.50                     27.72  -2.22    27.90

DEGREE DAYS
 HEATING
  YESTERDAY        0                         6     -6        0
  MONTH TO DATE   35                        44     -9       24
  SINCE SEP 1     75                        95    -20       33
  SINCE JUL 1     75                        96    -21       36

 COOLING
  YESTERDAY        1                         2     -1        3
  MONTH TO DATE   13                        18     -5       38
  SINCE SEP 1    213                       223    -10      339
  SINCE JAN 1   1771                      1630    141     1733
..................................................................


WIND (MPH)
  HIGHEST WIND SPEED    20   HIGHEST WIND DIRECTION     E (110)
  HIGHEST GUST SPEED    24   HIGHEST GUST DIRECTION     E (100)
  AVERAGE WIND SPEED     9.0


SKY COVER
  POSSIBLE SUNSHINE  MM
  AVERAGE SKY COVER 0.2


WEATHER CONDITIONS
 THE FOLLOWING WEATHER WAS RECORDED YESTERDAY.
  NO SIGNIFICANT WEATHER WAS OBSERVED.


RELATIVE HUMIDITY (PERCENT)
 HIGHEST    83           100 AM
 LOWEST     35          1200 PM
 AVERAGE    59

..........................................................


THE SALINA KS CLIMATE NORMALS FOR TODAY
                         NORMAL    RECORD    YEAR
 MAXIMUM TEMPERATURE (F)   72        94      1921
 MINIMUM TEMPERATURE (F)   49        23      2000


SUNRISE AND SUNSET
OCTOBER  9 2014.......SUNRISE   734 AM CDT   SUNSET   701 PM CDT
OCTOBER 10 2014.......SUNRISE   735 AM CDT   SUNSET   659 PM CDT


-  INDICATES NEGATIVE NUMBERS.
R  INDICATES RECORD WAS SET OR TIED.
MM INDICATES DATA IS MISSING.
T  INDICATES TRACE AMOUNT.




$$
