000
CDUS43 KICT 100636
CLISLN


CLIMATE REPORT
NATIONAL WEATHER SERVICE WICHITA KS
135 AM CDT TUE MAY 10 2016


...................................

...THE SALINA KS CLIMATE SUMMARY FOR MAY 9 2016...

CLIMATE NORMAL PERIOD 1981 TO 2010
CLIMATE RECORD PERIOD 1894 TO 2016


WEATHER ITEM   OBSERVED TIME   RECORD YEAR NORMAL DEPARTURE LAST
                VALUE   (LST)  VALUE       VALUE  FROM      YEAR
                                                  NORMAL
..................................................................
TEMPERATURE (F)
 YESTERDAY
  MAXIMUM         83    313 PM 101    2011  74      9       72
  MINIMUM         54   1159 PM  28    1923  52      2       57
  AVERAGE         69                        63      6       65

PRECIPITATION (IN)
  YESTERDAY        T             1.68 1981   0.14  -0.14     0.30
  MONTH TO DATE    T                         1.17  -1.17     2.69
  SINCE MAR 1      5.07                      6.61  -1.54     4.57
  SINCE JAN 1      6.31                      8.41  -2.10     6.01

DEGREE DAYS
 HEATING
  YESTERDAY        0                         4     -4        0
  MONTH TO DATE   38                        46     -8        4
  SINCE MAR 1    670                       973   -303      736
  SINCE JUL 1   3656                      4814  -1158     4565

 COOLING
  YESTERDAY        4                         2      2        0
  MONTH TO DATE   10                        15     -5       39
  SINCE MAR 1     44                        40      4       51
  SINCE JAN 1     44                        40      4       51
..................................................................


WIND (MPH)
  HIGHEST WIND SPEED    43   HIGHEST WIND DIRECTION     S (190)
  HIGHEST GUST SPEED    56   HIGHEST GUST DIRECTION     S (190)
  AVERAGE WIND SPEED    11.3


SKY COVER
  POSSIBLE SUNSHINE  MM
  AVERAGE SKY COVER 0.4


WEATHER CONDITIONS
 THE FOLLOWING WEATHER WAS RECORDED YESTERDAY.
  THUNDERSTORM
  LIGHT RAIN


RELATIVE HUMIDITY (PERCENT)
 HIGHEST    93          1200 AM
 LOWEST     43           300 PM
 AVERAGE    68

..........................................................


THE SALINA KS CLIMATE NORMALS FOR TODAY
                         NORMAL    RECORD    YEAR
 MAXIMUM TEMPERATURE (F)   75        96      1967
 MINIMUM TEMPERATURE (F)   52        29      1909


SUNRISE AND SUNSET
MAY 10 2016...........SUNRISE   623 AM CDT   SUNSET   832 PM CDT
MAY 11 2016...........SUNRISE   622 AM CDT   SUNSET   833 PM CDT


-  INDICATES NEGATIVE NUMBERS.
R  INDICATES RECORD WAS SET OR TIED.
MM INDICATES DATA IS MISSING.
T  INDICATES TRACE AMOUNT.




$$
