000
CDUS43 KICT 040624
CLISLN


CLIMATE REPORT
NATIONAL WEATHER SERVICE WICHITA KS
124 AM CDT TUE JUL 4 2017


...................................

...THE SALINA KS CLIMATE SUMMARY FOR JULY 3 2017...

CLIMATE NORMAL PERIOD 1981 TO 2010
CLIMATE RECORD PERIOD 1894 TO 2017


WEATHER ITEM   OBSERVED TIME   RECORD YEAR NORMAL DEPARTURE LAST
                VALUE   (LST)  VALUE       VALUE  FROM      YEAR
                                                  NORMAL
..................................................................
TEMPERATURE (F)
 YESTERDAY
  MAXIMUM         94    331 PM 109    1990  92      2       75
  MINIMUM         72    453 AM  53    2014  68      4       69
  AVERAGE         83                        80      3       72

PRECIPITATION (IN)
  YESTERDAY        T             2.48 1981   0.15  -0.15     0.07
  MONTH TO DATE    0.02                      0.45  -0.43     1.18
  SINCE JUN 1      1.71                      4.56  -2.85     1.63
  SINCE JAN 1     14.95                     16.55  -1.60    13.45

DEGREE DAYS
 HEATING
  YESTERDAY        0                         0      0        0
  MONTH TO DATE    0                         0      0        0
  SINCE JUN 1      0                         7     -7        0
  SINCE JUL 1      0                         0      0        0

 COOLING
  YESTERDAY       18                        15      3        7
  MONTH TO DATE   43                        45     -2       30
  SINCE JUN 1    477                       370    107      522
  SINCE JAN 1    637                       498    139      647
..................................................................


WIND (MPH)
  HIGHEST WIND SPEED    24   HIGHEST WIND DIRECTION    NW (310)
  HIGHEST GUST SPEED    30   HIGHEST GUST DIRECTION    NW (310)
  AVERAGE WIND SPEED     9.2


SKY COVER
  POSSIBLE SUNSHINE  MM
  AVERAGE SKY COVER 0.1


WEATHER CONDITIONS
 THE FOLLOWING WEATHER WAS RECORDED YESTERDAY.
  THUNDERSTORM


RELATIVE HUMIDITY (PERCENT)
 HIGHEST    87          1100 PM
 LOWEST     38          1200 PM
 AVERAGE    63

..........................................................


THE SALINA KS CLIMATE NORMALS FOR TODAY
                         NORMAL    RECORD    YEAR
 MAXIMUM TEMPERATURE (F)   93       109      1980
 MINIMUM TEMPERATURE (F)   68        53      1997


SUNRISE AND SUNSET
JULY  4 2017..........SUNRISE   611 AM CDT   SUNSET   859 PM CDT
JULY  5 2017..........SUNRISE   612 AM CDT   SUNSET   859 PM CDT


-  INDICATES NEGATIVE NUMBERS.
R  INDICATES RECORD WAS SET OR TIED.
MM INDICATES DATA IS MISSING.
T  INDICATES TRACE AMOUNT.




$$
