000
CDUS43 KICT 190622
CLISLN


CLIMATE REPORT
NATIONAL WEATHER SERVICE WICHITA KS
1221 AM CST THU FEB 19 2015


...................................

...THE SALINA KS CLIMATE SUMMARY FOR FEBRUARY 18 2015...

CLIMATE NORMAL PERIOD 1981 TO 2010
CLIMATE RECORD PERIOD 1894 TO 2015


WEATHER ITEM   OBSERVED TIME   RECORD YEAR NORMAL DEPARTURE LAST
                VALUE   (LST)  VALUE       VALUE  FROM      YEAR
                                                  NORMAL
..................................................................
TEMPERATURE (F)
 YESTERDAY
  MAXIMUM         32    455 PM  79    1930  47    -15       74
  MINIMUM         13    502 AM -10    1979  25    -12       38
  AVERAGE         23                        36    -13       56

PRECIPITATION (IN)
  YESTERDAY        0.00          0.98 1926   0.05  -0.05     0.00
  MONTH TO DATE    0.10                      0.70  -0.60     1.19
  SINCE DEC 1      3.20                      2.27   0.93     2.90
  SINCE JAN 1      1.30                      1.33  -0.03     1.68

DEGREE DAYS
 HEATING
  YESTERDAY       42                        29     13        9
  MONTH TO DATE  557                       557      0      711
  SINCE DEC 1   2452                      2621   -169     2956
  SINCE JUL 1   3449                      3573   -124     3944

 COOLING
  YESTERDAY        0                         0      0        0
  MONTH TO DATE    0                         0      0        0
  SINCE DEC 1      0                         0      0        0
  SINCE JAN 1      0                         0      0        0
..................................................................


WIND (MPH)
  HIGHEST WIND SPEED    24   HIGHEST WIND DIRECTION    NW (330)
  HIGHEST GUST SPEED    28   HIGHEST GUST DIRECTION    NW (330)
  AVERAGE WIND SPEED    10.7


SKY COVER
  POSSIBLE SUNSHINE  MM
  AVERAGE SKY COVER 0.2


WEATHER CONDITIONS
 THE FOLLOWING WEATHER WAS RECORDED YESTERDAY.
  NO SIGNIFICANT WEATHER WAS OBSERVED.


RELATIVE HUMIDITY (PERCENT)
 HIGHEST    73           400 AM
 LOWEST     26           400 PM
 AVERAGE    50

..........................................................


THE SALINA KS CLIMATE NORMALS FOR TODAY
                         NORMAL    RECORD    YEAR
 MAXIMUM TEMPERATURE (F)   48        79      1930
 MINIMUM TEMPERATURE (F)   26        -3      1978


SUNRISE AND SUNSET
FEBRUARY 19 2015......SUNRISE   717 AM CST   SUNSET   612 PM CST
FEBRUARY 20 2015......SUNRISE   716 AM CST   SUNSET   614 PM CST


-  INDICATES NEGATIVE NUMBERS.
R  INDICATES RECORD WAS SET OR TIED.
MM INDICATES DATA IS MISSING.
T  INDICATES TRACE AMOUNT.




$$
