928
CDUS43 KICT 200632
CLISLN

CLIMATE REPORT
NATIONAL WEATHER SERVICE WICHITA KS
130 AM CDT WED APR 20 2016


...................................

...THE SALINA KS CLIMATE SUMMARY FOR APRIL 19 2016...

CLIMATE NORMAL PERIOD 1981 TO 2010
CLIMATE RECORD PERIOD 1894 TO 2016


WEATHER ITEM   OBSERVED TIME   RECORD YEAR NORMAL DEPARTURE LAST
                VALUE   (LST)  VALUE       VALUE  FROM      YEAR
                                                  NORMAL
..................................................................
TEMPERATURE (F)
 YESTERDAY
  MAXIMUM         68    406 PM  91    1961  68      0       62
  MINIMUM         42    603 AM  21    1907  44     -2       43
  AVERAGE         55                        56     -1       53

PRECIPITATION (IN)
  YESTERDAY        0.77          1.34 2003   0.11   0.66     0.02
  MONTH TO DATE    2.09                      1.83   0.26     1.55
  SINCE MAR 1      2.79                      4.22  -1.43     1.60
  SINCE JAN 1      4.03                      6.02  -1.99     3.04

DEGREE DAYS
 HEATING
  YESTERDAY       10                        10      0       12
  MONTH TO DATE  153                       232    -79      131
  SINCE MAR 1    571                       841   -270      646
  SINCE JUL 1   3557                      4682  -1125     4475

 COOLING
  YESTERDAY        0                         1     -1        0
  MONTH TO DATE   11                        11      0       11
  SINCE MAR 1     17                        13      4       12
  SINCE JAN 1     17                        13      4       12
..................................................................


WIND (MPH)
  HIGHEST WIND SPEED    25   HIGHEST WIND DIRECTION    NW (310)
  HIGHEST GUST SPEED    30   HIGHEST GUST DIRECTION    NW (300)
  AVERAGE WIND SPEED     9.2


SKY COVER
  POSSIBLE SUNSHINE  MM
  AVERAGE SKY COVER 0.5


WEATHER CONDITIONS
 THE FOLLOWING WEATHER WAS RECORDED YESTERDAY.
  HEAVY RAIN
  RAIN
  LIGHT RAIN
  FOG


RELATIVE HUMIDITY (PERCENT)
 HIGHEST    96           600 AM
 LOWEST     52           200 PM
 AVERAGE    74

..........................................................


THE SALINA KS CLIMATE NORMALS FOR TODAY
                         NORMAL    RECORD    YEAR
 MAXIMUM TEMPERATURE (F)   69        98      1902
 MINIMUM TEMPERATURE (F)   45        21      1953


SUNRISE AND SUNSET
APRIL 20 2016.........SUNRISE   646 AM CDT   SUNSET   813 PM CDT
APRIL 21 2016.........SUNRISE   645 AM CDT   SUNSET   814 PM CDT


-  INDICATES NEGATIVE NUMBERS.
R  INDICATES RECORD WAS SET OR TIED.
MM INDICATES DATA IS MISSING.
T  INDICATES TRACE AMOUNT.




$$
