000
CDUS43 KICT 270643
CLISLN


CLIMATE REPORT
NATIONAL WEATHER SERVICE WICHITA KS
1242 AM CST MON NOV 27 2017


...................................

...THE SALINA KS CLIMATE SUMMARY FOR NOVEMBER 26 2017...

CLIMATE NORMAL PERIOD 1981 TO 2010
CLIMATE RECORD PERIOD 1894 TO 2017


WEATHER ITEM   OBSERVED TIME   RECORD YEAR NORMAL DEPARTURE LAST
                VALUE   (LST)  VALUE       VALUE  FROM      YEAR
                                                  NORMAL
..................................................................
TEMPERATURE (F)
 YESTERDAY
  MAXIMUM         71    235 PM  76    1910  49     22       65
  MINIMUM         33    211 AM  -2    1975  28      5       34
  AVERAGE         52                        38     14       50

PRECIPITATION (IN)
  YESTERDAY        0.00          0.93 1935   0.03  -0.03     0.00
  MONTH TO DATE    0.06                      1.10  -1.04     0.58
  SINCE SEP 1      7.67                      6.07   1.60     4.06
  SINCE JAN 1     25.38                     30.41  -5.03    26.50

DEGREE DAYS
 HEATING
  YESTERDAY       13                        27    -14       15
  MONTH TO DATE  470                       524    -54      331
  SINCE SEP 1    704                       841   -137      462
  SINCE JUL 1    704                       842   -138      462

 COOLING
  YESTERDAY        0                         0      0        0
  MONTH TO DATE    2                         0      2        4
  SINCE SEP 1    384                       239    145      339
  SINCE JAN 1   1965                      1646    319     2009
..................................................................


WIND (MPH)
  HIGHEST WIND SPEED    23   HIGHEST WIND DIRECTION    SW (210)
  HIGHEST GUST SPEED    27   HIGHEST GUST DIRECTION    SW (210)
  AVERAGE WIND SPEED    10.1


SKY COVER
  POSSIBLE SUNSHINE  MM
  AVERAGE SKY COVER 0.0


WEATHER CONDITIONS
 THE FOLLOWING WEATHER WAS RECORDED YESTERDAY.
  NO SIGNIFICANT WEATHER WAS OBSERVED.


RELATIVE HUMIDITY (PERCENT)
 HIGHEST    89           600 AM
 LOWEST     26           200 PM
 AVERAGE    58

..........................................................


THE SALINA KS CLIMATE NORMALS FOR TODAY
                         NORMAL    RECORD    YEAR
 MAXIMUM TEMPERATURE (F)   48        73      1933
 MINIMUM TEMPERATURE (F)   27        -2      1975


SUNRISE AND SUNSET
NOVEMBER 27 2017......SUNRISE   726 AM CST   SUNSET   510 PM CST
NOVEMBER 28 2017......SUNRISE   727 AM CST   SUNSET   510 PM CST


-  INDICATES NEGATIVE NUMBERS.
R  INDICATES RECORD WAS SET OR TIED.
MM INDICATES DATA IS MISSING.
T  INDICATES TRACE AMOUNT.




$$
