000
CDUS43 KICT 020635
CLISLN


CLIMATE REPORT
NATIONAL WEATHER SERVICE WICHITA KS
1234 AM CST TUE FEB 2 2016


...................................

...THE SALINA KS CLIMATE SUMMARY FOR FEBRUARY 1 2016...

CLIMATE NORMAL PERIOD 1981 TO 2010
CLIMATE RECORD PERIOD 1894 TO 2016


WEATHER ITEM   OBSERVED TIME   RECORD YEAR NORMAL DEPARTURE LAST
                VALUE   (LST)  VALUE       VALUE  FROM      YEAR
                                                  NORMAL
..................................................................
TEMPERATURE (F)
 YESTERDAY
  MAXIMUM         52    236 PM  73    1911  43      9       41
  MINIMUM         39    801 AM -19    1979  21     18       10
  AVERAGE         46                        32     14       26

PRECIPITATION (IN)
  YESTERDAY        0.02          1.22 1973   0.04  -0.02     0.09
  MONTH TO DATE    0.02                      0.04  -0.02     0.09
  SINCE DEC 1      4.40                      1.61   2.79     3.19
  SINCE JAN 1      0.74                      0.67   0.07     1.29

DEGREE DAYS
 HEATING
  YESTERDAY       19                        33    -14       39
  MONTH TO DATE   19                        33    -14       39
  SINCE DEC 1   1726                      2097   -371     1934
  SINCE JUL 1   2358                      3049   -691     2931

 COOLING
  YESTERDAY        0                         0      0        0
  MONTH TO DATE    0                         0      0        0
  SINCE DEC 1      0                         0      0        0
  SINCE JAN 1      0                         0      0        0
..................................................................


WIND (MPH)
  HIGHEST WIND SPEED    23   HIGHEST WIND DIRECTION    NE (60)
  HIGHEST GUST SPEED    32   HIGHEST GUST DIRECTION    NE (50)
  AVERAGE WIND SPEED    11.6


SKY COVER
  POSSIBLE SUNSHINE  MM
  AVERAGE SKY COVER 0.7


WEATHER CONDITIONS
 THE FOLLOWING WEATHER WAS RECORDED YESTERDAY.
  LIGHT RAIN


RELATIVE HUMIDITY (PERCENT)
 HIGHEST    73          1000 PM
 LOWEST     42          1200 PM
 AVERAGE    58

..........................................................


THE SALINA KS CLIMATE NORMALS FOR TODAY
                         NORMAL    RECORD    YEAR
 MAXIMUM TEMPERATURE (F)   43        76      1924
 MINIMUM TEMPERATURE (F)   22       -13      1917


SUNRISE AND SUNSET
FEBRUARY  2 2016......SUNRISE   736 AM CST   SUNSET   553 PM CST
FEBRUARY  3 2016......SUNRISE   735 AM CST   SUNSET   554 PM CST


-  INDICATES NEGATIVE NUMBERS.
R  INDICATES RECORD WAS SET OR TIED.
MM INDICATES DATA IS MISSING.
T  INDICATES TRACE AMOUNT.




$$
