000
CDUS43 KICT 120637
CLISLN


CLIMATE REPORT
NATIONAL WEATHER SERVICE WICHITA KS
136 AM CDT THU MAY 12 2016


...................................

...THE SALINA KS CLIMATE SUMMARY FOR MAY 11 2016...

CLIMATE NORMAL PERIOD 1981 TO 2010
CLIMATE RECORD PERIOD 1894 TO 2016


WEATHER ITEM   OBSERVED TIME   RECORD YEAR NORMAL DEPARTURE LAST
                VALUE   (LST)  VALUE       VALUE  FROM      YEAR
                                                  NORMAL
..................................................................
TEMPERATURE (F)
 YESTERDAY
  MAXIMUM         75    448 PM  98    2000  75      0       68
  MINIMUM         56    551 AM  30    1924  52      4       41
  AVERAGE         66                        64      2       55

PRECIPITATION (IN)
  YESTERDAY        0.38          0.54 1982   0.14   0.24     0.00
  MONTH TO DATE    0.38                      1.46  -1.08     2.92
  SINCE MAR 1      5.45                      6.90  -1.45     4.80
  SINCE JAN 1      6.69                      8.70  -2.01     6.24

DEGREE DAYS
 HEATING
  YESTERDAY        0                         4     -4       10
  MONTH TO DATE   38                        54    -16       20
  SINCE MAR 1    670                       981   -311      752
  SINCE JUL 1   3656                      4822  -1166     4581

 COOLING
  YESTERDAY        1                         2     -1        0
  MONTH TO DATE   14                        19     -5       39
  SINCE MAR 1     48                        44      4       51
  SINCE JAN 1     48                        44      4       51
..................................................................


WIND (MPH)
  HIGHEST WIND SPEED    43   HIGHEST WIND DIRECTION    NW (320)
  HIGHEST GUST SPEED    52   HIGHEST GUST DIRECTION    NW (310)
  AVERAGE WIND SPEED    15.5


SKY COVER
  POSSIBLE SUNSHINE  MM
  AVERAGE SKY COVER 0.3


WEATHER CONDITIONS
 THE FOLLOWING WEATHER WAS RECORDED YESTERDAY.
  THUNDERSTORM
  HEAVY RAIN
  LIGHT RAIN
  FOG


RELATIVE HUMIDITY (PERCENT)
 HIGHEST    86           500 AM
 LOWEST     38           600 PM
 AVERAGE    62

..........................................................


THE SALINA KS CLIMATE NORMALS FOR TODAY
                         NORMAL    RECORD    YEAR
 MAXIMUM TEMPERATURE (F)   75        95      1956
 MINIMUM TEMPERATURE (F)   53        34      1960


SUNRISE AND SUNSET
MAY 12 2016...........SUNRISE   621 AM CDT   SUNSET   834 PM CDT
MAY 13 2016...........SUNRISE   620 AM CDT   SUNSET   835 PM CDT


-  INDICATES NEGATIVE NUMBERS.
R  INDICATES RECORD WAS SET OR TIED.
MM INDICATES DATA IS MISSING.
T  INDICATES TRACE AMOUNT.




$$
