000
CDUS43 KICT 050737
CLISLN


CLIMATE REPORT
NATIONAL WEATHER SERVICE WICHITA KS
236 AM CDT FRI AUG 5 2016


...................................

...THE SALINA KS CLIMATE SUMMARY FOR AUGUST 4 2016...

CLIMATE NORMAL PERIOD 1981 TO 2010
CLIMATE RECORD PERIOD 1894 TO 2016


WEATHER ITEM   OBSERVED TIME   RECORD YEAR NORMAL DEPARTURE LAST
                VALUE   (LST)  VALUE       VALUE  FROM      YEAR
                                                  NORMAL
..................................................................
TEMPERATURE (F)
 YESTERDAY
  MAXIMUM        100    300 PM 110    1930  93      7       88
  MINIMUM         77   1159 PM  48    1974  70      7       72
  AVERAGE         89                        81      8       80

PRECIPITATION (IN)
  YESTERDAY        0.19          1.69 2013   0.14   0.05     0.05
  MONTH TO DATE    0.29                      0.57  -0.28     0.05
  SINCE JUN 1      3.07                      8.97  -5.90     8.41
  SINCE JAN 1     14.89                     20.96  -6.07    20.01

DEGREE DAYS
 HEATING
  YESTERDAY        0                         0      0        0
  MONTH TO DATE    0                         0      0        0
  SINCE JUN 1      0                         7     -7        0
  SINCE JUL 1      0                         0      0        0

 COOLING
  YESTERDAY       24                        16      8       15
  MONTH TO DATE   94                        64     30       70
  SINCE JUN 1   1174                       890    284     1060
  SINCE JAN 1   1299                      1018    281     1150
..................................................................


WIND (MPH)
  HIGHEST WIND SPEED    24   HIGHEST WIND DIRECTION    SW (210)
  HIGHEST GUST SPEED    29   HIGHEST GUST DIRECTION     S (200)
  AVERAGE WIND SPEED    10.2


SKY COVER
  POSSIBLE SUNSHINE  MM
  AVERAGE SKY COVER 0.3


WEATHER CONDITIONS
 THE FOLLOWING WEATHER WAS RECORDED YESTERDAY.
  THUNDERSTORM
  HEAVY RAIN
  LIGHT RAIN
  FOG


RELATIVE HUMIDITY (PERCENT)
 HIGHEST    85          1100 PM
 LOWEST     33           300 PM
 AVERAGE    59

..........................................................


THE SALINA KS CLIMATE NORMALS FOR TODAY
                         NORMAL    RECORD    YEAR
 MAXIMUM TEMPERATURE (F)   92       108      1956
 MINIMUM TEMPERATURE (F)   70        55      1948


SUNRISE AND SUNSET
AUGUST  5 2016........SUNRISE   636 AM CDT   SUNSET   837 PM CDT
AUGUST  6 2016........SUNRISE   637 AM CDT   SUNSET   835 PM CDT


-  INDICATES NEGATIVE NUMBERS.
R  INDICATES RECORD WAS SET OR TIED.
MM INDICATES DATA IS MISSING.
T  INDICATES TRACE AMOUNT.




$$
