000
CDUS43 KICT 100620
CLISLN

CLIMATE REPORT
NATIONAL WEATHER SERVICE WICHITA KS
119 AM CDT THU JUL 10 2014


...................................

...THE SALINA KS CLIMATE SUMMARY FOR JULY 9 2014...

CLIMATE NORMAL PERIOD 1981 TO 2010
CLIMATE RECORD PERIOD 1894 TO 2014


WEATHER ITEM   OBSERVED TIME   RECORD YEAR NORMAL DEPARTURE LAST
                VALUE   (LST)  VALUE       VALUE  FROM      YEAR
                                                  NORMAL
..................................................................
TEMPERATURE (F)
 YESTERDAY
  MAXIMUM         92    256 PM 109    1980  93     -1      108
  MINIMUM         62    536 AM  50    1952  69     -7       74
  AVERAGE         77                        81     -4       91

PRECIPITATION (IN)
  YESTERDAY        0.02          2.31 1982   0.15  -0.13     0.64
  MONTH TO DATE    0.51                      1.33  -0.82     0.67
  SINCE JUN 1      8.70                      5.44   3.26     2.91
  SINCE JAN 1     16.09                     17.43  -1.34    16.15

DEGREE DAYS
 HEATING
  YESTERDAY        0                         0      0        0
  MONTH TO DATE    0                         0      0        0
  SINCE JUN 1      1                         7     -6        7
  SINCE JUL 1      0                         0      0        0

 COOLING
  YESTERDAY       12                        16     -4       26
  MONTH TO DATE  125                       140    -15      147
  SINCE JUN 1    482                       465     17      534
  SINCE JAN 1    714                       593    121      675
..................................................................


WIND (MPH)
  HIGHEST WIND SPEED    21   HIGHEST WIND DIRECTION    SE (120)
  HIGHEST GUST SPEED    24   HIGHEST GUST DIRECTION    SE (120)
  AVERAGE WIND SPEED     7.6


SKY COVER
  POSSIBLE SUNSHINE  MM
  AVERAGE SKY COVER 0.1


WEATHER CONDITIONS
 THE FOLLOWING WEATHER WAS RECORDED YESTERDAY.
  LIGHT RAIN


RELATIVE HUMIDITY (PERCENT)
 HIGHEST    90           600 AM
 LOWEST     32           300 PM
 AVERAGE    61

..........................................................


THE SALINA KS CLIMATE NORMALS FOR TODAY
                         NORMAL    RECORD    YEAR
 MAXIMUM TEMPERATURE (F)   93       111      1934
 MINIMUM TEMPERATURE (F)   69        48      1905


SUNRISE AND SUNSET
JULY 10 2014..........SUNRISE   614 AM CDT   SUNSET   857 PM CDT
JULY 11 2014..........SUNRISE   615 AM CDT   SUNSET   857 PM CDT


-  INDICATES NEGATIVE NUMBERS.
R  INDICATES RECORD WAS SET OR TIED.
MM INDICATES DATA IS MISSING.
T  INDICATES TRACE AMOUNT.




$$
