000
CDUS43 KICT 010623
CLISLN


CLIMATE REPORT
NATIONAL WEATHER SERVICE WICHITA KS
122 AM CDT FRI JUL 1 2016


...................................

...THE SALINA KS CLIMATE SUMMARY FOR JUNE 30 2016...

CLIMATE NORMAL PERIOD 1981 TO 2010
CLIMATE RECORD PERIOD 1894 TO 2016


WEATHER ITEM   OBSERVED TIME   RECORD YEAR NORMAL DEPARTURE LAST
                VALUE   (LST)  VALUE       VALUE  FROM      YEAR
                                                  NORMAL
..................................................................
TEMPERATURE (F)
 YESTERDAY
  MAXIMUM         95    324 PM 112    1980  92      3      103
  MINIMUM         69    354 AM  54    1918  68      1       65
  AVERAGE         82                        80      2       84

PRECIPITATION (IN)
  YESTERDAY        0.00          4.27 1905   0.12  -0.12     0.00
  MONTH TO DATE    0.45                      4.11  -3.66     4.50
  SINCE JUN 1      0.45                      4.11  -3.66     4.50
  SINCE JAN 1     12.27                     16.10  -3.83    16.10

DEGREE DAYS
 HEATING
  YESTERDAY        0                         0      0        0
  MONTH TO DATE    0                         5     -5        0
  SINCE JUN 1      0                         7     -7        0
  SINCE JUL 1   3718                      4871  -1153     4660

 COOLING
  YESTERDAY       17                        15      2       19
  MONTH TO DATE  492                       325    167      440
  SINCE JUN 1    492                       325    167      440
  SINCE JAN 1    617                       453    164      530
..................................................................


WIND (MPH)
  HIGHEST WIND SPEED    20   HIGHEST WIND DIRECTION     W (290)
  HIGHEST GUST SPEED    24   HIGHEST GUST DIRECTION     W (290)
  AVERAGE WIND SPEED     7.4


SKY COVER
  POSSIBLE SUNSHINE  MM
  AVERAGE SKY COVER 0.0


WEATHER CONDITIONS
 THE FOLLOWING WEATHER WAS RECORDED YESTERDAY.
  NO SIGNIFICANT WEATHER WAS OBSERVED.


RELATIVE HUMIDITY (PERCENT)
 HIGHEST    84           200 AM
 LOWEST     28           600 PM
 AVERAGE    56

..........................................................


THE SALINA KS CLIMATE NORMALS FOR TODAY
                         NORMAL    RECORD    YEAR
 MAXIMUM TEMPERATURE (F)   92       114      1913
 MINIMUM TEMPERATURE (F)   68        53      1918


SUNRISE AND SUNSET
JULY  1 2016..........SUNRISE   610 AM CDT   SUNSET   859 PM CDT
JULY  2 2016..........SUNRISE   610 AM CDT   SUNSET   859 PM CDT


-  INDICATES NEGATIVE NUMBERS.
R  INDICATES RECORD WAS SET OR TIED.
MM INDICATES DATA IS MISSING.
T  INDICATES TRACE AMOUNT.




$$
