000
CDUS43 KICT 200644
CLISLN


CLIMATE REPORT
NATIONAL WEATHER SERVICE WICHITA KS
1244 AM CST MON NOV 20 2017


...................................

...THE SALINA KS CLIMATE SUMMARY FOR NOVEMBER 19 2017...

CLIMATE NORMAL PERIOD 1981 TO 2010
CLIMATE RECORD PERIOD 1894 TO 2017


WEATHER ITEM   OBSERVED TIME   RECORD YEAR NORMAL DEPARTURE LAST
                VALUE   (LST)  VALUE       VALUE  FROM      YEAR
                                                  NORMAL
..................................................................
TEMPERATURE (F)
 YESTERDAY
  MAXIMUM         63    330 PM  81    2007  53     10       48
  MINIMUM         23    733 AM  17    1985  31     -8       20
                                      1957
  AVERAGE         43                        42      1       34

PRECIPITATION (IN)
  YESTERDAY        0.00          1.08 1992   0.04  -0.04     0.00
  MONTH TO DATE    0.06                      0.85  -0.79     0.46
  SINCE SEP 1      7.67                      5.82   1.85     3.94
  SINCE JAN 1     25.38                     30.16  -4.78    26.38

DEGREE DAYS
 HEATING
  YESTERDAY       22                        23     -1       31
  MONTH TO DATE  363                       347     16      197
  SINCE SEP 1    597                       664    -67      328
  SINCE JUL 1    597                       665    -68      328

 COOLING
  YESTERDAY        0                         0      0        0
  MONTH TO DATE    0                         0      0        4
  SINCE SEP 1    382                       239    143      339
  SINCE JAN 1   1963                      1646    317     2009
..................................................................


WIND (MPH)
  HIGHEST WIND SPEED    22   HIGHEST WIND DIRECTION    SW (220)
  HIGHEST GUST SPEED    26   HIGHEST GUST DIRECTION    SW (210)
  AVERAGE WIND SPEED     9.6


SKY COVER
  POSSIBLE SUNSHINE  MM
  AVERAGE SKY COVER 0.0


WEATHER CONDITIONS
 THE FOLLOWING WEATHER WAS RECORDED YESTERDAY.
  NO SIGNIFICANT WEATHER WAS OBSERVED.


RELATIVE HUMIDITY (PERCENT)
 HIGHEST    88           700 AM
 LOWEST     20           200 PM
 AVERAGE    54

..........................................................


THE SALINA KS CLIMATE NORMALS FOR TODAY
                         NORMAL    RECORD    YEAR
 MAXIMUM TEMPERATURE (F)   52        72      1955
 MINIMUM TEMPERATURE (F)   31        13      1952


SUNRISE AND SUNSET
NOVEMBER 20 2017......SUNRISE   719 AM CST   SUNSET   513 PM CST
NOVEMBER 21 2017......SUNRISE   720 AM CST   SUNSET   513 PM CST


-  INDICATES NEGATIVE NUMBERS.
R  INDICATES RECORD WAS SET OR TIED.
MM INDICATES DATA IS MISSING.
T  INDICATES TRACE AMOUNT.




$$
