000
CDUS43 KICT 030644
CLISLN


CLIMATE REPORT
NATIONAL WEATHER SERVICE WICHITA KS
1244 AM CST SAT FEB 3 2018


...................................

...THE SALINA KS CLIMATE SUMMARY FOR FEBRUARY 2 2018...

CLIMATE NORMAL PERIOD 1981 TO 2010
CLIMATE RECORD PERIOD 1894 TO 2018


WEATHER ITEM   OBSERVED TIME   RECORD YEAR NORMAL DEPARTURE LAST
                VALUE   (LST)  VALUE       VALUE  FROM      YEAR
                                                  NORMAL
..................................................................
TEMPERATURE (F)
 YESTERDAY
  MAXIMUM         44    418 PM  76    1924  43      1       34
  MINIMUM         13    411 AM -13    1917  22     -9       15
  AVERAGE         29                        32     -3       25

PRECIPITATION (IN)
  YESTERDAY        0.00          0.62 1943   0.03  -0.03     0.00
  MONTH TO DATE    0.00                      0.07  -0.07     0.00
  SINCE DEC 1      0.39                      1.64  -1.25     2.87
  SINCE JAN 1      0.34                      0.70  -0.36     2.02

DEGREE DAYS
 HEATING
  YESTERDAY       36                        33      3       40
  MONTH TO DATE   70                        66      4       71
  SINCE DEC 1   2031                      2130    -99     1634
  SINCE JUL 1   2787                      3082   -295     2177

 COOLING
  YESTERDAY        0                         0      0        0
  MONTH TO DATE    0                         0      0        0
  SINCE DEC 1      0                         0      0        0
  SINCE JAN 1      0                         0      0        0
..................................................................


WIND (MPH)
  HIGHEST WIND SPEED    25   HIGHEST WIND DIRECTION     S (170)
  HIGHEST GUST SPEED    30   HIGHEST GUST DIRECTION     S (190)
  AVERAGE WIND SPEED    12.1


SKY COVER
  POSSIBLE SUNSHINE  MM
  AVERAGE SKY COVER 0.1


WEATHER CONDITIONS
 THE FOLLOWING WEATHER WAS RECORDED YESTERDAY.
  NO SIGNIFICANT WEATHER WAS OBSERVED.


RELATIVE HUMIDITY (PERCENT)
 HIGHEST    73           400 AM
 LOWEST     27           400 PM
 AVERAGE    50

..........................................................


THE SALINA KS CLIMATE NORMALS FOR TODAY
                         NORMAL    RECORD    YEAR
 MAXIMUM TEMPERATURE (F)   43        74      1962
 MINIMUM TEMPERATURE (F)   22       -11      1905


SUNRISE AND SUNSET
FEBRUARY  3 2018......SUNRISE   735 AM CST   SUNSET   555 PM CST
FEBRUARY  4 2018......SUNRISE   734 AM CST   SUNSET   556 PM CST


-  INDICATES NEGATIVE NUMBERS.
R  INDICATES RECORD WAS SET OR TIED.
MM INDICATES DATA IS MISSING.
T  INDICATES TRACE AMOUNT.




$$
