000
CDUS43 KICT 060646
CLISLN


CLIMATE REPORT
NATIONAL WEATHER SERVICE WICHITA KS
146 AM CDT SAT AUG 6 2016


...................................

...THE SALINA KS CLIMATE SUMMARY FOR AUGUST 5 2016...

CLIMATE NORMAL PERIOD 1981 TO 2010
CLIMATE RECORD PERIOD 1894 TO 2016


WEATHER ITEM   OBSERVED TIME   RECORD YEAR NORMAL DEPARTURE LAST
                VALUE   (LST)  VALUE       VALUE  FROM      YEAR
                                                  NORMAL
..................................................................
TEMPERATURE (F)
 YESTERDAY
  MAXIMUM         78   1212 AM 108    1956  92    -14       85
  MINIMUM         69    626 AM  55    1948  70     -1       69
  AVERAGE         74                        81     -7       77

PRECIPITATION (IN)
  YESTERDAY        0.06          2.14 2015   0.13  -0.07     2.14
  MONTH TO DATE    0.35                      0.70  -0.35     2.19
  SINCE JUN 1      3.13                      9.10  -5.97    10.55
  SINCE JAN 1     14.95                     21.09  -6.14    22.15

DEGREE DAYS
 HEATING
  YESTERDAY        0                         0      0        0
  MONTH TO DATE    0                         0      0        0
  SINCE JUN 1      0                         7     -7        0
  SINCE JUL 1      0                         0      0        0

 COOLING
  YESTERDAY        9                        16     -7       12
  MONTH TO DATE  103                        80     23       82
  SINCE JUN 1   1183                       906    277     1072
  SINCE JAN 1   1308                      1034    274     1162
..................................................................


WIND (MPH)
  HIGHEST WIND SPEED    16   HIGHEST WIND DIRECTION     E (70)
  HIGHEST GUST SPEED    25   HIGHEST GUST DIRECTION    NE (50)
  AVERAGE WIND SPEED     8.3


SKY COVER
  POSSIBLE SUNSHINE  MM
  AVERAGE SKY COVER 0.9


WEATHER CONDITIONS
 THE FOLLOWING WEATHER WAS RECORDED YESTERDAY.
  THUNDERSTORM
  LIGHT RAIN
  FOG


RELATIVE HUMIDITY (PERCENT)
 HIGHEST    93          1100 PM
 LOWEST     79           500 PM
 AVERAGE    86

..........................................................


THE SALINA KS CLIMATE NORMALS FOR TODAY
                         NORMAL    RECORD    YEAR
 MAXIMUM TEMPERATURE (F)   92       111      1934
 MINIMUM TEMPERATURE (F)   70        52      1894


SUNRISE AND SUNSET
AUGUST  6 2016........SUNRISE   637 AM CDT   SUNSET   835 PM CDT
AUGUST  7 2016........SUNRISE   638 AM CDT   SUNSET   834 PM CDT


-  INDICATES NEGATIVE NUMBERS.
R  INDICATES RECORD WAS SET OR TIED.
MM INDICATES DATA IS MISSING.
T  INDICATES TRACE AMOUNT.




$$
