000
CDUS43 KICT 080645
CLISLN


CLIMATE REPORT
NATIONAL WEATHER SERVICE WICHITA KS
145 AM CDT WED OCT 8 2014


...................................

...THE SALINA KS CLIMATE SUMMARY FOR OCTOBER 7 2014...

CLIMATE NORMAL PERIOD 1981 TO 2010
CLIMATE RECORD PERIOD 1894 TO 2014


WEATHER ITEM   OBSERVED TIME   RECORD YEAR NORMAL DEPARTURE LAST
                VALUE   (LST)  VALUE       VALUE  FROM      YEAR
                                                  NORMAL
..................................................................
TEMPERATURE (F)
 YESTERDAY
  MAXIMUM         82    416 PM  94    1949  72     10       79
  MINIMUM         53    631 AM  21    1952  49      4       38
  AVERAGE         68                        61      7       59

PRECIPITATION (IN)
  YESTERDAY        0.00          3.36 1992   0.08  -0.08     0.00
  MONTH TO DATE    0.08                      0.60  -0.52     0.03
  SINCE SEP 1      4.22                      3.30   0.92     1.66
  SINCE JAN 1     25.50                     27.64  -2.14    27.90

DEGREE DAYS
 HEATING
  YESTERDAY        0                         6     -6        6
  MONTH TO DATE   35                        38     -3       24
  SINCE SEP 1     75                        89    -14       33
  SINCE JUL 1     75                        90    -15       36

 COOLING
  YESTERDAY        3                         2      1        0
  MONTH TO DATE   12                        16     -4       35
  SINCE SEP 1    212                       221     -9      336
  SINCE JAN 1   1770                      1628    142     1730
..................................................................


WIND (MPH)
  HIGHEST WIND SPEED    13   HIGHEST WIND DIRECTION     N (360)
  HIGHEST GUST SPEED    16   HIGHEST GUST DIRECTION    NE (30)
  AVERAGE WIND SPEED     3.9


SKY COVER
  POSSIBLE SUNSHINE  MM
  AVERAGE SKY COVER 0.0


WEATHER CONDITIONS
 THE FOLLOWING WEATHER WAS RECORDED YESTERDAY.
  HAZE


RELATIVE HUMIDITY (PERCENT)
 HIGHEST    80          1100 PM
 LOWEST     33           100 PM
 AVERAGE    57

..........................................................


THE SALINA KS CLIMATE NORMALS FOR TODAY
                         NORMAL    RECORD    YEAR
 MAXIMUM TEMPERATURE (F)   72        96      1979
 MINIMUM TEMPERATURE (F)   49        25      2000


SUNRISE AND SUNSET
OCTOBER  8 2014.......SUNRISE   733 AM CDT   SUNSET   702 PM CDT
OCTOBER  9 2014.......SUNRISE   734 AM CDT   SUNSET   701 PM CDT


-  INDICATES NEGATIVE NUMBERS.
R  INDICATES RECORD WAS SET OR TIED.
MM INDICATES DATA IS MISSING.
T  INDICATES TRACE AMOUNT.




$$
