000
CDUS43 KICT 220703
CLISLN

CLIMATE REPORT
NATIONAL WEATHER SERVICE WICHITA KS
202 AM CDT SAT MAR 22 2014


...................................

...THE SALINA KS CLIMATE SUMMARY FOR MARCH 21 2014...

CLIMATE NORMAL PERIOD 1981 TO 2010
CLIMATE RECORD PERIOD 1894 TO 2014


WEATHER ITEM   OBSERVED TIME   RECORD YEAR NORMAL DEPARTURE LAST
                VALUE   (LST)  VALUE       VALUE  FROM      YEAR
                                                  NORMAL
..................................................................
TEMPERATURE (F)
 YESTERDAY
  MAXIMUM         66    227 PM  96    1907  59      7       50
  MINIMUM         39   1159 PM  10    1913  36      3       32
  AVERAGE         53                        47      6       41

PRECIPITATION (IN)
  YESTERDAY        0.00          1.64 2005   0.08  -0.08      T
  MONTH TO DATE    0.05                      1.50  -1.45     0.40
  SINCE MAR 1      0.05                      1.50  -1.45     0.40
  SINCE JAN 1      1.86                      3.30  -1.44     3.67

DEGREE DAYS
 HEATING
  YESTERDAY       12                        18     -6       24
  MONTH TO DATE  528                       445     83      505
  SINCE MAR 1    528                       445     83      505
  SINCE JUL 1   4778                      4286    492     4127

 COOLING
  YESTERDAY        0                         0      0        0
  MONTH TO DATE    0                         0      0        0
  SINCE MAR 1      0                         0      0        0
  SINCE JAN 1      0                         0      0        0
..................................................................


WIND (MPH)
  HIGHEST WIND SPEED    31   HIGHEST WIND DIRECTION     N (350)
  HIGHEST GUST SPEED    37   HIGHEST GUST DIRECTION     N (350)
  AVERAGE WIND SPEED    17.0


SKY COVER
  POSSIBLE SUNSHINE  MM
  AVERAGE SKY COVER 0.0


WEATHER CONDITIONS
 THE FOLLOWING WEATHER WAS RECORDED YESTERDAY.
  NO SIGNIFICANT WEATHER WAS OBSERVED.


RELATIVE HUMIDITY (PERCENT)
 HIGHEST    57          1100 PM
 LOWEST     19           400 PM
 AVERAGE    38

..........................................................


THE SALINA KS CLIMATE NORMALS FOR TODAY
                         NORMAL    RECORD    YEAR
 MAXIMUM TEMPERATURE (F)   59        93      1907
 MINIMUM TEMPERATURE (F)   36        10      1914


SUNRISE AND SUNSET
MARCH 22 2014.........SUNRISE   731 AM CDT   SUNSET   745 PM CDT
MARCH 23 2014.........SUNRISE   729 AM CDT   SUNSET   746 PM CDT


-  INDICATES NEGATIVE NUMBERS.
R  INDICATES RECORD WAS SET OR TIED.
MM INDICATES DATA IS MISSING.
T  INDICATES TRACE AMOUNT.




$$
