000
CDUS43 KICT 270630
CLISLN


CLIMATE REPORT
NATIONAL WEATHER SERVICE WICHITA KS
1230 AM CST TUE DEC 27 2016


...................................

...THE SALINA KS CLIMATE SUMMARY FOR DECEMBER 26 2016...

CLIMATE NORMAL PERIOD 1981 TO 2010
CLIMATE RECORD PERIOD 1894 TO 2016


WEATHER ITEM   OBSERVED TIME   RECORD YEAR NORMAL DEPARTURE LAST
                VALUE   (LST)  VALUE       VALUE  FROM      YEAR
                                                  NORMAL
..................................................................
TEMPERATURE (F)
 YESTERDAY
  MAXIMUM         48    330 PM  67    2008  41      7       46
  MINIMUM         26    801 AM  -4    1962  21      5       28
  AVERAGE         37                        31      6       37

PRECIPITATION (IN)
  YESTERDAY        0.00          0.47 1959   0.03  -0.03      T
  MONTH TO DATE    0.73                      0.82  -0.09     3.66
  SINCE DEC 1      0.73                      0.82  -0.09     3.66
  SINCE JAN 1     27.25                     31.38  -4.13    32.01

DEGREE DAYS
 HEATING
  YESTERDAY       28                        34     -6       28
  MONTH TO DATE  890                       840     50      611
  SINCE DEC 1    890                       840     50      611
  SINCE JUL 1   1433                      1792   -359     1243

 COOLING
  YESTERDAY        0                         0      0        0
  MONTH TO DATE    0                         0      0        0
  SINCE DEC 1      0                         0      0        0
  SINCE JAN 1   2009                      1647    362     1869
..................................................................


WIND (MPH)
  HIGHEST WIND SPEED    22   HIGHEST WIND DIRECTION    NW (310)
  HIGHEST GUST SPEED    26   HIGHEST GUST DIRECTION    NW (300)
  AVERAGE WIND SPEED     9.0


SKY COVER
  POSSIBLE SUNSHINE  MM
  AVERAGE SKY COVER 0.0


WEATHER CONDITIONS
 THE FOLLOWING WEATHER WAS RECORDED YESTERDAY.
  NO SIGNIFICANT WEATHER WAS OBSERVED.


RELATIVE HUMIDITY (PERCENT)
 HIGHEST    72           300 AM
 LOWEST     34           300 PM
 AVERAGE    53

..........................................................


THE SALINA KS CLIMATE NORMALS FOR TODAY
                         NORMAL    RECORD    YEAR
 MAXIMUM TEMPERATURE (F)   41        68      1928
 MINIMUM TEMPERATURE (F)   21        -6      1894


SUNRISE AND SUNSET
DECEMBER 27 2016......SUNRISE   748 AM CST   SUNSET   516 PM CST
DECEMBER 28 2016......SUNRISE   748 AM CST   SUNSET   517 PM CST


-  INDICATES NEGATIVE NUMBERS.
R  INDICATES RECORD WAS SET OR TIED.
MM INDICATES DATA IS MISSING.
T  INDICATES TRACE AMOUNT.




$$
