000
CDUS43 KICT 300743
CLISLN


CLIMATE REPORT
NATIONAL WEATHER SERVICE WICHITA KS
243 AM CDT SUN APR 30 2017


...................................

...THE SALINA KS CLIMATE SUMMARY FOR APRIL 29 2017...

CLIMATE NORMAL PERIOD 1981 TO 2010
CLIMATE RECORD PERIOD 1894 TO 2017


WEATHER ITEM   OBSERVED TIME   RECORD YEAR NORMAL DEPARTURE LAST
                VALUE   (LST)  VALUE       VALUE  FROM      YEAR
                                                  NORMAL
..................................................................
TEMPERATURE (F)
 YESTERDAY
  MAXIMUM         47    519 PM  93    1910  71    -24       53
  MINIMUM         42   1159 PM  30    1994  48     -6       46
  AVERAGE         45                        60    -15       50

PRECIPITATION (IN)
  YESTERDAY        0.72          1.98 1984   0.12   0.60     1.62
  MONTH TO DATE    3.21                      2.93   0.28     4.35
  SINCE MAR 1      6.83                      5.32   1.51     5.05
  SINCE JAN 1      8.93                      7.12   1.81     6.29

DEGREE DAYS
 HEATING
  YESTERDAY       20                         7     13       15
  MONTH TO DATE  229                       312    -83      203
  SINCE MAR 1    689                       921   -232      621
  SINCE JUL 1   3357                      4762  -1405     3607

 COOLING
  YESTERDAY        0                         1     -1        0
  MONTH TO DATE   40                        21     19       28
  SINCE MAR 1     51                        23     28       34
  SINCE JAN 1     51                        23     28       34
..................................................................


WIND (MPH)
  HIGHEST WIND SPEED    36   HIGHEST WIND DIRECTION    NE (40)
  HIGHEST GUST SPEED    46   HIGHEST GUST DIRECTION    NE (40)
  AVERAGE WIND SPEED    17.9


SKY COVER
  POSSIBLE SUNSHINE  MM
  AVERAGE SKY COVER 1.0


WEATHER CONDITIONS
 THE FOLLOWING WEATHER WAS RECORDED YESTERDAY.
  THUNDERSTORM
  RAIN
  LIGHT RAIN
  FOG


RELATIVE HUMIDITY (PERCENT)
 HIGHEST    96           400 AM
 LOWEST     83          1200 AM
 AVERAGE    90

..........................................................


THE SALINA KS CLIMATE NORMALS FOR TODAY
                         NORMAL    RECORD    YEAR
 MAXIMUM TEMPERATURE (F)   72        91      1938
 MINIMUM TEMPERATURE (F)   48        24      1907


SUNRISE AND SUNSET
APRIL 30 2017.........SUNRISE   634 AM CDT   SUNSET   822 PM CDT
MAY  1 2017...........SUNRISE   633 AM CDT   SUNSET   823 PM CDT


-  INDICATES NEGATIVE NUMBERS.
R  INDICATES RECORD WAS SET OR TIED.
MM INDICATES DATA IS MISSING.
T  INDICATES TRACE AMOUNT.




$$
