879
CDUS43 KICT 040650
CLISLN


CLIMATE REPORT
NATIONAL WEATHER SERVICE WICHITA KS
1249 AM CST THU JAN 4 2018


...................................

...THE SALINA KS CLIMATE SUMMARY FOR JANUARY 3 2018...

CLIMATE NORMAL PERIOD 1981 TO 2010
CLIMATE RECORD PERIOD 1894 TO 2018


WEATHER ITEM   OBSERVED TIME   RECORD YEAR NORMAL DEPARTURE LAST
                VALUE   (LST)  VALUE       VALUE  FROM      YEAR
                                                  NORMAL
..................................................................
TEMPERATURE (F)
 YESTERDAY
  MAXIMUM         35    427 PM  67    2006  41     -6       38
  MINIMUM         15    140 AM -25    1919  21     -6       15
  AVERAGE         25                        31     -6       27

PRECIPITATION (IN)
  YESTERDAY        0.00          0.90 1971   0.02  -0.02     0.00
  MONTH TO DATE    0.00                      0.05  -0.05     0.00
  SINCE DEC 1      0.05                      0.99  -0.94     0.85
  SINCE JAN 1      0.00                      0.05  -0.05     0.00

DEGREE DAYS
 HEATING
  YESTERDAY       40                        34      6       38
  MONTH TO DATE  150                       102     48       80
  SINCE DEC 1   1083                      1114    -31     1106
  SINCE JUL 1   1839                      2066   -227     1649

 COOLING
  YESTERDAY        0                         0      0        0
  MONTH TO DATE    0                         0      0        0
  SINCE DEC 1      0                         0      0        0
  SINCE JAN 1      0                         0      0        0
..................................................................


WIND (MPH)
  HIGHEST WIND SPEED    16   HIGHEST WIND DIRECTION     N (360)
  HIGHEST GUST SPEED    21   HIGHEST GUST DIRECTION    NW (320)
  AVERAGE WIND SPEED     8.0


SKY COVER
  POSSIBLE SUNSHINE  MM
  AVERAGE SKY COVER 0.2


WEATHER CONDITIONS
 THE FOLLOWING WEATHER WAS RECORDED YESTERDAY.
  NO SIGNIFICANT WEATHER WAS OBSERVED.


RELATIVE HUMIDITY (PERCENT)
 HIGHEST    80           700 AM
 LOWEST     44           400 PM
 AVERAGE    62

..........................................................


THE SALINA KS CLIMATE NORMALS FOR TODAY
                         NORMAL    RECORD    YEAR
 MAXIMUM TEMPERATURE (F)   41        67      1916
 MINIMUM TEMPERATURE (F)   21       -17      1959


SUNRISE AND SUNSET
JANUARY  4 2018.......SUNRISE   749 AM CST   SUNSET   522 PM CST
JANUARY  5 2018.......SUNRISE   749 AM CST   SUNSET   523 PM CST


-  INDICATES NEGATIVE NUMBERS.
R  INDICATES RECORD WAS SET OR TIED.
MM INDICATES DATA IS MISSING.
T  INDICATES TRACE AMOUNT.




$$
