000
CDUS43 KICT 110724
CLISLN


CLIMATE REPORT
NATIONAL WEATHER SERVICE WICHITA KS
121 AM CST TUE NOV 11 2014


...................................

...THE SALINA KS CLIMATE SUMMARY FOR NOVEMBER 10 2014...

CLIMATE NORMAL PERIOD 1981 TO 2010
CLIMATE RECORD PERIOD 1894 TO 2014


WEATHER ITEM   OBSERVED TIME   RECORD YEAR NORMAL DEPARTURE LAST
                VALUE   (LST)  VALUE       VALUE  FROM      YEAR
                                                  NORMAL
..................................................................
TEMPERATURE (F)
 YESTERDAY
  MAXIMUM         70    139 PM  82    1927  58     12       64
  MINIMUM         28   1159 PM  13    1898  36     -8       37
  AVERAGE         49                        47      2       51

PRECIPITATION (IN)
  YESTERDAY        0.00          0.47 2008   0.05  -0.05     0.00
  MONTH TO DATE    T                         0.49  -0.49     0.35
  SINCE SEP 1      5.70                      5.46   0.24     3.17
  SINCE JAN 1     26.98                     29.80  -2.82    29.41

DEGREE DAYS
 HEATING
  YESTERDAY       16                        18     -2       14
  MONTH TO DATE  138                       160    -22      149
  SINCE SEP 1    372                       477   -105      451
  SINCE JUL 1    372                       478   -106      454

 COOLING
  YESTERDAY        0                         0      0        0
  MONTH TO DATE    0                         0      0        0
  SINCE SEP 1    243                       239      4      356
  SINCE JAN 1   1801                      1646    155     1750
..................................................................


WIND (MPH)
  HIGHEST WIND SPEED    40   HIGHEST WIND DIRECTION     N (340)
  HIGHEST GUST SPEED    49   HIGHEST GUST DIRECTION     N (360)
  AVERAGE WIND SPEED    20.3


SKY COVER
  POSSIBLE SUNSHINE  MM
  AVERAGE SKY COVER 0.3


WEATHER CONDITIONS
 THE FOLLOWING WEATHER WAS RECORDED YESTERDAY.
  NO SIGNIFICANT WEATHER WAS OBSERVED.


RELATIVE HUMIDITY (PERCENT)
 HIGHEST    82           100 AM
 LOWEST     37           200 PM
 AVERAGE    60

..........................................................


THE SALINA KS CLIMATE NORMALS FOR TODAY
                         NORMAL    RECORD    YEAR
 MAXIMUM TEMPERATURE (F)   58        78      1954
 MINIMUM TEMPERATURE (F)   35        10      1986


SUNRISE AND SUNSET
NOVEMBER 11 2014......SUNRISE   709 AM CST   SUNSET   520 PM CST
NOVEMBER 12 2014......SUNRISE   710 AM CST   SUNSET   519 PM CST


-  INDICATES NEGATIVE NUMBERS.
R  INDICATES RECORD WAS SET OR TIED.
MM INDICATES DATA IS MISSING.
T  INDICATES TRACE AMOUNT.




$$
