000
CDUS43 KICT 010742
CLISLN


CLIMATE REPORT
NATIONAL WEATHER SERVICE WICHITA KS
142 AM CST WED MAR 1 2017


...................................

...THE SALINA KS CLIMATE SUMMARY FOR FEBRUARY 28 2017...

CLIMATE NORMAL PERIOD 1981 TO 2010
CLIMATE RECORD PERIOD 1894 TO 2017


WEATHER ITEM   OBSERVED TIME   RECORD YEAR NORMAL DEPARTURE LAST
                VALUE   (LST)  VALUE       VALUE  FROM      YEAR
                                                  NORMAL
..................................................................
TEMPERATURE (F)
 YESTERDAY
  MAXIMUM         63    342 PM  84    2006  51     12       68
  MINIMUM         42   1159 PM  -2    1960  29     13       34
  AVERAGE         53                        40     13       51

PRECIPITATION (IN)
  YESTERDAY        0.01          0.87 1987   0.05  -0.04     0.00
  MONTH TO DATE    0.08                      1.17  -1.09     0.52
  SINCE DEC 1      2.95                      2.74   0.21     4.90
  SINCE JAN 1      2.10                      1.80   0.30     1.24

DEGREE DAYS
 HEATING
  YESTERDAY       12                        25    -13       14
  MONTH TO DATE  562                       824   -262      635
  SINCE DEC 1   2125                      2889   -764     2342
  SINCE JUL 1   2668                      3841  -1173     2974

 COOLING
  YESTERDAY        0                         0      0        0
  MONTH TO DATE    0                         0      0        0
  SINCE DEC 1      0                         0      0        0
  SINCE JAN 1      0                         0      0        0
..................................................................


WIND (MPH)
  HIGHEST WIND SPEED    33   HIGHEST WIND DIRECTION     N (340)
  HIGHEST GUST SPEED    38   HIGHEST GUST DIRECTION     N (340)
  AVERAGE WIND SPEED    12.5


SKY COVER
  POSSIBLE SUNSHINE  MM
  AVERAGE SKY COVER 0.2


WEATHER CONDITIONS
 THE FOLLOWING WEATHER WAS RECORDED YESTERDAY.
  LIGHT RAIN
  FOG
  HAZE


RELATIVE HUMIDITY (PERCENT)
 HIGHEST    93           600 AM
 LOWEST     30           400 PM
 AVERAGE    62

..........................................................


THE SALINA KS CLIMATE NORMALS FOR TODAY
                         NORMAL    RECORD    YEAR
 MAXIMUM TEMPERATURE (F)   51        83      1992
 MINIMUM TEMPERATURE (F)   29        -5      1913


SUNRISE AND SUNSET
MARCH  1 2017.........SUNRISE   702 AM CST   SUNSET   624 PM CST
MARCH  2 2017.........SUNRISE   701 AM CST   SUNSET   625 PM CST


-  INDICATES NEGATIVE NUMBERS.
R  INDICATES RECORD WAS SET OR TIED.
MM INDICATES DATA IS MISSING.
T  INDICATES TRACE AMOUNT.




$$
