000
CDUS43 KICT 211245
CLISLN


CLIMATE REPORT
NATIONAL WEATHER SERVICE WICHITA KS
745 AM CDT FRI AUG 21 2015


...................................

...THE SALINA KS CLIMATE SUMMARY FOR AUGUST 20 2015...

CLIMATE NORMAL PERIOD 1981 TO 2010
CLIMATE RECORD PERIOD 1894 TO 2015


WEATHER ITEM   OBSERVED TIME   RECORD YEAR NORMAL DEPARTURE LAST
                VALUE   (LST)  VALUE       VALUE  FROM      YEAR
                                                  NORMAL
..................................................................
TEMPERATURE (F)
 YESTERDAY
  MAXIMUM         85    245 PM 106    2003  91     -6       97
  MINIMUM         52    441 AM  46    1950  68    -16       72
  AVERAGE         69                        79    -10       85

PRECIPITATION (IN)
  YESTERDAY        0.00          1.41 1964   0.12  -0.12     0.00
  MONTH TO DATE    2.45                      2.62  -0.17     2.07
  SINCE JUN 1     10.81                     11.02  -0.21    10.99
  SINCE JAN 1     22.41                     23.01  -0.60    18.38

DEGREE DAYS
 HEATING
  YESTERDAY        0                         0      0        0
  MONTH TO DATE    0                         0      0        0
  SINCE JUN 1      0                         7     -7        1
  SINCE JUL 1      0                         0      0        0

 COOLING
  YESTERDAY        4                        14    -10       20
  MONTH TO DATE  277                       310    -33      316
  SINCE JUN 1   1267                      1136    131     1116
  SINCE JAN 1   1357                      1264     93     1348
..................................................................


WIND (MPH)
  HIGHEST WIND SPEED    24   HIGHEST WIND DIRECTION     S (190)
  HIGHEST GUST SPEED    33   HIGHEST GUST DIRECTION     S (200)
  AVERAGE WIND SPEED    10.6


SKY COVER
  POSSIBLE SUNSHINE  MM
  AVERAGE SKY COVER 0.0


WEATHER CONDITIONS
 THE FOLLOWING WEATHER WAS RECORDED YESTERDAY.
  NO SIGNIFICANT WEATHER WAS OBSERVED.


RELATIVE HUMIDITY (PERCENT)
 HIGHEST    83           200 AM
 LOWEST     31           300 PM
 AVERAGE    57

..........................................................


THE SALINA KS CLIMATE NORMALS FOR TODAY
                         NORMAL    RECORD    YEAR
 MAXIMUM TEMPERATURE (F)   91       108      1922
 MINIMUM TEMPERATURE (F)   68        46      1956


SUNRISE AND SUNSET
AUGUST 21 2015........SUNRISE   650 AM CDT   SUNSET   817 PM CDT
AUGUST 22 2015........SUNRISE   650 AM CDT   SUNSET   816 PM CDT


-  INDICATES NEGATIVE NUMBERS.
R  INDICATES RECORD WAS SET OR TIED.
MM INDICATES DATA IS MISSING.
T  INDICATES TRACE AMOUNT.




$$
