000
CDUS43 KICT 270653
CLISLN


CLIMATE REPORT
NATIONAL WEATHER SERVICE WICHITA KS
152 AM CDT FRI JUN 27 2014


...................................

...THE SALINA KS CLIMATE SUMMARY FOR JUNE 26 2014...

CLIMATE NORMAL PERIOD 1981 TO 2010
CLIMATE RECORD PERIOD 1894 TO 2014


WEATHER ITEM   OBSERVED TIME   RECORD YEAR NORMAL DEPARTURE LAST
                VALUE   (LST)  VALUE       VALUE  FROM      YEAR
                                                  NORMAL
..................................................................
TEMPERATURE (F)
 YESTERDAY
  MAXIMUM         81    708 PM 109    1936  91    -10      103
  MINIMUM         70   1056 AM  45    1958  67      3       69
  AVERAGE         76                        79     -3       86

PRECIPITATION (IN)
  YESTERDAY        0.08          2.32 1981   0.13  -0.05     0.00
  MONTH TO DATE    7.37                      3.61   3.76     2.24
  SINCE JUN 1      7.37                      3.61   3.76     2.24
  SINCE JAN 1     14.76                     15.60  -0.84    15.48

DEGREE DAYS
 HEATING
  YESTERDAY        0                         0      0        0
  MONTH TO DATE    1                         5     -4        7
  SINCE JUN 1      1                         5     -4        7
  SINCE JUL 1   5398                      4869    529     4924

 COOLING
  YESTERDAY       11                        14     -3       21
  MONTH TO DATE  299                       268     31      326
  SINCE JUN 1    299                       268     31      326
  SINCE JAN 1    531                       396    135      467
..................................................................


WIND (MPH)
  HIGHEST WIND SPEED    22   HIGHEST WIND DIRECTION     S (200)
  HIGHEST GUST SPEED    26   HIGHEST GUST DIRECTION     S (170)
  AVERAGE WIND SPEED    10.4


SKY COVER
  POSSIBLE SUNSHINE  MM
  AVERAGE SKY COVER 0.3


WEATHER CONDITIONS
 THE FOLLOWING WEATHER WAS RECORDED YESTERDAY.
  THUNDERSTORM
  LIGHT RAIN
  FOG


RELATIVE HUMIDITY (PERCENT)
 HIGHEST    90           300 AM
 LOWEST     62           200 PM
 AVERAGE    76

..........................................................


THE SALINA KS CLIMATE NORMALS FOR TODAY
                         NORMAL    RECORD    YEAR
 MAXIMUM TEMPERATURE (F)   91       111      1980
 MINIMUM TEMPERATURE (F)   67        44      1968


SUNRISE AND SUNSET
JUNE 27 2014..........SUNRISE   608 AM CDT   SUNSET   900 PM CDT
JUNE 28 2014..........SUNRISE   608 AM CDT   SUNSET   900 PM CDT


-  INDICATES NEGATIVE NUMBERS.
R  INDICATES RECORD WAS SET OR TIED.
MM INDICATES DATA IS MISSING.
T  INDICATES TRACE AMOUNT.




$$
