000
CDUS43 KICT 221245
CLISLN


CLIMATE REPORT
NATIONAL WEATHER SERVICE WICHITA KS
745 AM CDT SAT AUG 22 2015


...................................

...THE SALINA KS CLIMATE SUMMARY FOR AUGUST 21 2015...

CLIMATE NORMAL PERIOD 1981 TO 2010
CLIMATE RECORD PERIOD 1894 TO 2015


WEATHER ITEM   OBSERVED TIME   RECORD YEAR NORMAL DEPARTURE LAST
                VALUE   (LST)  VALUE       VALUE  FROM      YEAR
                                                  NORMAL
..................................................................
TEMPERATURE (F)
 YESTERDAY
  MAXIMUM         87    206 PM 108    1922  91     -4      101
  MINIMUM         58    601 AM  46    1956  68    -10       77
  AVERAGE         73                        79     -6       89

PRECIPITATION (IN)
  YESTERDAY        0.00          3.21 1984   0.12  -0.12     0.00
  MONTH TO DATE    2.45                      2.74  -0.29     2.07
  SINCE JUN 1     10.81                     11.14  -0.33    10.99
  SINCE JAN 1     22.41                     23.13  -0.72    18.38

DEGREE DAYS
 HEATING
  YESTERDAY        0                         0      0        0
  MONTH TO DATE    0                         0      0        0
  SINCE JUN 1      0                         7     -7        1
  SINCE JUL 1      0                         0      0        0

 COOLING
  YESTERDAY        8                        14     -6       24
  MONTH TO DATE  285                       324    -39      340
  SINCE JUN 1   1275                      1150    125     1140
  SINCE JAN 1   1365                      1278     87     1372
..................................................................


WIND (MPH)
  HIGHEST WIND SPEED    24   HIGHEST WIND DIRECTION     S (160)
  HIGHEST GUST SPEED    31   HIGHEST GUST DIRECTION     S (170)
  AVERAGE WIND SPEED    14.2


SKY COVER
  POSSIBLE SUNSHINE  MM
  AVERAGE SKY COVER 0.3


WEATHER CONDITIONS
 THE FOLLOWING WEATHER WAS RECORDED YESTERDAY.
  NO SIGNIFICANT WEATHER WAS OBSERVED.


RELATIVE HUMIDITY (PERCENT)
 HIGHEST    84           900 PM
 LOWEST     48          1200 PM
 AVERAGE    66

..........................................................


THE SALINA KS CLIMATE NORMALS FOR TODAY
                         NORMAL    RECORD    YEAR
 MAXIMUM TEMPERATURE (F)   91       105      2000
 MINIMUM TEMPERATURE (F)   68        50      1922


SUNRISE AND SUNSET
AUGUST 22 2015........SUNRISE   650 AM CDT   SUNSET   816 PM CDT
AUGUST 23 2015........SUNRISE   651 AM CDT   SUNSET   814 PM CDT


-  INDICATES NEGATIVE NUMBERS.
R  INDICATES RECORD WAS SET OR TIED.
MM INDICATES DATA IS MISSING.
T  INDICATES TRACE AMOUNT.




$$
