000
CDUS43 KICT 230624
CLISLN

CLIMATE REPORT
NATIONAL WEATHER SERVICE WICHITA KS
124 AM CDT SUN MAR 23 2014


...................................

...THE SALINA KS CLIMATE SUMMARY FOR MARCH 22 2014...

CLIMATE NORMAL PERIOD 1981 TO 2010
CLIMATE RECORD PERIOD 1894 TO 2014


WEATHER ITEM   OBSERVED TIME   RECORD YEAR NORMAL DEPARTURE LAST
                VALUE   (LST)  VALUE       VALUE  FROM      YEAR
                                                  NORMAL
..................................................................
TEMPERATURE (F)
 YESTERDAY
  MAXIMUM         46    247 PM  93    1907  59    -13       47
  MINIMUM         27   1159 PM  10    1914  36     -9       30
  AVERAGE         37                        48    -11       39

PRECIPITATION (IN)
  YESTERDAY        T             1.05 1979   0.08  -0.08      T
  MONTH TO DATE    0.05                      1.58  -1.53     0.40
  SINCE MAR 1      0.05                      1.58  -1.53     0.40
  SINCE JAN 1      1.86                      3.38  -1.52     3.67

DEGREE DAYS
 HEATING
  YESTERDAY       28                        18     10       26
  MONTH TO DATE  556                       463     93      531
  SINCE MAR 1    556                       463     93      531
  SINCE JUL 1   4806                      4304    502     4153

 COOLING
  YESTERDAY        0                         0      0        0
  MONTH TO DATE    0                         0      0        0
  SINCE MAR 1      0                         0      0        0
  SINCE JAN 1      0                         0      0        0
..................................................................


WIND (MPH)
  HIGHEST WIND SPEED    26   HIGHEST WIND DIRECTION     N (10)
  HIGHEST GUST SPEED    34   HIGHEST GUST DIRECTION    NE (30)
  AVERAGE WIND SPEED    17.0


SKY COVER
  POSSIBLE SUNSHINE  MM
  AVERAGE SKY COVER 0.4


WEATHER CONDITIONS
 THE FOLLOWING WEATHER WAS RECORDED YESTERDAY.
  LIGHT SNOW


RELATIVE HUMIDITY (PERCENT)
 HIGHEST    70           200 AM
 LOWEST     20           400 PM
 AVERAGE    45

..........................................................


THE SALINA KS CLIMATE NORMALS FOR TODAY
                         NORMAL    RECORD    YEAR
 MAXIMUM TEMPERATURE (F)   60        88      1911
 MINIMUM TEMPERATURE (F)   36        10      1968


SUNRISE AND SUNSET
MARCH 23 2014.........SUNRISE   729 AM CDT   SUNSET   746 PM CDT
MARCH 24 2014.........SUNRISE   728 AM CDT   SUNSET   746 PM CDT


-  INDICATES NEGATIVE NUMBERS.
R  INDICATES RECORD WAS SET OR TIED.
MM INDICATES DATA IS MISSING.
T  INDICATES TRACE AMOUNT.




$$
