000
CDUS43 KICT 300630
CLISLN


CLIMATE REPORT
NATIONAL WEATHER SERVICE WICHITA KS
130 AM CDT THU JUN 30 2016


...................................

...THE SALINA KS CLIMATE SUMMARY FOR JUNE 29 2016...

CLIMATE NORMAL PERIOD 1981 TO 2010
CLIMATE RECORD PERIOD 1894 TO 2016


WEATHER ITEM   OBSERVED TIME   RECORD YEAR NORMAL DEPARTURE LAST
                VALUE   (LST)  VALUE       VALUE  FROM      YEAR
                                                  NORMAL
..................................................................
TEMPERATURE (F)
 YESTERDAY
  MAXIMUM         96    251 PM 110    1933  92      4       93
  MINIMUM         68    304 AM  48    1923  68      0       62
  AVERAGE         82                        80      2       78

PRECIPITATION (IN)
  YESTERDAY        0.00          2.14 2003   0.13  -0.13     0.00
  MONTH TO DATE    0.45                      3.99  -3.54     4.50
  SINCE JUN 1      0.45                      3.99  -3.54     4.50
  SINCE JAN 1     12.27                     15.98  -3.71    16.10

DEGREE DAYS
 HEATING
  YESTERDAY        0                         0      0        0
  MONTH TO DATE    0                         5     -5        0
  SINCE JUN 1      0                         5     -5        0
  SINCE JUL 1   3718                      4869  -1151     4660

 COOLING
  YESTERDAY       17                        15      2       13
  MONTH TO DATE  475                       311    164      421
  SINCE JUN 1    475                       311    164      421
  SINCE JAN 1    600                       439    161      511
..................................................................


WIND (MPH)
  HIGHEST WIND SPEED    12   HIGHEST WIND DIRECTION     W (270)
  HIGHEST GUST SPEED    16   HIGHEST GUST DIRECTION     W (270)
  AVERAGE WIND SPEED     4.4


SKY COVER
  POSSIBLE SUNSHINE  MM
  AVERAGE SKY COVER 0.1


WEATHER CONDITIONS
 THE FOLLOWING WEATHER WAS RECORDED YESTERDAY.
  NO SIGNIFICANT WEATHER WAS OBSERVED.


RELATIVE HUMIDITY (PERCENT)
 HIGHEST    90           200 AM
 LOWEST     36           200 PM
 AVERAGE    63

..........................................................


THE SALINA KS CLIMATE NORMALS FOR TODAY
                         NORMAL    RECORD    YEAR
 MAXIMUM TEMPERATURE (F)   92       112      1980
 MINIMUM TEMPERATURE (F)   68        54      1918


SUNRISE AND SUNSET
JUNE 30 2016..........SUNRISE   609 AM CDT   SUNSET   900 PM CDT
JULY  1 2016..........SUNRISE   610 AM CDT   SUNSET   859 PM CDT


-  INDICATES NEGATIVE NUMBERS.
R  INDICATES RECORD WAS SET OR TIED.
MM INDICATES DATA IS MISSING.
T  INDICATES TRACE AMOUNT.




$$
