000
CDUS43 KICT 090632
CLISLN


CLIMATE REPORT
NATIONAL WEATHER SERVICE WICHITA KS
131 AM CDT MON MAY 9 2016


...................................

...THE SALINA KS CLIMATE SUMMARY FOR MAY 8 2016...

CLIMATE NORMAL PERIOD 1981 TO 2010
CLIMATE RECORD PERIOD 1894 TO 2016


WEATHER ITEM   OBSERVED TIME   RECORD YEAR NORMAL DEPARTURE LAST
                VALUE   (LST)  VALUE       VALUE  FROM      YEAR
                                                  NORMAL
..................................................................
TEMPERATURE (F)
 YESTERDAY
  MAXIMUM         MM        MM  96    1895  74     MM       68
  MINIMUM         MM        MM  32    1917  51     MM       58
  AVERAGE         MM                        63     MM       63

PRECIPITATION (IN)
  YESTERDAY        0.00          1.18 1986   0.13  -0.13     0.00
  MONTH TO DATE    0.00                      1.03  -1.03     2.39
  SINCE MAR 1      5.07                      6.47  -1.40     4.27
  SINCE JAN 1      6.31                      8.27  -1.96     5.71

DEGREE DAYS
 HEATING
  YESTERDAY       MM                         4     MM        2
  MONTH TO DATE   38                        42     -4        4
  SINCE MAR 1    670                       969   -299      736
  SINCE JUL 1   3656                      4810  -1154     4565

 COOLING
  YESTERDAY       MM                         2     MM        0
  MONTH TO DATE    6                        13     -7       39
  SINCE MAR 1     40                        38      2       51
  SINCE JAN 1     40                        38      2       51
..................................................................


WIND (MPH)
  HIGHEST WIND SPEED    30   HIGHEST WIND DIRECTION    SE (150)
  HIGHEST GUST SPEED    41   HIGHEST GUST DIRECTION    SE (140)
  AVERAGE WIND SPEED    14.1


SKY COVER
  POSSIBLE SUNSHINE  MM
  AVERAGE SKY COVER 0.4


WEATHER CONDITIONS
 THE FOLLOWING WEATHER WAS RECORDED YESTERDAY.
  THUNDERSTORM


RELATIVE HUMIDITY (PERCENT)
 HIGHEST    93          1000 PM
 LOWEST     59           100 AM
 AVERAGE    76

..........................................................


THE SALINA KS CLIMATE NORMALS FOR TODAY
                         NORMAL    RECORD    YEAR
 MAXIMUM TEMPERATURE (F)   74       101      2011
 MINIMUM TEMPERATURE (F)   52        28      1923


SUNRISE AND SUNSET
MAY  9 2016...........SUNRISE   624 AM CDT   SUNSET   831 PM CDT
MAY 10 2016...........SUNRISE   623 AM CDT   SUNSET   832 PM CDT


-  INDICATES NEGATIVE NUMBERS.
R  INDICATES RECORD WAS SET OR TIED.
MM INDICATES DATA IS MISSING.
T  INDICATES TRACE AMOUNT.




$$
