000
CDUS43 KICT 050633
CLISLN


CLIMATE REPORT
NATIONAL WEATHER SERVICE WICHITA KS
132 AM CDT TUE APR 5 2016


...................................

...THE SALINA KS CLIMATE SUMMARY FOR APRIL 4 2016...

CLIMATE NORMAL PERIOD 1981 TO 2010
CLIMATE RECORD PERIOD 1894 TO 2016


WEATHER ITEM   OBSERVED TIME   RECORD YEAR NORMAL DEPARTURE LAST
                VALUE   (LST)  VALUE       VALUE  FROM      YEAR
                                                  NORMAL
..................................................................
TEMPERATURE (F)
 YESTERDAY
  MAXIMUM         73    314 PM  91    1943  64      9       66
  MINIMUM         44    621 AM  19    1920  39      5       26
  AVERAGE         59                        51      8       46

PRECIPITATION (IN)
  YESTERDAY        0.00          1.33 2012   0.09  -0.09     0.00
  MONTH TO DATE    0.00                      0.36  -0.36     0.23
  SINCE MAR 1      0.70                      2.75  -2.05     0.28
  SINCE JAN 1      1.94                      4.55  -2.61     1.72

DEGREE DAYS
 HEATING
  YESTERDAY        6                        14     -8       19
  MONTH TO DATE   46                        57    -11       43
  SINCE MAR 1    464                       666   -202      558
  SINCE JUL 1   3450                      4507  -1057     4387

 COOLING
  YESTERDAY        0                         0      0        0
  MONTH TO DATE    0                         0      0        5
  SINCE MAR 1      6                         2      4        6
  SINCE JAN 1      6                         2      4        6
..................................................................


WIND (MPH)
  HIGHEST WIND SPEED    15   HIGHEST WIND DIRECTION    NE (30)
  HIGHEST GUST SPEED    20   HIGHEST GUST DIRECTION     N (20)
  AVERAGE WIND SPEED     8.5


SKY COVER
  POSSIBLE SUNSHINE  MM
  AVERAGE SKY COVER 0.2


WEATHER CONDITIONS
 THE FOLLOWING WEATHER WAS RECORDED YESTERDAY.
  HAZE


RELATIVE HUMIDITY (PERCENT)
 HIGHEST    70           600 AM
 LOWEST     25           200 PM
 AVERAGE    48

..........................................................


THE SALINA KS CLIMATE NORMALS FOR TODAY
                         NORMAL    RECORD    YEAR
 MAXIMUM TEMPERATURE (F)   64        92      2000
 MINIMUM TEMPERATURE (F)   40         6      1920


SUNRISE AND SUNSET
APRIL  5 2016.........SUNRISE   708 AM CDT   SUNSET   759 PM CDT
APRIL  6 2016.........SUNRISE   707 AM CDT   SUNSET   759 PM CDT


-  INDICATES NEGATIVE NUMBERS.
R  INDICATES RECORD WAS SET OR TIED.
MM INDICATES DATA IS MISSING.
T  INDICATES TRACE AMOUNT.




$$
