000
CDUS43 KICT 310628
CLISLN


CLIMATE REPORT
NATIONAL WEATHER SERVICE WICHITA KS
128 AM CDT SUN AUG 31 2014


...................................

...THE SALINA KS CLIMATE SUMMARY FOR AUGUST 30 2014...

CLIMATE NORMAL PERIOD 1981 TO 2010
CLIMATE RECORD PERIOD 1894 TO 2014


WEATHER ITEM   OBSERVED TIME   RECORD YEAR NORMAL DEPARTURE LAST
                VALUE   (LST)  VALUE       VALUE  FROM      YEAR
                                                  NORMAL
..................................................................
TEMPERATURE (F)
 YESTERDAY
  MAXIMUM         95    339 PM 106    1939  89      6      103
  MINIMUM         63    320 AM  42    1915  65     -2       70
  AVERAGE         79                        77      2       87

PRECIPITATION (IN)
  YESTERDAY        0.00          1.38 1981   0.12  -0.12     0.00
  MONTH TO DATE    2.44                      3.83  -1.39     5.00
  SINCE JUN 1     11.36                     12.23  -0.87    13.00
  SINCE JAN 1     18.75                     24.22  -5.47    26.24

DEGREE DAYS
 HEATING
  YESTERDAY        0                         0      0        0
  MONTH TO DATE    0                         0      0        0
  SINCE JUN 1      1                         7     -6       10
  SINCE JUL 1      0                         0      0        3

 COOLING
  YESTERDAY       14                        12      2       22
  MONTH TO DATE  508                       442     66      402
  SINCE JUN 1   1308                      1268     40     1232
  SINCE JAN 1   1540                      1396    144     1373
..................................................................


WIND (MPH)
  HIGHEST WIND SPEED    14   HIGHEST WIND DIRECTION     S (200)
  HIGHEST GUST SPEED    17   HIGHEST GUST DIRECTION    SW (210)
  AVERAGE WIND SPEED     4.8


SKY COVER
  POSSIBLE SUNSHINE  MM
  AVERAGE SKY COVER 0.0


WEATHER CONDITIONS
 THE FOLLOWING WEATHER WAS RECORDED YESTERDAY.
  NO SIGNIFICANT WEATHER WAS OBSERVED.


RELATIVE HUMIDITY (PERCENT)
 HIGHEST    87           100 AM
 LOWEST     28           300 PM
 AVERAGE    58

..........................................................


THE SALINA KS CLIMATE NORMALS FOR TODAY
                         NORMAL    RECORD    YEAR
 MAXIMUM TEMPERATURE (F)   88       108      1922
 MINIMUM TEMPERATURE (F)   65        43      1915


SUNRISE AND SUNSET
AUGUST 31 2014........SUNRISE   659 AM CDT   SUNSET   802 PM CDT
SEPTEMBER  1 2014.....SUNRISE   700 AM CDT   SUNSET   801 PM CDT


-  INDICATES NEGATIVE NUMBERS.
R  INDICATES RECORD WAS SET OR TIED.
MM INDICATES DATA IS MISSING.
T  INDICATES TRACE AMOUNT.




$$
