000
CDUS43 KICT 060625
CLISLN


CLIMATE REPORT
NATIONAL WEATHER SERVICE WICHITA KS
1224 AM CST THU NOV 6 2014


...................................

...THE SALINA KS CLIMATE SUMMARY FOR NOVEMBER 5 2014...

CLIMATE NORMAL PERIOD 1981 TO 2010
CLIMATE RECORD PERIOD 1894 TO 2014


WEATHER ITEM   OBSERVED TIME   RECORD YEAR NORMAL DEPARTURE LAST
                VALUE   (LST)  VALUE       VALUE  FROM      YEAR
                                                  NORMAL
..................................................................
TEMPERATURE (F)
 YESTERDAY
  MAXIMUM         73    346 PM  84    1924  61     12       61
  MINIMUM         31    713 AM  15    1982  38     -7       39
  AVERAGE         52                        49      3       50

PRECIPITATION (IN)
  YESTERDAY        0.00          0.74 1978   0.05  -0.05     0.35
  MONTH TO DATE    T                         0.25  -0.25     0.35
  SINCE SEP 1      5.70                      5.22   0.48     3.17
  SINCE JAN 1     26.98                     29.56  -2.58    29.41

DEGREE DAYS
 HEATING
  YESTERDAY       13                        16     -3       15
  MONTH TO DATE   65                        74     -9       61
  SINCE SEP 1    299                       391    -92      363
  SINCE JUL 1    299                       392    -93      366

 COOLING
  YESTERDAY        0                         0      0        0
  MONTH TO DATE    0                         0      0        0
  SINCE SEP 1    243                       239      4      356
  SINCE JAN 1   1801                      1646    155     1750
..................................................................


WIND (MPH)
  HIGHEST WIND SPEED    21   HIGHEST WIND DIRECTION    SW (240)
  HIGHEST GUST SPEED    26   HIGHEST GUST DIRECTION    SW (240)
  AVERAGE WIND SPEED     9.4


SKY COVER
  POSSIBLE SUNSHINE  MM
  AVERAGE SKY COVER 0.0


WEATHER CONDITIONS
 THE FOLLOWING WEATHER WAS RECORDED YESTERDAY.
  NO SIGNIFICANT WEATHER WAS OBSERVED.


RELATIVE HUMIDITY (PERCENT)
 HIGHEST    89           400 AM
 LOWEST     20           300 PM
 AVERAGE    55

..........................................................


THE SALINA KS CLIMATE NORMALS FOR TODAY
                         NORMAL    RECORD    YEAR
 MAXIMUM TEMPERATURE (F)   60        86      1980
 MINIMUM TEMPERATURE (F)   38        15      1959


SUNRISE AND SUNSET
NOVEMBER  6 2014......SUNRISE   703 AM CST   SUNSET   525 PM CST
NOVEMBER  7 2014......SUNRISE   704 AM CST   SUNSET   524 PM CST


-  INDICATES NEGATIVE NUMBERS.
R  INDICATES RECORD WAS SET OR TIED.
MM INDICATES DATA IS MISSING.
T  INDICATES TRACE AMOUNT.




$$
