000
CDUS43 KICT 290627
CLISLN

CLIMATE REPORT
NATIONAL WEATHER SERVICE WICHITA KS
126 AM CDT SUN MAY 29 2016


...................................

...THE SALINA KS CLIMATE SUMMARY FOR MAY 28 2016...

CLIMATE NORMAL PERIOD 1981 TO 2010
CLIMATE RECORD PERIOD 1894 TO 2016


WEATHER ITEM   OBSERVED TIME   RECORD YEAR NORMAL DEPARTURE LAST
                VALUE   (LST)  VALUE       VALUE  FROM      YEAR
                                                  NORMAL
..................................................................
TEMPERATURE (F)
 YESTERDAY
  MAXIMUM         80    511 PM  99    1928  80      0       78
  MINIMUM         59    626 AM  40    1992  58      1       63
  AVERAGE         70                        69      1       71

PRECIPITATION (IN)
  YESTERDAY        0.19          5.25 1903   0.18   0.01     0.62
  MONTH TO DATE    4.56                      4.23   0.33     8.26
  SINCE MAR 1      9.63                      9.67  -0.04    10.14
  SINCE JAN 1     10.87                     11.47  -0.60    11.58

DEGREE DAYS
 HEATING
  YESTERDAY        0                         1     -1        0
  MONTH TO DATE  100                        93      7       92
  SINCE MAR 1    732                      1020   -288      824
  SINCE JUL 1   3718                      4861  -1143     4653

 COOLING
  YESTERDAY        5                         5      0        6
  MONTH TO DATE   72                        85    -13       73
  SINCE MAR 1    106                       110     -4       85
  SINCE JAN 1    106                       110     -4       85
..................................................................


WIND (MPH)
  HIGHEST WIND SPEED    16   HIGHEST WIND DIRECTION     W (270)
  HIGHEST GUST SPEED    20   HIGHEST GUST DIRECTION     W (270)
  AVERAGE WIND SPEED     7.0


SKY COVER
  POSSIBLE SUNSHINE  MM
  AVERAGE SKY COVER 0.2


WEATHER CONDITIONS
 THE FOLLOWING WEATHER WAS RECORDED YESTERDAY.
  RAIN
  LIGHT RAIN
  FOG


RELATIVE HUMIDITY (PERCENT)
 HIGHEST    93           600 AM
 LOWEST     45           300 PM
 AVERAGE    69

..........................................................


THE SALINA KS CLIMATE NORMALS FOR TODAY
                         NORMAL    RECORD    YEAR
 MAXIMUM TEMPERATURE (F)   81       104      1913
 MINIMUM TEMPERATURE (F)   59        33      1947


SUNRISE AND SUNSET
MAY 29 2016...........SUNRISE   608 AM CDT   SUNSET   848 PM CDT
MAY 30 2016...........SUNRISE   608 AM CDT   SUNSET   849 PM CDT


-  INDICATES NEGATIVE NUMBERS.
R  INDICATES RECORD WAS SET OR TIED.
MM INDICATES DATA IS MISSING.
T  INDICATES TRACE AMOUNT.




$$
